{"id":11326,"date":"2017-12-30T20:17:47","date_gmt":"2017-12-30T19:17:47","guid":{"rendered":"http:\/\/klubmamgdynia.pl\/index.php\/produkt\/na-ktorym-do-tej-pory-stal\/"},"modified":"2026-04-14T18:09:07","modified_gmt":"2026-04-14T16:09:07","slug":"na-ktorym-do-tej-pory-stal","status":"publish","type":"product","link":"http:\/\/klubmamgdynia.pl\/index.php\/produkt\/na-ktorym-do-tej-pory-stal\/","title":{"rendered":"na kt\u00f3rym do tej pory sta\u0142"},"content":{"rendered":"<p>zmieniaj\u0105c \u015bcie\u017ck\u0119 gry.\u00a0<\/p>\n<h2>na kt\u00f3rym do tej pory sta\u0142 <\/h2>\n<p>hello kitty kolorowanka, tajemniczy ogr\u00f3d test z lektury, miko\u0142ajki 2021 warszawa, imiona dla ch\u0142opc\u00f3w, kolorowanki konie, u\u015bmiech dziecka wiersz, mia\u0142a baba koguta tekst, kolorowanka do druku super zings, maska do druku, krzy\u017c\u00f3wki dla dzieci do druku, rado\u015b\u0107 dziecka cytaty, asiunia test, julian znaczenie imienia, w\u0119gierska g\u00f3rka, test z lektury kajko i kokosz szko\u0142a latania, jasmin imie, zagadki halloween dla dzieci<\/p>\n<p>yyyyy<\/p>\n<p>&nbsp;<\/p>\n","protected":false},"excerpt":{"rendered":"<p>zmieniaj\u0105c \u015bcie\u017ck\u0119 gry.\u00a0 na kt\u00f3rym do tej pory sta\u0142 hello kitty kolorowanka, tajemniczy ogr\u00f3d test z lektury, miko\u0142ajki 2021 warszawa, imiona dla ch\u0142opc\u00f3w, kolorowanki konie, u\u015bmiech dziecka wiersz, mia\u0142a baba koguta tekst, kolorowanka do druku super zings, maska do druku, krzy\u017c\u00f3wki dla dzieci do druku, rado\u015b\u0107 dziecka cytaty, asiunia test, julian znaczenie imienia, w\u0119gierska g\u00f3rka, [&hellip;]<\/p>\n","protected":false},"featured_media":0,"comment_status":"closed","ping_status":"open","template":"","meta":[],"product_cat":[],"product_tag":[781,785,651,757],"class_list":["post-11326","product","type-product","status-publish","hentry","product_tag-cytaty-o-wychowaniu-dzieci","product_tag-prezent-dla-nastolatkow","product_tag-quizy-online","product_tag-test-z-lektury-ania-z-zielonego-wzgorza-klasa-6-z-odpowiedziami"],"_links":{"self":[{"href":"http:\/\/klubmamgdynia.pl\/index.php\/wp-json\/wp\/v2\/product\/11326","targetHints":{"allow":["GET"]}}],"collection":[{"href":"http:\/\/klubmamgdynia.pl\/index.php\/wp-json\/wp\/v2\/product"}],"about":[{"href":"http:\/\/klubmamgdynia.pl\/index.php\/wp-json\/wp\/v2\/types\/product"}],"replies":[{"embeddable":true,"href":"http:\/\/klubmamgdynia.pl\/index.php\/wp-json\/wp\/v2\/comments?post=11326"}],"wp:attachment":[{"href":"http:\/\/klubmamgdynia.pl\/index.php\/wp-json\/wp\/v2\/media?parent=11326"}],"wp:term":[{"taxonomy":"product_cat","embeddable":true,"href":"http:\/\/klubmamgdynia.pl\/index.php\/wp-json\/wp\/v2\/product_cat?post=11326"},{"taxonomy":"product_tag","embeddable":true,"href":"http:\/\/klubmamgdynia.pl\/index.php\/wp-json\/wp\/v2\/product_tag?post=11326"}],"curies":[{"name":"wp","href":"https:\/\/api.w.org\/{rel}","templated":true}]}}