{"id":11331,"date":"2012-08-03T20:03:14","date_gmt":"2012-08-03T18:03:14","guid":{"rendered":"http:\/\/klubmamgdynia.pl\/index.php\/produkt\/11331\/"},"modified":"2026-05-17T22:27:36","modified_gmt":"2026-05-17T20:27:36","slug":"11331","status":"publish","type":"product","link":"http:\/\/klubmamgdynia.pl\/index.php\/produkt\/11331\/","title":{"rendered":""},"content":{"rendered":"<h2> <\/h2>\n<p>bajka o smoku, stare piosenki, przyjazn, lego ninjago kolorowanki, zagadki o psach, origami dla dzieci, rado\u015b\u0107 dziecka cytaty, cytat matka, wroc\u0142aw dla dzieci, molo w brze\u017anie, gdzie na ferie zimowe 2022, alina, 45 pa\u0144stw europy i ich stolice quiz, quiz o kosmosie dla dzieci, przyja\u017a\u0144 cytaty, sentencje ma\u0142y ksi\u0105\u017ce cytaty, ko\u0142ysanki dla dzieci + tekst, quiz o zwierz\u0119tach domowych, miasto dzieci<\/p>\n<p>yyyyy<\/p>\n<p>&nbsp;<\/p>\n","protected":false},"excerpt":{"rendered":"<p>bajka o smoku, stare piosenki, przyjazn, lego ninjago kolorowanki, zagadki o psach, origami dla dzieci, rado\u015b\u0107 dziecka cytaty, cytat matka, wroc\u0142aw dla dzieci, molo w brze\u017anie, gdzie na ferie zimowe 2022, alina, 45 pa\u0144stw europy i ich stolice quiz, quiz o kosmosie dla dzieci, przyja\u017a\u0144 cytaty, sentencje ma\u0142y ksi\u0105\u017ce cytaty, ko\u0142ysanki dla dzieci + tekst, [&hellip;]<\/p>\n","protected":false},"featured_media":0,"comment_status":"closed","ping_status":"open","template":"","meta":[],"product_cat":[],"product_tag":[609,803,636,710],"class_list":["post-11331","product","type-product","status-publish","hentry","product_tag-quiz-flagi-europy","product_tag-szlaczki-do-druku","product_tag-teksty-kolysanek","product_tag-zagadki-dla-dzieci-10-12-lat"],"_links":{"self":[{"href":"http:\/\/klubmamgdynia.pl\/index.php\/wp-json\/wp\/v2\/product\/11331","targetHints":{"allow":["GET"]}}],"collection":[{"href":"http:\/\/klubmamgdynia.pl\/index.php\/wp-json\/wp\/v2\/product"}],"about":[{"href":"http:\/\/klubmamgdynia.pl\/index.php\/wp-json\/wp\/v2\/types\/product"}],"replies":[{"embeddable":true,"href":"http:\/\/klubmamgdynia.pl\/index.php\/wp-json\/wp\/v2\/comments?post=11331"}],"wp:attachment":[{"href":"http:\/\/klubmamgdynia.pl\/index.php\/wp-json\/wp\/v2\/media?parent=11331"}],"wp:term":[{"taxonomy":"product_cat","embeddable":true,"href":"http:\/\/klubmamgdynia.pl\/index.php\/wp-json\/wp\/v2\/product_cat?post=11331"},{"taxonomy":"product_tag","embeddable":true,"href":"http:\/\/klubmamgdynia.pl\/index.php\/wp-json\/wp\/v2\/product_tag?post=11331"}],"curies":[{"name":"wp","href":"https:\/\/api.w.org\/{rel}","templated":true}]}}