{"id":11336,"date":"2021-01-01T08:31:38","date_gmt":"2021-01-01T07:31:38","guid":{"rendered":"http:\/\/klubmamgdynia.pl\/index.php\/produkt\/11336\/"},"modified":"2026-04-04T06:28:07","modified_gmt":"2026-04-04T04:28:07","slug":"11336","status":"publish","type":"product","link":"http:\/\/klubmamgdynia.pl\/index.php\/produkt\/11336\/","title":{"rendered":""},"content":{"rendered":"<h2> <\/h2>\n<p>wzory dyplom\u00f3w dyplomy do druku, krzy\u017c\u00f3wki dla dzieci do druku, opisy do zdj\u0119\u0107 dziecka, szablon choinki do wydruku, bajki dla chlopcow, 45 pa\u0144stw europy i ich stolice quiz, zagadki o wielkanocy dla dzieci, znajd\u017a r\u00f3\u017cnice do druku<\/p>\n<p>yyyyy<\/p>\n<p>&nbsp;<\/p>\n","protected":false},"excerpt":{"rendered":"<p>wzory dyplom\u00f3w dyplomy do druku, krzy\u017c\u00f3wki dla dzieci do druku, opisy do zdj\u0119\u0107 dziecka, szablon choinki do wydruku, bajki dla chlopcow, 45 pa\u0144stw europy i ich stolice quiz, zagadki o wielkanocy dla dzieci, znajd\u017a r\u00f3\u017cnice do druku yyyyy &nbsp;<\/p>\n","protected":false},"featured_media":0,"comment_status":"closed","ping_status":"open","template":"","meta":[],"product_cat":[],"product_tag":[697,748,652,630,640,602],"class_list":["post-11336","product","type-product","status-publish","hentry","product_tag-krotkie-bajki-do-czytania","product_tag-okolice-wroclawia-atrakcje","product_tag-otto","product_tag-podchwytliwe-zagadki-z-odpowiedziami","product_tag-prezent-dla-rocznej-dziewczynki","product_tag-quiz-o-zwierzetach-domowych"],"_links":{"self":[{"href":"http:\/\/klubmamgdynia.pl\/index.php\/wp-json\/wp\/v2\/product\/11336","targetHints":{"allow":["GET"]}}],"collection":[{"href":"http:\/\/klubmamgdynia.pl\/index.php\/wp-json\/wp\/v2\/product"}],"about":[{"href":"http:\/\/klubmamgdynia.pl\/index.php\/wp-json\/wp\/v2\/types\/product"}],"replies":[{"embeddable":true,"href":"http:\/\/klubmamgdynia.pl\/index.php\/wp-json\/wp\/v2\/comments?post=11336"}],"wp:attachment":[{"href":"http:\/\/klubmamgdynia.pl\/index.php\/wp-json\/wp\/v2\/media?parent=11336"}],"wp:term":[{"taxonomy":"product_cat","embeddable":true,"href":"http:\/\/klubmamgdynia.pl\/index.php\/wp-json\/wp\/v2\/product_cat?post=11336"},{"taxonomy":"product_tag","embeddable":true,"href":"http:\/\/klubmamgdynia.pl\/index.php\/wp-json\/wp\/v2\/product_tag?post=11336"}],"curies":[{"name":"wp","href":"https:\/\/api.w.org\/{rel}","templated":true}]}}