{"id":11338,"date":"2024-06-06T04:40:47","date_gmt":"2024-06-06T02:40:47","guid":{"rendered":"http:\/\/klubmamgdynia.pl\/?post_type=product&#038;p=11338"},"modified":"2026-05-17T22:43:38","modified_gmt":"2026-05-17T20:43:38","slug":"11338","status":"publish","type":"product","link":"http:\/\/klubmamgdynia.pl\/index.php\/produkt\/11338\/","title":{"rendered":""},"content":{"rendered":"<h2> <\/h2>\n<p>pokemon do druku, wobies, krak\u00f3w atrakcje dla dzieci, prezent roczek dziewczynka, dzie\u0144 nauczyciela teksty, mama cytaty, zagatki matematyczne, dziecko cytaty z\u0142ote my\u015bli, test z opowie\u015bci z narnii, \u015bmieszne zagadki z odpowiedziami, prezent dla 7 latki, test z lektury miko\u0142ajek do druku, nadie\u017cda imi\u0119, gad\u017cety dla nastolatka, \u0142atwe ale podchwytliwe zagadki, papuga kolorowanka, zagadki na bal karnawa\u0142owy w przedszkolu, kolorowanka lol surprise, co na roczek dla ch\u0142opca, \u015bwi\u0105teczne filmy familijne<\/p>\n<p>yyyyy<\/p>\n<p>&nbsp;<\/p>\n","protected":false},"excerpt":{"rendered":"<p>pokemon do druku, wobies, krak\u00f3w atrakcje dla dzieci, prezent roczek dziewczynka, dzie\u0144 nauczyciela teksty, mama cytaty, zagatki matematyczne, dziecko cytaty z\u0142ote my\u015bli, test z opowie\u015bci z narnii, \u015bmieszne zagadki z odpowiedziami, prezent dla 7 latki, test z lektury miko\u0142ajek do druku, nadie\u017cda imi\u0119, gad\u017cety dla nastolatka, \u0142atwe ale podchwytliwe zagadki, papuga kolorowanka, zagadki na bal [&hellip;]<\/p>\n","protected":false},"featured_media":0,"comment_status":"closed","ping_status":"open","template":"","meta":[],"product_cat":[],"product_tag":[852,655,876],"class_list":["post-11338","product","type-product","status-publish","hentry","product_tag-jak-zrobic-samolot-z-papieru","product_tag-najlepsze-zagadki","product_tag-przyjazn"],"_links":{"self":[{"href":"http:\/\/klubmamgdynia.pl\/index.php\/wp-json\/wp\/v2\/product\/11338","targetHints":{"allow":["GET"]}}],"collection":[{"href":"http:\/\/klubmamgdynia.pl\/index.php\/wp-json\/wp\/v2\/product"}],"about":[{"href":"http:\/\/klubmamgdynia.pl\/index.php\/wp-json\/wp\/v2\/types\/product"}],"replies":[{"embeddable":true,"href":"http:\/\/klubmamgdynia.pl\/index.php\/wp-json\/wp\/v2\/comments?post=11338"}],"wp:attachment":[{"href":"http:\/\/klubmamgdynia.pl\/index.php\/wp-json\/wp\/v2\/media?parent=11338"}],"wp:term":[{"taxonomy":"product_cat","embeddable":true,"href":"http:\/\/klubmamgdynia.pl\/index.php\/wp-json\/wp\/v2\/product_cat?post=11338"},{"taxonomy":"product_tag","embeddable":true,"href":"http:\/\/klubmamgdynia.pl\/index.php\/wp-json\/wp\/v2\/product_tag?post=11338"}],"curies":[{"name":"wp","href":"https:\/\/api.w.org\/{rel}","templated":true}]}}