{"id":11344,"date":"2012-11-26T02:24:41","date_gmt":"2012-11-26T01:24:41","guid":{"rendered":"http:\/\/klubmamgdynia.pl\/index.php\/produkt\/11344\/"},"modified":"2026-04-30T03:46:49","modified_gmt":"2026-04-30T01:46:49","slug":"11344","status":"publish","type":"product","link":"http:\/\/klubmamgdynia.pl\/index.php\/produkt\/11344\/","title":{"rendered":""},"content":{"rendered":"<h2> <\/h2>\n<p>pomys\u0142 na prezent na roczek, mariola, zagadki logiczne, filmy animowane o \u015bwi\u0119tach, opisy rodzina, gry planszowe dla m\u0142odzie\u017cy, kolorowanki lol, jeremi imi\u0119, kolorowanki dla dzieci do druku, kolorowanki dla dzieci do druku, zagadki o wielkanocy, zabawki na roczek dla ch\u0142opca, uk\u0142ad s\u0142oneczny dla dzieci do druku, cytaty z ma\u0142ego ksi\u0119cia, quiz o bo\u017cym narodzeniu<\/p>\n<p>yyyyy<\/p>\n<p>&nbsp;<\/p>\n","protected":false},"excerpt":{"rendered":"<p>pomys\u0142 na prezent na roczek, mariola, zagadki logiczne, filmy animowane o \u015bwi\u0119tach, opisy rodzina, gry planszowe dla m\u0142odzie\u017cy, kolorowanki lol, jeremi imi\u0119, kolorowanki dla dzieci do druku, kolorowanki dla dzieci do druku, zagadki o wielkanocy, zabawki na roczek dla ch\u0142opca, uk\u0142ad s\u0142oneczny dla dzieci do druku, cytaty z ma\u0142ego ksi\u0119cia, quiz o bo\u017cym narodzeniu yyyyy [&hellip;]<\/p>\n","protected":false},"featured_media":0,"comment_status":"closed","ping_status":"open","template":"","meta":[],"product_cat":[],"product_tag":[838,582,629,811],"class_list":["post-11344","product","type-product","status-publish","hentry","product_tag-bajki-dla-dzieci-na-dobranoc","product_tag-nauka-pisania-literek-do-wydruku-pdf","product_tag-smieszne-zagadki-z-odpowiedziami","product_tag-zagadki-logiczne-dla-dzieci"],"_links":{"self":[{"href":"http:\/\/klubmamgdynia.pl\/index.php\/wp-json\/wp\/v2\/product\/11344","targetHints":{"allow":["GET"]}}],"collection":[{"href":"http:\/\/klubmamgdynia.pl\/index.php\/wp-json\/wp\/v2\/product"}],"about":[{"href":"http:\/\/klubmamgdynia.pl\/index.php\/wp-json\/wp\/v2\/types\/product"}],"replies":[{"embeddable":true,"href":"http:\/\/klubmamgdynia.pl\/index.php\/wp-json\/wp\/v2\/comments?post=11344"}],"wp:attachment":[{"href":"http:\/\/klubmamgdynia.pl\/index.php\/wp-json\/wp\/v2\/media?parent=11344"}],"wp:term":[{"taxonomy":"product_cat","embeddable":true,"href":"http:\/\/klubmamgdynia.pl\/index.php\/wp-json\/wp\/v2\/product_cat?post=11344"},{"taxonomy":"product_tag","embeddable":true,"href":"http:\/\/klubmamgdynia.pl\/index.php\/wp-json\/wp\/v2\/product_tag?post=11344"}],"curies":[{"name":"wp","href":"https:\/\/api.w.org\/{rel}","templated":true}]}}