{"id":11348,"date":"2016-05-27T07:05:16","date_gmt":"2016-05-27T05:05:16","guid":{"rendered":"http:\/\/klubmamgdynia.pl\/index.php\/produkt\/8m-50296\/"},"modified":"2026-04-06T16:27:08","modified_gmt":"2026-04-06T14:27:08","slug":"8m-50296","status":"publish","type":"product","link":"http:\/\/klubmamgdynia.pl\/index.php\/produkt\/8m-50296\/","title":{"rendered":"8M 50296&#8243;"},"content":{"rendered":"<p>Jedna listwa, wiele mo\u017cliwo\u015bciSzukasz sposobu by pod\u0142\u0105czy\u0107 kilka urz\u0105dze\u0144 do jednego \u017ar\u00f3d\u0142a pr\u0105du, co pozwoli na uporz\u0105dkowanie kabli np. pod biurkiem, za telewizorem lub w kuchni? A mo\u017ce organizujesz miejsce pracy dla siebie i swoich pracownik\u00f3w, np. w biurze lub w warsztacie? Najlepszym rozwi\u0105zaniem jest listwa zasilaj\u0105ca, dost\u0119pna w paru wariantach, co pozwoli Ci na wyb\u00f3r tej najlepiej spe\u0142niaj\u0105cej Twoje oczekiwania.Quick Switch i dzia\u0142asz sprawnieW\u015br\u00f3d naszych produkt\u00f3w znajdziesz listwy o r\u00f3\u017cnej ilo\u015bci gniazdek i d\u0142ugo\u015bci kabla, a to gwarantuje wybranie tej w\u0142a\u015bciwej. Praktycznym elementem jest wbudowany pod\u015bwietlany w\u0142\u0105cznik Quick Switch, kt\u00f3ry doskonale sprawdza si\u0119 jako prze\u0142\u0105cznik no\u017cny &#8211; gdy \u015bwieci, mo\u017cesz by\u0107 pewny, \u017ce Twoje urz\u0105dzenia otrzymaj\u0105 swoj\u0105 dawk\u0119 energii.Elegancki design z my\u015bl\u0105 o Twoim komforcieListwa b\u0119dzie idealnie pasowa\u0142a do wn\u0119trz, w\u015br\u00f3d kt\u00f3rych j\u0105 umie\u015bcisz. Jest to mo\u017cliwe m.in. dzi\u0119ki klasycznej szaro\u015bci obudowy. Zaprojektowali\u015bmy j\u0105 w oparciu o najnowsze trendy, \u0142\u0105cz\u0105c elegancj\u0119 z prostot\u0105 u\u017cytkowania. Spraw, aby najprostsze przedmioty codziennego u\u017cytku skomponowa\u0142y si\u0119 ze sob\u0105 tworz\u0105c harmoni\u0119.Bezpiecze\u0144stwo Twoje i Twoich bliskich jest dla nas wa\u017cneChc\u0105c zapewni\u0107 ochron\u0119 Tobie i innym u\u017cytkownikom urz\u0105dze\u0144 pod\u0142\u0105czonych do listwy wyposa\u017cyli\u015bmy j\u0105 w nast\u0119puj\u0105ce zabezpieczenia:- przes\u0142ona ochronna we wszystkich gniazdach stanowi\u0105ca zabezpieczenie przed dzie\u0107mi,- wykonanie z niepalnego materia\u0142u PP,- ubezpieczenie OC. Uzyskaj dodatkow\u0105 przestrze\u0144Wiemy, \u017ce coraz wi\u0119cej urz\u0105dze\u0144 wykorzystuje standard SMART i doskonale zdajemy sobie spraw\u0119 z ilo\u015bci potrzebnych kabli i \u0142adowarek w domu lub biurze. Opr\u00f3cz standardowego sprz\u0119tu domowego lub biurowego, pod\u0142\u0105czamy do zasilania np. s\u0142uchawki bluetooth, kt\u00f3re zyska\u0142y ogromn\u0105 popularno\u015b\u0107. Prezentowany model listwy Qoltec pozwoli Ci na zorganizowanie przestrzeni tak, aby ogrom kabli nie zaburzy\u0142 Twojego poczucia estetyki. Listwa posiada uchwyty, dzi\u0119ki kt\u00f3rym w prosty spos\u00f3b umie\u015bcisz j\u0105 w konfiguracji pionowej (np. na \u015bcianie) lub poziomej (np. pod biurkiem) tym samym schowasz nadmiar kabli oraz lepiej zorganizujesz swoj\u0105 przestrze\u0144.<\/p>\n<h2>8M 50296&#8243; Qoltec<\/h2>\n<p>zagadki na dzie\u0144 przedszkolaka, \u0142amig\u0142\u00f3wki dla dzieci do wydruku, kolorowanki na andrzejki do wydruku, test wiedzy z lektury przygody tomka sawyera z odpowiedziami, peppa kolorowanka, kolorowanka piesek, zagadki o bo\u017cym narodzeniu, cytat o rodzinie, co na roczek dla dziewczynki, peppa kolorowanka do druku, kolorowanki star wars<\/p>\n<p>yyyyy<\/p>\n<p>&nbsp;<\/p>\n","protected":false},"excerpt":{"rendered":"<p>Jedna listwa, wiele mo\u017cliwo\u015bciSzukasz sposobu by pod\u0142\u0105czy\u0107 kilka urz\u0105dze\u0144 do jednego \u017ar\u00f3d\u0142a pr\u0105du, co pozwoli na uporz\u0105dkowanie kabli np. pod biurkiem, za telewizorem lub w kuchni? A mo\u017ce organizujesz miejsce pracy dla siebie i swoich pracownik\u00f3w, np. w biurze lub w warsztacie? Najlepszym rozwi\u0105zaniem jest listwa zasilaj\u0105ca, dost\u0119pna w paru wariantach, co pozwoli Ci na [&hellip;]<\/p>\n","protected":false},"featured_media":11349,"comment_status":"closed","ping_status":"open","template":"","meta":[],"product_cat":[1350,1998],"product_tag":[686,646,629],"class_list":["post-11348","product","type-product","status-publish","has-post-thumbnail","hentry","product_cat-listwy-zasilajace","product_cat-qoltec","product_tag-co-na-roczek-dla-chlopca","product_tag-prezent-na-pierwsze-urodziny","product_tag-smieszne-zagadki-z-odpowiedziami"],"_links":{"self":[{"href":"http:\/\/klubmamgdynia.pl\/index.php\/wp-json\/wp\/v2\/product\/11348","targetHints":{"allow":["GET"]}}],"collection":[{"href":"http:\/\/klubmamgdynia.pl\/index.php\/wp-json\/wp\/v2\/product"}],"about":[{"href":"http:\/\/klubmamgdynia.pl\/index.php\/wp-json\/wp\/v2\/types\/product"}],"replies":[{"embeddable":true,"href":"http:\/\/klubmamgdynia.pl\/index.php\/wp-json\/wp\/v2\/comments?post=11348"}],"wp:featuredmedia":[{"embeddable":true,"href":"http:\/\/klubmamgdynia.pl\/index.php\/wp-json\/wp\/v2\/media\/11349"}],"wp:attachment":[{"href":"http:\/\/klubmamgdynia.pl\/index.php\/wp-json\/wp\/v2\/media?parent=11348"}],"wp:term":[{"taxonomy":"product_cat","embeddable":true,"href":"http:\/\/klubmamgdynia.pl\/index.php\/wp-json\/wp\/v2\/product_cat?post=11348"},{"taxonomy":"product_tag","embeddable":true,"href":"http:\/\/klubmamgdynia.pl\/index.php\/wp-json\/wp\/v2\/product_tag?post=11348"}],"curies":[{"name":"wp","href":"https:\/\/api.w.org\/{rel}","templated":true}]}}