{"id":11380,"date":"2012-01-23T05:59:31","date_gmt":"2012-01-23T04:59:31","guid":{"rendered":"http:\/\/klubmamgdynia.pl\/index.php\/produkt\/seagate-expansion-portable-1tb-czarny-stea1000400\/"},"modified":"2026-05-17T22:42:44","modified_gmt":"2026-05-17T20:42:44","slug":"seagate-expansion-portable-1tb-czarny-stea1000400","status":"publish","type":"product","link":"http:\/\/klubmamgdynia.pl\/index.php\/produkt\/seagate-expansion-portable-1tb-czarny-stea1000400\/","title":{"rendered":"Seagate Expansion Portable 1TB Czarny (STEA1000400)"},"content":{"rendered":"<p>Zewn\u0119trzne dyski twarde oraz dyski SSD ExpansionSeagate oferuje \u0142atwe w u\u017cyciu rozwi\u0105zania dla u\u017cytkownik\u00f3w, kt\u00f3rzy musz\u0105 niezw\u0142ocznie doda\u0107 pami\u0119\u0107 masow\u0105 do swojego komputera.                            <\/p>\n<p>\u00a0\u00a0                            <\/p>\n<p>\u00a0\u00a0                            <\/p>\n<p>\u00a0\u00a0                            <\/p>\n<p>Przeno\u015bny dysk twardy Expansion 1 TBSTEA1000400Przeno\u015bny dysk Seagate Expansion jest niewielki i doskona\u0142y do\u00a0przenoszenia. B\u0142yskawicznie zwi\u0119ksza pojemno\u015b\u0107 pami\u0119ci masowej\u00a0komputera i pozwala zabra\u0107 ze sob\u0105 r\u00f3wnie\u017c pliki o du\u017cej obj\u0119to\u015bci.Instalacja jest niezwykle prosta \u2013 aby rozpocz\u0105\u0107 prac\u0119, wystarczy\u00a0pod\u0142\u0105czy\u0107 pojedynczy kabel USB. Dysk jest zasilany przez kabel USB,\u00a0wi\u0119c zewn\u0119trzne \u017ar\u00f3d\u0142o zasilania jest zb\u0119dne. Ponadto dysk jest\u00a0automatycznie rozpoznawany przez system operacyjny Windows,\u00a0dlatego nie ma konieczno\u015bci instalowania dodatkowego oprogramowania\u00a0ani przeprowadzania konfiguracji. Zapisywanie plik\u00f3w jest proste &#8211;\u00a0wystarczy przeci\u0105gn\u0105\u0107 i upu\u015bci\u0107.Wykorzystaj zalety du\u017cej pr\u0119dko\u015bci transferu danych dzi\u0119ki interfejsowi USB 3.0, pod\u0142\u0105czaj\u0105c si\u0119 do portu USB 3.0.Dodatkowo, pami\u0119\u0107 masowa Seagate Expansion obejmuje us\u0142ugi\u00a0odzyskiwania danych Rescue, zapewniaj\u0105ce dodatkowy spok\u00f3j.                            <\/p>\n<p>Kluczowe specyfikacje                            <\/p>\n<p>Informacje O ProdukciePojemno\u015b\u01071 TBDimensions: L x W x D4.61 cale\/117.0 mm x 3.15 cale\/80.0 mm x 0.58in\/14.8mmWaga170 g\/.37 funty                            <\/p>\n<p>Wymagania SystemoweWindows\u00ae 10 lub nowsza wersja, Mac OS\u00ae X 10.12 lub nowsza wersja (kompatybilno\u015b\u0107 mo\u017ce by\u0107 r\u00f3\u017cna w zale\u017cno\u015bci od konfiguracji sprz\u0119tu i systemu operacyjnego u\u017cytkownika).Port USB 3.0 (wymagany do szybko\u015bci transferu USB 3.0)                            <\/p>\n<p>Zawarto\u015b\u0107 ZestawuPrzeno\u015bny dysk twardy Seagate\u00ae ExpansionKabel USB 3.0Instrukcja szybkiej instalacjiRescue Data Recovery Services (us\u0142ugi odzyskiwania danych)                            <\/p>\n<p>Poczytaj wi\u0119cej o Dyskach Seagate Expansion______________________________________________________________                            <\/p>\n<p>Trzy rozmiary pozwalaj\u0105 dopasowa\u0107 rozwi\u0105zanie do Twoich potrzeb.                            <\/p>\n<p>Om\u00f3wienie                            <\/p>\n<p>Dyski Seagate Expansion SSD, przeno\u015bne i do komputer\u00f3w stacjonarnych, dostarczaj\u0105 dodatkow\u0105 pami\u0119\u0107 masow\u0105 w trybie natychmiastowym.Celem dysk\u00f3w Seagate Expansion jest dostarczenie szybszego i prostszego narz\u0119dzia do przechowywania plik\u00f3w, zwalniaj\u0105c jednocze\u015bnie wi\u0119cej miejsce na Twoje urz\u0105dzenia. Dyski te nie tylko pozwalaj\u0105 doda\u0107 natychmiast pami\u0119\u0107 masow\u0105, lecz tak\u017ce zapobiegaj\u0105 obni\u017ceniu wydajno\u015bci komputera.Gotowe do u\u017cycia w ci\u0105gu kilku sekundSzeroki zakres pojemno\u015bciW zestawie kabel USB 3.0                            <\/p>\n<p>\u0141atwo\u015b\u0107 u\u017cycia i mo\u017cliwo\u015b\u0107 natychmiastowego dodania pami\u0119ci masowejProdukty z serii Expansion charakteryzuje \u0142atwo\u015b\u0107 obs\u0142ugi od razu po rozpakowaniu dysku dzi\u0119ki mo\u017cliwo\u015bci zapisywania plik\u00f3w przez przeci\u0105ganie i upuszczanie.                            <\/p>\n<p>Rescue Data Recovery Services (us\u0142ugi odzyskiwania danych)Zapewniamy Ci wsparcieKiedy zdarzy si\u0119 to, co nieprzewidziane \u2013 np. uszkodzenia spowodowane przez wod\u0119 lub katastrofy naturalne \u2013 us\u0142ugi Rescue pomog\u0105 Ci ochroni\u0107 swoje dane przed utrat\u0105 i kosztami ich odzyskania, zapewniaj\u0105c spok\u00f3j.<\/p>\n<p>Dlaczego warto wybra\u0107 dysk SSD Expansion?Ten dysk p\u00f3\u0142przewodnikowy jest na tyle ma\u0142y, aby zmie\u015bci\u0107 si\u0119 w torbie i dostarcza do 1 TB pojemno\u015bci, osi\u0105gaj\u0105c maksymaln\u0105 wydajno\u015b\u0107 400 MB\/s.                            <\/p>\n<p>Dlaczego warto wybra\u0107 przeno\u015bny dysk twardy Expansion?Ten kompaktowy dysk o pojemno\u015bci do 5 TB doskonale nadaje si\u0119 do zabrania ze sob\u0105 w drog\u0119 du\u017cych plik\u00f3w, w tym do 320 000 cyfrowych zdj\u0119\u0107.                            <\/p>\n<p>Dlaczego warto wybra\u0107 dysk Expansion do komputer\u00f3w stacjonarnych?Dysk ten jest \u0142atwy w instalacji, dostarcza do 16 TB pojemno\u015bci i wbudowan\u0105 technologi\u0119 zarz\u0105dzania energi\u0105, automatycznie gwarantuj\u0105c energooszcz\u0119dne dzia\u0142anie.<\/p>\n<h2>Seagate Expansion Portable 1TB Czarny (STEA1000400) Seagate<\/h2>\n<p>zagadki dla dzieci do druku, lukrecja imie, quiz online, cytat o dziecku<\/p>\n<p>yyyyy<\/p>\n<p>&nbsp;<\/p>\n","protected":false},"excerpt":{"rendered":"<p>Zewn\u0119trzne dyski twarde oraz dyski SSD ExpansionSeagate oferuje \u0142atwe w u\u017cyciu rozwi\u0105zania dla u\u017cytkownik\u00f3w, kt\u00f3rzy musz\u0105 niezw\u0142ocznie doda\u0107 pami\u0119\u0107 masow\u0105 do swojego komputera. \u00a0\u00a0 \u00a0\u00a0 \u00a0\u00a0 Przeno\u015bny dysk twardy Expansion 1 TBSTEA1000400Przeno\u015bny dysk Seagate Expansion jest niewielki i doskona\u0142y do\u00a0przenoszenia. B\u0142yskawicznie zwi\u0119ksza pojemno\u015b\u0107 pami\u0119ci masowej\u00a0komputera i pozwala zabra\u0107 ze sob\u0105 r\u00f3wnie\u017c pliki o du\u017cej obj\u0119to\u015bci.Instalacja [&hellip;]<\/p>\n","protected":false},"featured_media":11381,"comment_status":"closed","ping_status":"open","template":"","meta":[],"product_cat":[2007,240],"product_tag":[772,761,648,583,835],"class_list":["post-11380","product","type-product","status-publish","has-post-thumbnail","hentry","product_cat-dyski-zewnetrzne","product_cat-seagate","product_tag-45-panstw-europy-i-ich-stolice-quiz","product_tag-choinko-piekna-jak-las-tekst","product_tag-dobrej-nocy-i-sza","product_tag-kolysanki-dla-dzieci-tekst","product_tag-radosc-dziecka-cytaty"],"_links":{"self":[{"href":"http:\/\/klubmamgdynia.pl\/index.php\/wp-json\/wp\/v2\/product\/11380","targetHints":{"allow":["GET"]}}],"collection":[{"href":"http:\/\/klubmamgdynia.pl\/index.php\/wp-json\/wp\/v2\/product"}],"about":[{"href":"http:\/\/klubmamgdynia.pl\/index.php\/wp-json\/wp\/v2\/types\/product"}],"replies":[{"embeddable":true,"href":"http:\/\/klubmamgdynia.pl\/index.php\/wp-json\/wp\/v2\/comments?post=11380"}],"wp:featuredmedia":[{"embeddable":true,"href":"http:\/\/klubmamgdynia.pl\/index.php\/wp-json\/wp\/v2\/media\/11381"}],"wp:attachment":[{"href":"http:\/\/klubmamgdynia.pl\/index.php\/wp-json\/wp\/v2\/media?parent=11380"}],"wp:term":[{"taxonomy":"product_cat","embeddable":true,"href":"http:\/\/klubmamgdynia.pl\/index.php\/wp-json\/wp\/v2\/product_cat?post=11380"},{"taxonomy":"product_tag","embeddable":true,"href":"http:\/\/klubmamgdynia.pl\/index.php\/wp-json\/wp\/v2\/product_tag?post=11380"}],"curies":[{"name":"wp","href":"https:\/\/api.w.org\/{rel}","templated":true}]}}