{"id":11398,"date":"2012-09-30T00:42:10","date_gmt":"2012-09-29T22:42:10","guid":{"rendered":"http:\/\/klubmamgdynia.pl\/index.php\/produkt\/spin-master-psi-patrol-marshall-woz-strazacki\/"},"modified":"2026-05-17T22:52:55","modified_gmt":"2026-05-17T20:52:55","slug":"spin-master-psi-patrol-marshall-woz-strazacki","status":"publish","type":"product","link":"http:\/\/klubmamgdynia.pl\/index.php\/produkt\/spin-master-psi-patrol-marshall-woz-strazacki\/","title":{"rendered":"Spin Master Psi Patrol Marshall W\u00f3z Stra\u017cacki"},"content":{"rendered":"<p>Spin Master PSI PATROL W\u00f3z stra\u017cacki Marshall Udaj si\u0119 razem z Marshallem z Psiego Patrolu na wypraw\u0119 i zosta\u0144 stra\u017cakiem tak jak on! Razem z nim mo\u017cesz wzi\u0105\u0107 udzia\u0142 w akcji ratunkowej! W\u00f3z stra\u017cacki posiada ruchome k\u00f3\u0142ka. Pojazd wyposa\u017cony jest tak\u017ce w ruchomy wysi\u0119gnik, dzi\u0119ki kt\u00f3remu razem z Marshallem b\u0119dziecie mogli poradzi\u0107 sobie z najtrudniejszymi zadaniami jakie czekaj\u0105 na was podczas akcji ratunkowych! Piesek posiada ruchome \u0142apki oraz g\u0142ow\u0119. Figurk\u0119 mo\u017cna umie\u015bci\u0107 w poje\u017adzie. Zestaw zawiera: w\u00f3z stra\u017cacki, figurk\u0119 Marshalla. Wiek: +3 lata Wymiary opakowania: 21,5 x 19 x 9,5 cm Spin Master to firma tworz\u0105ca na podstawie popularnych bajek. Ich najbardziej znane produkty zawieraj\u0105 bohater\u00f3w takich bajek jak Bakugan czy Psi Patrol, kt\u00f3re uwielbiane s\u0105 przez dzieci na ca\u0142ym \u015bwiecie.<\/p>\n<h2>Spin Master Psi Patrol Marshall W\u00f3z Stra\u017cacki Spin Master<\/h2>\n<p>my little pony kolorowanki, estera, milena imie, rodzina sentencja, zagadki wielkanocne dla doros\u0142ych, narysowa\u0107 rysunki \u0142atwe, quizy dla dzieci 8 lat, cicha noc po angielsku, akademia pana kleksa &#8211; test z odpowiedziami do druku, przyja\u017a\u0144 cytaty, pomys\u0142 na prezent dla nastolatk\u00f3w, \u017carty na prima aprilis w domu, prezent dla jedenastolatka<\/p>\n<p>yyyyy<\/p>\n<p>&nbsp;<\/p>\n","protected":false},"excerpt":{"rendered":"<p>Spin Master PSI PATROL W\u00f3z stra\u017cacki Marshall Udaj si\u0119 razem z Marshallem z Psiego Patrolu na wypraw\u0119 i zosta\u0144 stra\u017cakiem tak jak on! Razem z nim mo\u017cesz wzi\u0105\u0107 udzia\u0142 w akcji ratunkowej! W\u00f3z stra\u017cacki posiada ruchome k\u00f3\u0142ka. Pojazd wyposa\u017cony jest tak\u017ce w ruchomy wysi\u0119gnik, dzi\u0119ki kt\u00f3remu razem z Marshallem b\u0119dziecie mogli poradzi\u0107 sobie z najtrudniejszymi [&hellip;]<\/p>\n","protected":false},"featured_media":11399,"comment_status":"closed","ping_status":"open","template":"","meta":[],"product_cat":[83,94],"product_tag":[648,795,589,814,694],"class_list":["post-11398","product","type-product","status-publish","has-post-thumbnail","hentry","product_cat-auta-i-inne-pojazdy-do-zabawy","product_cat-spin-master","product_tag-dobrej-nocy-i-sza","product_tag-mini-zoo-warszawa","product_tag-prezent-dla-rocznego-dziecka","product_tag-prezenty-dla-nastolatek","product_tag-zagadki-swiateczne-dla-dzieci"],"_links":{"self":[{"href":"http:\/\/klubmamgdynia.pl\/index.php\/wp-json\/wp\/v2\/product\/11398","targetHints":{"allow":["GET"]}}],"collection":[{"href":"http:\/\/klubmamgdynia.pl\/index.php\/wp-json\/wp\/v2\/product"}],"about":[{"href":"http:\/\/klubmamgdynia.pl\/index.php\/wp-json\/wp\/v2\/types\/product"}],"replies":[{"embeddable":true,"href":"http:\/\/klubmamgdynia.pl\/index.php\/wp-json\/wp\/v2\/comments?post=11398"}],"wp:featuredmedia":[{"embeddable":true,"href":"http:\/\/klubmamgdynia.pl\/index.php\/wp-json\/wp\/v2\/media\/11399"}],"wp:attachment":[{"href":"http:\/\/klubmamgdynia.pl\/index.php\/wp-json\/wp\/v2\/media?parent=11398"}],"wp:term":[{"taxonomy":"product_cat","embeddable":true,"href":"http:\/\/klubmamgdynia.pl\/index.php\/wp-json\/wp\/v2\/product_cat?post=11398"},{"taxonomy":"product_tag","embeddable":true,"href":"http:\/\/klubmamgdynia.pl\/index.php\/wp-json\/wp\/v2\/product_tag?post=11398"}],"curies":[{"name":"wp","href":"https:\/\/api.w.org\/{rel}","templated":true}]}}