{"id":11428,"date":"2017-07-07T15:40:13","date_gmt":"2017-07-07T13:40:13","guid":{"rendered":"http:\/\/klubmamgdynia.pl\/index.php\/produkt\/monitor-dell-238-p2422h-210azyx\/"},"modified":"2026-04-23T07:11:09","modified_gmt":"2026-04-23T05:11:09","slug":"monitor-dell-238-p2422h-210azyx","status":"publish","type":"product","link":"http:\/\/klubmamgdynia.pl\/index.php\/produkt\/monitor-dell-238-p2422h-210azyx\/","title":{"rendered":"Monitor Dell 23,8&#8243; P2422H (210AZYX)"},"content":{"rendered":"<p>Monitor do domu i biura Dell P2422HNiezale\u017cnie od tego, czy korzystasz z monitora w domu, czy w biurze, warto zadba\u0107 o komfort oczu. Ekran Dell P2422H nie tylko zapewnia wystarczaj\u0105c\u0105 przestrze\u0144 robocz\u0105 do wygodnej pracy, ale te\u017c posiada wysok\u0105 rozdzielczo\u015b\u0107. W efekcie rewelacyjnie sprawdzi si\u0119 zar\u00f3wno podczas wpisywania danych w programach, jak i podczas ogl\u0105dania film\u00f3w. Co wi\u0119cej, nowoczesna konstrukcja urz\u0105dzenia stanowi eleganckie uzupe\u0142nienie ka\u017cdego miejsca pracy.                            <\/p>\n<p>Lepszy obraz z dowolnego miejscaDell P2422H oferuje wi\u0119kszy komfort dla oczu dzi\u0119ki wbudowanemu filtrowi ComfortView Plus. Technologia ta zmniejsza emisj\u0119 niebieskiego \u015bwiat\u0142a, a jednocze\u015bnie umo\u017cliwia precyzyjne odwzorowanie kolor\u00f3w. Matryca IPS pozwoli Ci podziwia\u0107 sp\u00f3jne, \u017cywe kolory przy szerokim k\u0105cie widzenia. Dzi\u0119ki 99% pokryciu palety sRGB standardowo uzyskasz precyzyjne odwzorowanie kolor\u00f3w.                            <\/p>\n<p>Ergonomiczny i funkcjonalnyTen elegancki monitor ma ultracienk\u0105 ramk\u0119, ma\u0142\u0105 podstaw\u0119 i ulepszony, \u0142atwy w obs\u0142udze system rozmieszczania kabli. Dzi\u0119ki czemu dopasuje si\u0119 do ka\u017cdego pomieszczenia i zachowa porz\u0105dek na ka\u017cdym biurku. Co wi\u0119cej, z monitorem Dell P2422H masz mo\u017cliwo\u015b\u0107 przechylania, obracania w pionie i regulacji wysoko\u015bci monitora. To dodatkowa wygoda podczas wielogodzinnej pracy.                            <\/p>\n<p>Pod\u0142\u0105czenia, kt\u00f3re zwi\u0119ksz\u0105 produktywno\u015b\u0107Dell P2422H zaskoczy Ci\u0119 swoimi mo\u017cliwo\u015bciami. Monitor oferuje \u0142atwe pod\u0142\u0105czanie urz\u0105dze\u0144 dzi\u0119ki portom DisplayPort, HDMI, VGA i czterem portom Super Speed USB 5 Gb\/s. Porty szybkiego dost\u0119pu z przodu wy\u015bwietlacza zapewni\u0105 Ci \u0142atwe udost\u0119pnianie i przesy\u0142anie materia\u0142\u00f3w. \u0141atwy w obs\u0142udze joystick umo\u017cliwia wygodne poruszanie si\u0119 po menu i dostosowywanie ustawie\u0144 ekranu. Ma\u0142o tego, konstrukcja z cienk\u0105 ramk\u0105 z trzech stron pozwoli Ci ogl\u0105da\u0107 obraz na wielu monitorach bez \u017cadnych przeszk\u00f3d.                            <\/p>\n<p>Ekologiczne podej\u015bcie do tera\u017aniejszo\u015bci i przysz\u0142o\u015bciMonitor jest zgodny z najnowszymi przepisami i normami dotycz\u0105cymi ochrony \u015brodowiska, takimi jak Energy Star\u00ae, EPEAT\u00ae Goldi i TCO Certified Edge Displays. Aby ograniczy\u0107 wp\u0142yw produkcji na \u015brodowisko, opakowanie monitora zosta\u0142o wykonane co najmniej w 75% z tektury z recyklingu i nie zawiera styropianu. Oszcz\u0119dzaj pr\u0105d, gdy nie u\u017cywasz monitora, dzi\u0119ki funkcji PowerNap (obs\u0142uga przez Dell Display Manager), kt\u00f3ra przyciemnia ekran lub prze\u0142\u0105cza go w tryb u\u015bpienia, kiedy nie jest u\u017cywany.<\/p>\n<h2>Monitor Dell 23,8&#8243; P2422H (210AZYX) Dell<\/h2>\n<p>literki do druku, lew czarownica i stara szafa test, basen warszawa, wierszyk o marzannie, miasto dzieci pl, zaproszenia na urodziny do wydruku czarno bia\u0142e, quiz konie<\/p>\n<p>yyyyy<\/p>\n<p>&nbsp;<\/p>\n","protected":false},"excerpt":{"rendered":"<p>Monitor do domu i biura Dell P2422HNiezale\u017cnie od tego, czy korzystasz z monitora w domu, czy w biurze, warto zadba\u0107 o komfort oczu. Ekran Dell P2422H nie tylko zapewnia wystarczaj\u0105c\u0105 przestrze\u0144 robocz\u0105 do wygodnej pracy, ale te\u017c posiada wysok\u0105 rozdzielczo\u015b\u0107. W efekcie rewelacyjnie sprawdzi si\u0119 zar\u00f3wno podczas wpisywania danych w programach, jak i podczas ogl\u0105dania [&hellip;]<\/p>\n","protected":false},"featured_media":11429,"comment_status":"closed","ping_status":"open","template":"","meta":[],"product_cat":[2015,1362],"product_tag":[754,847,835,822],"class_list":["post-11428","product","type-product","status-publish","has-post-thumbnail","hentry","product_cat-dell","product_cat-monitory","product_tag-dyplomy-do-wydrukowania-a4","product_tag-kolorowanki-pokemon","product_tag-radosc-dziecka-cytaty","product_tag-wierszyki-o-wakacjach-krotkie"],"_links":{"self":[{"href":"http:\/\/klubmamgdynia.pl\/index.php\/wp-json\/wp\/v2\/product\/11428","targetHints":{"allow":["GET"]}}],"collection":[{"href":"http:\/\/klubmamgdynia.pl\/index.php\/wp-json\/wp\/v2\/product"}],"about":[{"href":"http:\/\/klubmamgdynia.pl\/index.php\/wp-json\/wp\/v2\/types\/product"}],"replies":[{"embeddable":true,"href":"http:\/\/klubmamgdynia.pl\/index.php\/wp-json\/wp\/v2\/comments?post=11428"}],"wp:featuredmedia":[{"embeddable":true,"href":"http:\/\/klubmamgdynia.pl\/index.php\/wp-json\/wp\/v2\/media\/11429"}],"wp:attachment":[{"href":"http:\/\/klubmamgdynia.pl\/index.php\/wp-json\/wp\/v2\/media?parent=11428"}],"wp:term":[{"taxonomy":"product_cat","embeddable":true,"href":"http:\/\/klubmamgdynia.pl\/index.php\/wp-json\/wp\/v2\/product_cat?post=11428"},{"taxonomy":"product_tag","embeddable":true,"href":"http:\/\/klubmamgdynia.pl\/index.php\/wp-json\/wp\/v2\/product_tag?post=11428"}],"curies":[{"name":"wp","href":"https:\/\/api.w.org\/{rel}","templated":true}]}}