{"id":11450,"date":"2021-10-16T01:50:49","date_gmt":"2021-10-15T23:50:49","guid":{"rendered":"http:\/\/klubmamgdynia.pl\/index.php\/produkt\/alexander-logix-mini-0403\/"},"modified":"2026-05-17T22:43:33","modified_gmt":"2026-05-17T20:43:33","slug":"alexander-logix-mini-0403","status":"publish","type":"product","link":"http:\/\/klubmamgdynia.pl\/index.php\/produkt\/alexander-logix-mini-0403\/","title":{"rendered":"Alexander Logix Mini 0403"},"content":{"rendered":"<p>&#8222;Logix&#8221; przestrzenna gra planszowa, w kt\u00f3rej liczy si\u0119 taktyka, wyobra\u017ania, i szcz\u0119\u015bliwy traf. W trakcie gry gracz losuje sw\u00f3j tajny kod, kt\u00f3rego wz\u00f3r musi potem u\u0142o\u017cy\u0107 z kolorowych kul na planszy. Ruch gracza mo\u017ce nast\u0105pi\u0107 poprzez do\u0142o\u017cenie kuli, zdj\u0119cie lub zamian\u0119 kul co dodatkowo dodaje grze element\u00f3w rywalizacji. Zestaw zawiera przestrzenn\u0105 plansz\u0119, podstawk\u0119 do kul, 6 czerwonych kul, 6 zielonych kul, 6 \u017c\u00f3\u0142tych kul, 6 niebieskich kul, 2 szare kule, 1 czarn\u0105 kul\u0119, 16 kart kod\u00f3w oraz instrukcj\u0119.Gra dla 2-4 os\u00f3b w wieku od 10 lat.<\/p>\n<h2>Alexander Logix Mini 0403 Alexander<\/h2>\n<p>sky kolorowanka, kuba imi\u0119, jagna, kolorowanka europa, jak narysowa\u0107, znaki drogowe do druku, ubieranki do druku, czasdzieci krak\u00f3w, wzory dyplom\u00f3w dyplomy do druku, kwiaty polne nazwy i zdj\u0119cia, spos\u00f3b na elfa test, prima aprilis \u017carty dla rodzic\u00f3w, dzie\u0144 pluszowego misia napis, zabawki na roczek, bajki dla dzieci do czytania na dobranoc<\/p>\n<p>yyyyy<\/p>\n<p>&nbsp;<\/p>\n","protected":false},"excerpt":{"rendered":"<p>&#8222;Logix&#8221; przestrzenna gra planszowa, w kt\u00f3rej liczy si\u0119 taktyka, wyobra\u017ania, i szcz\u0119\u015bliwy traf. W trakcie gry gracz losuje sw\u00f3j tajny kod, kt\u00f3rego wz\u00f3r musi potem u\u0142o\u017cy\u0107 z kolorowych kul na planszy. Ruch gracza mo\u017ce nast\u0105pi\u0107 poprzez do\u0142o\u017cenie kuli, zdj\u0119cie lub zamian\u0119 kul co dodatkowo dodaje grze element\u00f3w rywalizacji. Zestaw zawiera przestrzenn\u0105 plansz\u0119, podstawk\u0119 do kul, [&hellip;]<\/p>\n","protected":false},"featured_media":11451,"comment_status":"closed","ping_status":"open","template":"","meta":[],"product_cat":[246,130],"product_tag":[696,808,752,589],"class_list":["post-11450","product","type-product","status-publish","has-post-thumbnail","hentry","product_cat-alexander","product_cat-gry-dzieciece","product_tag-film-rodzinny-o-swietach","product_tag-imie-mia","product_tag-kuba-imie","product_tag-prezent-dla-rocznego-dziecka"],"_links":{"self":[{"href":"http:\/\/klubmamgdynia.pl\/index.php\/wp-json\/wp\/v2\/product\/11450","targetHints":{"allow":["GET"]}}],"collection":[{"href":"http:\/\/klubmamgdynia.pl\/index.php\/wp-json\/wp\/v2\/product"}],"about":[{"href":"http:\/\/klubmamgdynia.pl\/index.php\/wp-json\/wp\/v2\/types\/product"}],"replies":[{"embeddable":true,"href":"http:\/\/klubmamgdynia.pl\/index.php\/wp-json\/wp\/v2\/comments?post=11450"}],"wp:featuredmedia":[{"embeddable":true,"href":"http:\/\/klubmamgdynia.pl\/index.php\/wp-json\/wp\/v2\/media\/11451"}],"wp:attachment":[{"href":"http:\/\/klubmamgdynia.pl\/index.php\/wp-json\/wp\/v2\/media?parent=11450"}],"wp:term":[{"taxonomy":"product_cat","embeddable":true,"href":"http:\/\/klubmamgdynia.pl\/index.php\/wp-json\/wp\/v2\/product_cat?post=11450"},{"taxonomy":"product_tag","embeddable":true,"href":"http:\/\/klubmamgdynia.pl\/index.php\/wp-json\/wp\/v2\/product_tag?post=11450"}],"curies":[{"name":"wp","href":"https:\/\/api.w.org\/{rel}","templated":true}]}}