{"id":11454,"date":"2015-10-23T06:42:34","date_gmt":"2015-10-23T04:42:34","guid":{"rendered":"http:\/\/klubmamgdynia.pl\/index.php\/produkt\/peppa-pig-hulajnoga-trojkolowa-dziecieca-swinka-peppa\/"},"modified":"2026-04-28T00:23:17","modified_gmt":"2026-04-27T22:23:17","slug":"peppa-pig-hulajnoga-trojkolowa-dziecieca-swinka-peppa","status":"publish","type":"product","link":"http:\/\/klubmamgdynia.pl\/index.php\/produkt\/peppa-pig-hulajnoga-trojkolowa-dziecieca-swinka-peppa\/","title":{"rendered":"Peppa Pig Hulajnoga Tr\u00f3jko\u0142owa Dzieci\u0119ca \u015awinka Peppa"},"content":{"rendered":"<p>Dzieci\u0119ca hulajnoga Tri Scooter Peppa Pig z fajn\u0105 torb\u0105 to urocza hulajnoga idealna dla najm\u0142odszych. Dzi\u0119ki szerokiemu, antypo\u015blizgowemu deckowi i dw\u00f3m tylnym ko\u0142om Twoje dziecko nie straci r\u00f3wnowagi i b\u0119dzie mog\u0142o cieszy\u0107 si\u0119 jazd\u0105! Jest te\u017c ma\u0142a torba na kierownic\u0119, w kt\u00f3rej mog\u0105 umie\u015bci\u0107 swoj\u0105 przek\u0105sk\u0119 lub ulubion\u0105 zabawk\u0119.A poniewa\u017c dzieci szybko dorastaj\u0105, hulajnoga ma kierownic\u0119 z regulacj\u0105 wysoko\u015bci ( 59 \u2013 64 cm ). Sama hulajnoga jest niezwykle lekka i nie ma \u017cadnych ostrych kraw\u0119dzi. Jego fajny design sprawia, \u017ce dzieci\u0119cy Tri Scooter \u015awinka Peppa jest idealnym prezentem dla ka\u017cdego fana \u015awinki Peppy.Opis techniczny: Stabilna hulajnoga dla dzieci Solidna stalowa rama Projekt \u015awinki Peppy Szeroki, antypo\u015blizgowy pok\u0142ad Uchwyty kierownicy z PVCMinimalny zalecany wzrost u\u017cytkownika: 90 cmKo\u0142o przednie: PVC, 135 mm2 tylne ko\u0142a: PVC, 115 mmWymiary: 56 x 32 x 65 cmWysoko\u015b\u0107 kierownicy: 59 \u2013 64 cmLimit wagi: 20 kgZalecany wiek: 2+<\/p>\n<h2>Peppa Pig Hulajnoga Tr\u00f3jko\u0142owa Dzieci\u0119ca \u015awinka Peppa Peppa Pig<\/h2>\n<p>krecik bajka, aurelia imi\u0119, mi\u0142o\u015b\u0107 do dziecka cytaty, wiosenna kolorowanka, zgadywanki, pomys\u0142 na prezent na roczek, szablony do wyklejania plastelin\u0105, star wars kolorowanki, anio\u0142ki do druku, zabawki dla rocznej dziewczynki, kolorowanka lol surprise, pytania o \u015bwi\u0119ta dla dzieci, iwo imi\u0119, cytaty o wychowaniu dzieci, prezent na roczek dla ch\u0142opca, traktor do druku, kira, po\u0142\u0105cz kropki do wydruku pdf<\/p>\n<p>yyyyy<\/p>\n<p>&nbsp;<\/p>\n","protected":false},"excerpt":{"rendered":"<p>Dzieci\u0119ca hulajnoga Tri Scooter Peppa Pig z fajn\u0105 torb\u0105 to urocza hulajnoga idealna dla najm\u0142odszych. Dzi\u0119ki szerokiemu, antypo\u015blizgowemu deckowi i dw\u00f3m tylnym ko\u0142om Twoje dziecko nie straci r\u00f3wnowagi i b\u0119dzie mog\u0142o cieszy\u0107 si\u0119 jazd\u0105! Jest te\u017c ma\u0142a torba na kierownic\u0119, w kt\u00f3rej mog\u0105 umie\u015bci\u0107 swoj\u0105 przek\u0105sk\u0119 lub ulubion\u0105 zabawk\u0119.A poniewa\u017c dzieci szybko dorastaj\u0105, hulajnoga ma [&hellip;]<\/p>\n","protected":false},"featured_media":11455,"comment_status":"closed","ping_status":"open","template":"","meta":[],"product_cat":[315,214],"product_tag":[765,836,735,591,698,634],"class_list":["post-11454","product","type-product","status-publish","has-post-thumbnail","hentry","product_cat-hulajnogi-dla-dzieci","product_cat-peppa-pig","product_tag-atrakcje-dla-dzieci-warszawa","product_tag-co-kupic-dziecku-na-roczek","product_tag-prezent-na-roczek-dziewczynka","product_tag-quiz-o-minecraft","product_tag-zagadki-dla-przedszkolakow","product_tag-zagadki-wielkanocne-dla-dzieci"],"_links":{"self":[{"href":"http:\/\/klubmamgdynia.pl\/index.php\/wp-json\/wp\/v2\/product\/11454","targetHints":{"allow":["GET"]}}],"collection":[{"href":"http:\/\/klubmamgdynia.pl\/index.php\/wp-json\/wp\/v2\/product"}],"about":[{"href":"http:\/\/klubmamgdynia.pl\/index.php\/wp-json\/wp\/v2\/types\/product"}],"replies":[{"embeddable":true,"href":"http:\/\/klubmamgdynia.pl\/index.php\/wp-json\/wp\/v2\/comments?post=11454"}],"wp:featuredmedia":[{"embeddable":true,"href":"http:\/\/klubmamgdynia.pl\/index.php\/wp-json\/wp\/v2\/media\/11455"}],"wp:attachment":[{"href":"http:\/\/klubmamgdynia.pl\/index.php\/wp-json\/wp\/v2\/media?parent=11454"}],"wp:term":[{"taxonomy":"product_cat","embeddable":true,"href":"http:\/\/klubmamgdynia.pl\/index.php\/wp-json\/wp\/v2\/product_cat?post=11454"},{"taxonomy":"product_tag","embeddable":true,"href":"http:\/\/klubmamgdynia.pl\/index.php\/wp-json\/wp\/v2\/product_tag?post=11454"}],"curies":[{"name":"wp","href":"https:\/\/api.w.org\/{rel}","templated":true}]}}