{"id":1146,"date":"2023-06-02T01:29:19","date_gmt":"2023-06-01T23:29:19","guid":{"rendered":"http:\/\/klubmamgdynia.pl\/?post_type=product&#038;p=1146"},"modified":"2026-04-29T12:44:21","modified_gmt":"2026-04-29T10:44:21","slug":"little-tikes-my-first-mighty-blasters-power-pack-2-652769","status":"publish","type":"product","link":"http:\/\/klubmamgdynia.pl\/index.php\/produkt\/little-tikes-my-first-mighty-blasters-power-pack-2-652769\/","title":{"rendered":"Little Tikes My First Mighty Blasters Power Pack 2 652769"},"content":{"rendered":"<p>My First Mighty Blasters Power Pack- Style 2                            <\/p>\n<p>My First Mighty Blasters \u0142\u0105cz\u0105 pomys\u0142ow\u0105 zabaw\u0119 z fajnymi, bezpiecznymi miotaczami, \u0142atwymi w u\u017cyciu dla przedszkolak\u00f3w!Ka\u017cdy blaster z serii My First Mighty Blasters (sprzedawany oddzielenie) wyposa\u017cony jest w kolorowe kule Power Pods, kt\u00f3re s\u0105 mi\u0119kkie, bezpieczne i zach\u0119caj\u0105 dzieci do odgrywania roli bohater\u00f3w. Ponadto wszystkie kapsu\u0142y mocy s\u0105 kompatybilne z ka\u017cd\u0105 wyrzutni\u0105 Mighty Blasters. W kolekcji do zebrania ponad 25 kul Power Pods (sprzedawane oddzielnie). Uwolnij pot\u0119\u017cne moce swoich dzieci ju\u017c dzi\u015b dzi\u0119ki Little Tikes My First Mighty Blasters.Zawarto\u015b\u0107 i cechy zestawu:Jest to zestaw uzupe\u0142niaj\u0105cy My First Mighty Blasters5 mi\u0119kkich, bezpiecznych i kolorowych kul Power Pods (Lava, Blue Fireball, Tsunami, Stink i 1 niespodzianka)Kule Power Pods s\u0105 kompatybilne ze wszystkimi wyrzutniami My First Mighty BlastersBandolier do przechowywania kul Power Pods (mo\u017cna nosi\u0107 go tak\u017ce jako pasek) z mo\u017cliwo\u015bci\u0105 regulacjiWyrzutnie My First Mighty Blasters sprzedawane oddzielnie                            <\/p>\n<p>                    Zobacz podobne produkty<\/p>\n<p>            Little Tikes My First Mighty Blasters Power Pack 2 652769<\/p>\n<p>            Little Tikes My First Mighty Blasters Power Pack 3 652776<\/p>\n<p>            Little Tikes My First Mighty Blasters Power Pack 1 652752<\/p>\n<p>            Little Tikes My First Mighty Blasters Mighty Bow 651274<\/p>\n<p>            Little Tikes My First Mighty Blasters Boom Blaster 6512550<\/p>\n<h2>Little Tikes My First Mighty Blasters Power Pack 2 652769 Little Tikes<\/h2>\n<p>ju\u017c blisko kol\u0119da tekst, kolorowanki, znaki drogowe test, kryspinow, bezwarunkowa mi\u0142o\u015b\u0107 do dziecka cytaty, imi\u0119 nadia, prank na prima aprilis, co kupi\u0107 dziewczynce na roczek, maska kota do druku, ach \u015bpij kochanie tekst, quiz o ro\u015blinach, zaproszenia do druku, sentencje o dzieciach, gry z pi\u0142k\u0105, imi\u0119 nela, kolorowanki star wars, emanuel, test ze znak\u00f3w drogowych, test z narnii lew czarownica i stara szafa, bajki dla dzieci do czytania na dobranoc<\/p>\n<p>yyyyy<\/p>\n<p>&nbsp;<\/p>\n","protected":false},"excerpt":{"rendered":"<p>My First Mighty Blasters Power Pack- Style 2 My First Mighty Blasters \u0142\u0105cz\u0105 pomys\u0142ow\u0105 zabaw\u0119 z fajnymi, bezpiecznymi miotaczami, \u0142atwymi w u\u017cyciu dla przedszkolak\u00f3w!Ka\u017cdy blaster z serii My First Mighty Blasters (sprzedawany oddzielenie) wyposa\u017cony jest w kolorowe kule Power Pods, kt\u00f3re s\u0105 mi\u0119kkie, bezpieczne i zach\u0119caj\u0105 dzieci do odgrywania roli bohater\u00f3w. Ponadto wszystkie kapsu\u0142y mocy [&hellip;]<\/p>\n","protected":false},"featured_media":1147,"comment_status":"closed","ping_status":"open","template":"","meta":[],"product_cat":[317,40],"product_tag":[664,775,760,698],"class_list":["post-1146","product","type-product","status-publish","has-post-thumbnail","hentry","product_cat-little-tikes","product_cat-zabawki-militarne","product_tag-atrakcje-dla-dzieci-trojmiasto","product_tag-kolorowanki-do-druku-pokemon","product_tag-zagadka-matematyczna","product_tag-zagadki-dla-przedszkolakow"],"_links":{"self":[{"href":"http:\/\/klubmamgdynia.pl\/index.php\/wp-json\/wp\/v2\/product\/1146","targetHints":{"allow":["GET"]}}],"collection":[{"href":"http:\/\/klubmamgdynia.pl\/index.php\/wp-json\/wp\/v2\/product"}],"about":[{"href":"http:\/\/klubmamgdynia.pl\/index.php\/wp-json\/wp\/v2\/types\/product"}],"replies":[{"embeddable":true,"href":"http:\/\/klubmamgdynia.pl\/index.php\/wp-json\/wp\/v2\/comments?post=1146"}],"wp:featuredmedia":[{"embeddable":true,"href":"http:\/\/klubmamgdynia.pl\/index.php\/wp-json\/wp\/v2\/media\/1147"}],"wp:attachment":[{"href":"http:\/\/klubmamgdynia.pl\/index.php\/wp-json\/wp\/v2\/media?parent=1146"}],"wp:term":[{"taxonomy":"product_cat","embeddable":true,"href":"http:\/\/klubmamgdynia.pl\/index.php\/wp-json\/wp\/v2\/product_cat?post=1146"},{"taxonomy":"product_tag","embeddable":true,"href":"http:\/\/klubmamgdynia.pl\/index.php\/wp-json\/wp\/v2\/product_tag?post=1146"}],"curies":[{"name":"wp","href":"https:\/\/api.w.org\/{rel}","templated":true}]}}