{"id":11502,"date":"2020-01-26T08:55:08","date_gmt":"2020-01-26T07:55:08","guid":{"rendered":"http:\/\/klubmamgdynia.pl\/index.php\/produkt\/hyperx-fury-ultra-rgb-medium-hx-mpfu-m\/"},"modified":"2026-04-06T06:19:22","modified_gmt":"2026-04-06T04:19:22","slug":"hyperx-fury-ultra-rgb-medium-hx-mpfu-m","status":"publish","type":"product","link":"http:\/\/klubmamgdynia.pl\/index.php\/produkt\/hyperx-fury-ultra-rgb-medium-hx-mpfu-m\/","title":{"rendered":"HyperX Fury Ultra RGB Medium (HX-MPFU-M)"},"content":{"rendered":"<p>HyperX FURY Ultra to super stylowa podk\u0142adka pod mysz dla graczy z pod\u015bwietleniem RGB. Ol\u015bniewaj\u0105ce pod\u015bwietlenie 360\u00b0 i p\u0142ynne efekty \u015bwietlne mo\u017cna dostosowa\u0107 za pomoc\u0105 oprogramowania HyperX NGENUITY. Twarda powierzchnia z mikrofaktur\u0105 minimalizuje tarcie przy poruszaniu mysz\u0105, zapewniaj\u0105c szybki i p\u0142ynny ruch. Powierzchnia podk\u0142adki nie ma uniesionych kraw\u0119dzi. Antypo\u015blizgowy sp\u00f3d podk\u0142adki FURY Ultra doskonale trzyma si\u0119 pod\u0142o\u017ca, wi\u0119c zyskuj\u0105c na stylu, nie tracisz nic na wygodzie. Informacje o produkcie Przeznaczenie Gaming Wymiary 359 x 299 x 5 mm Kolor Czarny Podk\u0142adka pod nadgarstek Nie Pozosta\u0142e parametry Stabilna, antypo\u015blizgowa gumowa podstawa Dynamiczne o\u015bwietlenie 360\u00b0 RGB<\/p>\n<h2>HyperX Fury Ultra RGB Medium (HX-MPFU-M) HyperX<\/h2>\n<p>jan pawe\u0142 2 rysunek \u0142atwy dla dzieci, nadia imie, rodzina cytaty, znaczenie imienia milosz<\/p>\n<p>yyyyy<\/p>\n<p>&nbsp;<\/p>\n","protected":false},"excerpt":{"rendered":"<p>HyperX FURY Ultra to super stylowa podk\u0142adka pod mysz dla graczy z pod\u015bwietleniem RGB. Ol\u015bniewaj\u0105ce pod\u015bwietlenie 360\u00b0 i p\u0142ynne efekty \u015bwietlne mo\u017cna dostosowa\u0107 za pomoc\u0105 oprogramowania HyperX NGENUITY. Twarda powierzchnia z mikrofaktur\u0105 minimalizuje tarcie przy poruszaniu mysz\u0105, zapewniaj\u0105c szybki i p\u0142ynny ruch. Powierzchnia podk\u0142adki nie ma uniesionych kraw\u0119dzi. Antypo\u015blizgowy sp\u00f3d podk\u0142adki FURY Ultra doskonale trzyma [&hellip;]<\/p>\n","protected":false},"featured_media":11503,"comment_status":"closed","ping_status":"open","template":"","meta":[],"product_cat":[2026,1265],"product_tag":[674,652,708,634],"class_list":["post-11502","product","type-product","status-publish","has-post-thumbnail","hentry","product_cat-hyperx","product_cat-podkladki-pod-myszki-i-klawiatury","product_tag-miasto-dzieci","product_tag-otto","product_tag-zabawy-ruchowe-dla-dzieci","product_tag-zagadki-wielkanocne-dla-dzieci"],"_links":{"self":[{"href":"http:\/\/klubmamgdynia.pl\/index.php\/wp-json\/wp\/v2\/product\/11502","targetHints":{"allow":["GET"]}}],"collection":[{"href":"http:\/\/klubmamgdynia.pl\/index.php\/wp-json\/wp\/v2\/product"}],"about":[{"href":"http:\/\/klubmamgdynia.pl\/index.php\/wp-json\/wp\/v2\/types\/product"}],"replies":[{"embeddable":true,"href":"http:\/\/klubmamgdynia.pl\/index.php\/wp-json\/wp\/v2\/comments?post=11502"}],"wp:featuredmedia":[{"embeddable":true,"href":"http:\/\/klubmamgdynia.pl\/index.php\/wp-json\/wp\/v2\/media\/11503"}],"wp:attachment":[{"href":"http:\/\/klubmamgdynia.pl\/index.php\/wp-json\/wp\/v2\/media?parent=11502"}],"wp:term":[{"taxonomy":"product_cat","embeddable":true,"href":"http:\/\/klubmamgdynia.pl\/index.php\/wp-json\/wp\/v2\/product_cat?post=11502"},{"taxonomy":"product_tag","embeddable":true,"href":"http:\/\/klubmamgdynia.pl\/index.php\/wp-json\/wp\/v2\/product_tag?post=11502"}],"curies":[{"name":"wp","href":"https:\/\/api.w.org\/{rel}","templated":true}]}}