{"id":11520,"date":"2020-10-15T12:18:08","date_gmt":"2020-10-15T10:18:08","guid":{"rendered":"http:\/\/klubmamgdynia.pl\/index.php\/produkt\/spc-gear-viro-spg047\/"},"modified":"2026-04-30T23:07:58","modified_gmt":"2026-04-30T21:07:58","slug":"spc-gear-viro-spg047","status":"publish","type":"product","link":"http:\/\/klubmamgdynia.pl\/index.php\/produkt\/spc-gear-viro-spg047\/","title":{"rendered":"SPC GEAR Viro (SPG047)"},"content":{"rendered":"<p>WYSOKA JAKO\u015a\u0106 D\u0179WI\u0118KUUs\u0142ysz wyraziste kroki przeciwnika w grze!SPC Gear VIRO to s\u0142uchawki o tzw. zamkni\u0119tej i wok\u00f3\u0142usznej konstrukcji, kt\u00f3ra ogranicza wydostawanie si\u0119 odtwarzanego d\u017awi\u0119ku na zewn\u0105trz, a tak\u017ce eliminuje niepo\u017c\u0105dane szumy otoczenia. Za wysok\u0105 jako\u015b\u0107 generowanego d\u017awi\u0119ku odpowiadaj\u0105 dynamiczne przetworniki o \u015brednicy 53 mm osadzone w g\u0142\u0119bokich nausznikach wype\u0142nionych piank\u0105 dopasowuj\u0105c\u0105 si\u0119 do kszta\u0142tu g\u0142owy i ucha (\u201ememory foam\u201d). Czysty i detaliczny d\u017awi\u0119k, a tak\u017ce szeroka scena to zas\u0142uga m.in. odpowiednio du\u017cej przestrzeni, w kt\u00f3rej poruszaj\u0105 si\u0119 przetworniki. Ca\u0142o\u015bciowe brzmienie jest wywa\u017cone i precyzyjne, z nieprzesadzonym, ale dobrze wyczuwalnym, punktowym basem oraz obszern\u0105 i realistyczn\u0105 scen\u0105.                            <\/p>\n<p>OD\u0141\u0104CZANY, WYSOKIEJ KLASY MIKROFONPrzeka\u017c kompanom z dru\u017cyny czyste info!Mikrofon, jako niezb\u0119dny element s\u0142uchawek dla graczy bazuje na do\u015bwiadczeniach zdobytych podczas tworzenia i dostrajania SPC Gear SM900 \u2013 profesjonalnego mikrofonu dla streamer\u00f3w. VIRO w kwestii nagrywania d\u017awi\u0119ku skupia si\u0119 na wy\u0142apywaniu mowy i maskowaniu zb\u0119dnych szum\u00f3w otoczenia. Twoi odbiorcy chc\u0105 s\u0142ysze\u0107 Twoje komentarze wyrazi\u015bcie i czysto, z wyg\u0142uszeniem niepo\u017c\u0105danego t\u0142a. Odpowiednio wysokiej jako\u015bci mikrofon jest podstaw\u0105 sukcesu w zespo\u0142owych grach typu Valorant, Counter Strike: Global Offensive, czy serii Call of Duty.                            <\/p>\n<p>ELEGANCKI DESIGNSp\u00f3jny i minimalistyczny design, zdominowany przez r\u00f3\u017cnicowany tylko strukturami u\u017cytych materia\u0142\u00f3w kolor czarny, to element wyr\u00f3\u017cniaj\u0105cy s\u0142uchawki SPC Gear VIRO. Nadaje im to stylowego i uniwersalnego charakteru, z zastosowaniem w gamingu, jak i poza nim.                            <\/p>\n<p>WYGODA U\u017bYTKOWANIAAby zapewni\u0107 maksymaln\u0105 wytrzyma\u0142o\u015b\u0107, pa\u0142\u0105k od wewn\u0105trz wzmocniony zosta\u0142 metalem. Dla pe\u0142nej wygody, ob\u0142o\u017cono go od wewn\u0119trznej strony piank\u0105, a nast\u0119pnie obszyto mi\u0119kk\u0105 i bardzo przyjemn\u0105 w dotyku sk\u00f3r\u0105. To samo obicie zastosowano do obszycia wykonanych z pianki zapami\u0119tuj\u0105cej kszta\u0142t nausznic (z zewn\u0105trz aluminiowych) \u2013 ich kszta\u0142t i wielko\u015b\u0107 pozwala na schowanie ca\u0142ego ucha w ich wn\u0119trzu, co znacz\u0105co poprawia komfort codziennego u\u017cytkowania.<\/p>\n<h2>SPC GEAR Viro (SPG047) SPC Gear<\/h2>\n<p>anastazja imi\u0119, mandala kolorowanka, prosta zagadka, zagadki dla dzieci o zwierz\u0119tach, zagadki dla 4 latka, ozdoby na choinke przedszkole, bajki na dobranoc, zagadki dla 8 latk\u00f3w, jesienne piosenki dla dzieci, gdzie na ferie zimowe 2022<\/p>\n<p>yyyyy<\/p>\n<p>&nbsp;<\/p>\n","protected":false},"excerpt":{"rendered":"<p>WYSOKA JAKO\u015a\u0106 D\u0179WI\u0118KUUs\u0142ysz wyraziste kroki przeciwnika w grze!SPC Gear VIRO to s\u0142uchawki o tzw. zamkni\u0119tej i wok\u00f3\u0142usznej konstrukcji, kt\u00f3ra ogranicza wydostawanie si\u0119 odtwarzanego d\u017awi\u0119ku na zewn\u0105trz, a tak\u017ce eliminuje niepo\u017c\u0105dane szumy otoczenia. Za wysok\u0105 jako\u015b\u0107 generowanego d\u017awi\u0119ku odpowiadaj\u0105 dynamiczne przetworniki o \u015brednicy 53 mm osadzone w g\u0142\u0119bokich nausznikach wype\u0142nionych piank\u0105 dopasowuj\u0105c\u0105 si\u0119 do kszta\u0142tu g\u0142owy [&hellip;]<\/p>\n","protected":false},"featured_media":11521,"comment_status":"closed","ping_status":"open","template":"","meta":[],"product_cat":[1951,2028],"product_tag":[871,744,644,631,678],"class_list":["post-11520","product","type-product","status-publish","has-post-thumbnail","hentry","product_cat-sluchawki-komputerowe","product_cat-spc-gear","product_tag-bajka-o-smoku-wawelskim","product_tag-kolorowanki-swiateczne-do-wydruku","product_tag-mia","product_tag-prezent-na-roczek","product_tag-prezent-na-roczek-dla-dziewczynki"],"_links":{"self":[{"href":"http:\/\/klubmamgdynia.pl\/index.php\/wp-json\/wp\/v2\/product\/11520","targetHints":{"allow":["GET"]}}],"collection":[{"href":"http:\/\/klubmamgdynia.pl\/index.php\/wp-json\/wp\/v2\/product"}],"about":[{"href":"http:\/\/klubmamgdynia.pl\/index.php\/wp-json\/wp\/v2\/types\/product"}],"replies":[{"embeddable":true,"href":"http:\/\/klubmamgdynia.pl\/index.php\/wp-json\/wp\/v2\/comments?post=11520"}],"wp:featuredmedia":[{"embeddable":true,"href":"http:\/\/klubmamgdynia.pl\/index.php\/wp-json\/wp\/v2\/media\/11521"}],"wp:attachment":[{"href":"http:\/\/klubmamgdynia.pl\/index.php\/wp-json\/wp\/v2\/media?parent=11520"}],"wp:term":[{"taxonomy":"product_cat","embeddable":true,"href":"http:\/\/klubmamgdynia.pl\/index.php\/wp-json\/wp\/v2\/product_cat?post=11520"},{"taxonomy":"product_tag","embeddable":true,"href":"http:\/\/klubmamgdynia.pl\/index.php\/wp-json\/wp\/v2\/product_tag?post=11520"}],"curies":[{"name":"wp","href":"https:\/\/api.w.org\/{rel}","templated":true}]}}