{"id":11526,"date":"2011-04-28T17:16:56","date_gmt":"2011-04-28T15:16:56","guid":{"rendered":"http:\/\/klubmamgdynia.pl\/index.php\/produkt\/corsair-hs70-pro-wireless-cream-ca9011210eu\/"},"modified":"2026-04-07T12:36:47","modified_gmt":"2026-04-07T10:36:47","slug":"corsair-hs70-pro-wireless-cream-ca9011210eu","status":"publish","type":"product","link":"http:\/\/klubmamgdynia.pl\/index.php\/produkt\/corsair-hs70-pro-wireless-cream-ca9011210eu\/","title":{"rendered":"Corsair HS70 PRO Wireless Cream (CA9011210EU)"},"content":{"rendered":"<p>S\u0142uchawki Corsair HS70 PRO Wireless CreamZestaw s\u0142uchawkowy dla graczy Corsair HS70 PRO Wireless Cream zapewnia zar\u00f3wno wygod\u0119, jak i wysok\u0105 jako\u015b\u0107 wykonania dzi\u0119ki piankowym nausznikom, specjalnie dostrojonym neodymowym przetwornikom audio 50 mm oraz. wysokiej jako\u015bci, pozbawion\u0105 zak\u0142\u00f3ce\u0144 \u0142\u0105czno\u015b\u0107 bezprzewodow\u0105 w pa\u015bmie 2,4 GHz.                            <\/p>\n<p>Wykonane dla komfortuRegulowane nauszniki wyposa\u017cone w pluszow\u0105 piank\u0119 z systemem pami\u0119ci, co pozwala im dopasowa\u0107 si\u0119 idealnie do swojego u\u017cytkownika. Dzi\u0119ki temu zapewniaj\u0105 wyj\u0105tkowy komfort przez wiele godzin gry.                            <\/p>\n<p>Wci\u0105gaj\u0105cy d\u017awi\u0119kWysokiej jako\u015bci, dostrojone 50 mm neodymowe przetworniki audio zapewniaj\u0105 mo\u017cliwo\u015b\u0107, aby s\u0142ysze\u0107 wszystko, czego potrzebujesz na polu bitwy. Zanurz si\u0119 w d\u017awi\u0119ku przestrzennym 7.1, tworz\u0105c wielokana\u0142owe wra\u017cenia d\u017awi\u0119kowe, dzi\u0119ki kt\u00f3rym znajdziesz si\u0119 w samym \u015brodku akcji.                            <\/p>\n<p>Krystalicznie czysty d\u017awi\u0119kW pe\u0142ni od\u0142\u0105czany jednokierunkowy mikrofon redukuje ha\u0142as otoczenia, dzi\u0119ki czemu s\u0142ycha\u0107 go g\u0142o\u015bno i wyra\u017anie, a tak\u017ce posiada certyfikat Discord, zapewniaj\u0105cy krystalicznie czyst\u0105 komunikacj\u0119 i wyj\u0105tkowy d\u017awi\u0119k.<\/p>\n<h2>Corsair HS70 PRO Wireless Cream (CA9011210EU) Corsair<\/h2>\n<p>tabliczka mno\u017cenia kolorowanki do wydruku, nauka j\u0119zyka polskiego dla dzieci z ukrainy materia\u0142y, atrakcje dla nastolatk\u00f3w warszawa, cytaty o macierzy\u0144stwie, piesek kolorowanka, liwia, znaczenie imienia milan, krak\u00f3w atrakcje dla dzieci, bajka o emocjach, karty pracy dla dzieci z ukrainy klasa 3, stare wiersze dla dzieci, mega trudne zagadki logiczne, kolorowanka dla dziewczynki, paj\u0105czek na rowerze test, zagadki \u0142amig\u0142\u00f3wki, ferie warszawa 2022, oliwier<\/p>\n<p>yyyyy<\/p>\n<p>&nbsp;<\/p>\n","protected":false},"excerpt":{"rendered":"<p>S\u0142uchawki Corsair HS70 PRO Wireless CreamZestaw s\u0142uchawkowy dla graczy Corsair HS70 PRO Wireless Cream zapewnia zar\u00f3wno wygod\u0119, jak i wysok\u0105 jako\u015b\u0107 wykonania dzi\u0119ki piankowym nausznikom, specjalnie dostrojonym neodymowym przetwornikom audio 50 mm oraz. wysokiej jako\u015bci, pozbawion\u0105 zak\u0142\u00f3ce\u0144 \u0142\u0105czno\u015b\u0107 bezprzewodow\u0105 w pa\u015bmie 2,4 GHz. Wykonane dla komfortuRegulowane nauszniki wyposa\u017cone w pluszow\u0105 piank\u0119 z systemem pami\u0119ci, co [&hellip;]<\/p>\n","protected":false},"featured_media":11527,"comment_status":"closed","ping_status":"open","template":"","meta":[],"product_cat":[2029,1951],"product_tag":[825,807,659,799],"class_list":["post-11526","product","type-product","status-publish","has-post-thumbnail","hentry","product_cat-corsair","product_cat-sluchawki-komputerowe","product_tag-bajka-na-dobranoc-do-czytania","product_tag-logiczne-zagadki","product_tag-tupu-tup-po-sniegu-tekst","product_tag-zagadka-logiczna"],"_links":{"self":[{"href":"http:\/\/klubmamgdynia.pl\/index.php\/wp-json\/wp\/v2\/product\/11526","targetHints":{"allow":["GET"]}}],"collection":[{"href":"http:\/\/klubmamgdynia.pl\/index.php\/wp-json\/wp\/v2\/product"}],"about":[{"href":"http:\/\/klubmamgdynia.pl\/index.php\/wp-json\/wp\/v2\/types\/product"}],"replies":[{"embeddable":true,"href":"http:\/\/klubmamgdynia.pl\/index.php\/wp-json\/wp\/v2\/comments?post=11526"}],"wp:featuredmedia":[{"embeddable":true,"href":"http:\/\/klubmamgdynia.pl\/index.php\/wp-json\/wp\/v2\/media\/11527"}],"wp:attachment":[{"href":"http:\/\/klubmamgdynia.pl\/index.php\/wp-json\/wp\/v2\/media?parent=11526"}],"wp:term":[{"taxonomy":"product_cat","embeddable":true,"href":"http:\/\/klubmamgdynia.pl\/index.php\/wp-json\/wp\/v2\/product_cat?post=11526"},{"taxonomy":"product_tag","embeddable":true,"href":"http:\/\/klubmamgdynia.pl\/index.php\/wp-json\/wp\/v2\/product_tag?post=11526"}],"curies":[{"name":"wp","href":"https:\/\/api.w.org\/{rel}","templated":true}]}}