{"id":11528,"date":"2015-03-13T10:39:07","date_gmt":"2015-03-13T09:39:07","guid":{"rendered":"http:\/\/klubmamgdynia.pl\/index.php\/produkt\/artyk-banki-mydlane-60ml-p36-masza-i-niedzwiedz\/"},"modified":"2026-05-01T18:57:24","modified_gmt":"2026-05-01T16:57:24","slug":"artyk-banki-mydlane-60ml-p36-masza-i-niedzwiedz","status":"publish","type":"product","link":"http:\/\/klubmamgdynia.pl\/index.php\/produkt\/artyk-banki-mydlane-60ml-p36-masza-i-niedzwiedz\/","title":{"rendered":"Artyk Ba\u0144ki Mydlane 60ml p36 Masza i Nied\u017awied\u017a"},"content":{"rendered":"<p>Ba\u0144ki mydlane z postaciami bajek Disneya, ilo\u015b\u0107 p\u0142ynu w opakowaniu 60 ml.,Na ka\u017cdej nakr\u0119tce znajduje si\u0119 gra &#8211; labirynt z pi\u0142eczk\u0105,Wymiary ba\u0144ki: 11,5 x 35 cm.,Wiek: 3+&#8230;<\/p>\n<h2>Artyk Ba\u0144ki Mydlane 60ml p36 Masza i Nied\u017awied\u017a Artyk<\/h2>\n<p>szablon zaproszenia na urodziny do wydruku czarno bia\u0142e, \u017carty prima aprilis, ozdoby wielkanocne z dzie\u0107mi, cicha noc po angielsku<\/p>\n<p>yyyyy<\/p>\n<p>&nbsp;<\/p>\n","protected":false},"excerpt":{"rendered":"<p>Ba\u0144ki mydlane z postaciami bajek Disneya, ilo\u015b\u0107 p\u0142ynu w opakowaniu 60 ml.,Na ka\u017cdej nakr\u0119tce znajduje si\u0119 gra &#8211; labirynt z pi\u0142eczk\u0105,Wymiary ba\u0144ki: 11,5 x 35 cm.,Wiek: 3+&#8230; Artyk Ba\u0144ki Mydlane 60ml p36 Masza i Nied\u017awied\u017a Artyk szablon zaproszenia na urodziny do wydruku czarno bia\u0142e, \u017carty prima aprilis, ozdoby wielkanocne z dzie\u0107mi, cicha noc po angielsku [&hellip;]<\/p>\n","protected":false},"featured_media":11529,"comment_status":"closed","ping_status":"open","template":"","meta":[],"product_cat":[336,472],"product_tag":[706,656,638,787,641,793],"class_list":["post-11528","product","type-product","status-publish","has-post-thumbnail","hentry","product_cat-artyk","product_cat-banki-mydlane","product_tag-imie-kuba","product_tag-kolorowanki-lol","product_tag-miastodzieci","product_tag-nauka-pisania-wyrazow-dla-dzieci-do-druku-pdf","product_tag-trudne-zagadki-logiczne","product_tag-zagadki-smieszne-podchwytliwe"],"_links":{"self":[{"href":"http:\/\/klubmamgdynia.pl\/index.php\/wp-json\/wp\/v2\/product\/11528","targetHints":{"allow":["GET"]}}],"collection":[{"href":"http:\/\/klubmamgdynia.pl\/index.php\/wp-json\/wp\/v2\/product"}],"about":[{"href":"http:\/\/klubmamgdynia.pl\/index.php\/wp-json\/wp\/v2\/types\/product"}],"replies":[{"embeddable":true,"href":"http:\/\/klubmamgdynia.pl\/index.php\/wp-json\/wp\/v2\/comments?post=11528"}],"wp:featuredmedia":[{"embeddable":true,"href":"http:\/\/klubmamgdynia.pl\/index.php\/wp-json\/wp\/v2\/media\/11529"}],"wp:attachment":[{"href":"http:\/\/klubmamgdynia.pl\/index.php\/wp-json\/wp\/v2\/media?parent=11528"}],"wp:term":[{"taxonomy":"product_cat","embeddable":true,"href":"http:\/\/klubmamgdynia.pl\/index.php\/wp-json\/wp\/v2\/product_cat?post=11528"},{"taxonomy":"product_tag","embeddable":true,"href":"http:\/\/klubmamgdynia.pl\/index.php\/wp-json\/wp\/v2\/product_tag?post=11528"}],"curies":[{"name":"wp","href":"https:\/\/api.w.org\/{rel}","templated":true}]}}