{"id":11536,"date":"2015-08-03T19:04:18","date_gmt":"2015-08-03T17:04:18","guid":{"rendered":"http:\/\/klubmamgdynia.pl\/index.php\/produkt\/alexander-puzzle-160el-dora-ga1096\/"},"modified":"2026-05-17T22:23:53","modified_gmt":"2026-05-17T20:23:53","slug":"alexander-puzzle-160el-dora-ga1096","status":"publish","type":"product","link":"http:\/\/klubmamgdynia.pl\/index.php\/produkt\/alexander-puzzle-160el-dora-ga1096\/","title":{"rendered":"Alexander Puzzle 160El. Dora Ga1096"},"content":{"rendered":"<p>&#8222;Puzzle Alexander&#8221;&#8221; rozwijaj\u0105 zdolno\u015bci manualne<\/p>\n<h2>Alexander Puzzle 160El. Dora Ga1096 pobudzaj\u0105 ciekawo\u015b\u0107<\/h2>\n<p>natan imi\u0119, prezent dla dziecka 1 rok, co kupic dziewczynce na roczek, przechowywanie zabawek, niespotykane imiona \u017ce\u0144skie, ziemia wyspa zielona tekst, piosenki dla dzieci o jesieni, cytaty o nauczycielach, zagadki logiczne na inteligencj\u0119 dla doros\u0142ych, nadie\u017cda imi\u0119, przyjazn, zagadki na inteligencj\u0119, kolorowanka pieski, co dla dziecka na roczek, parasol szablon do wydruku, pozna\u0144 atrakcje dla dzieci, babcia z dziadkiem to jest to tekst, ignacy znaczenie imienia, po\u0142\u0105cz kropki do wydruku pdf<\/p>\n<p>yyyyy<\/p>\n<p>&nbsp;<\/p>\n","protected":false},"excerpt":{"rendered":"<p>&#8222;Puzzle Alexander&#8221;&#8221; rozwijaj\u0105 zdolno\u015bci manualne Alexander Puzzle 160El. Dora Ga1096 pobudzaj\u0105 ciekawo\u015b\u0107 natan imi\u0119, prezent dla dziecka 1 rok, co kupic dziewczynce na roczek, przechowywanie zabawek, niespotykane imiona \u017ce\u0144skie, ziemia wyspa zielona tekst, piosenki dla dzieci o jesieni, cytaty o nauczycielach, zagadki logiczne na inteligencj\u0119 dla doros\u0142ych, nadie\u017cda imi\u0119, przyjazn, zagadki na inteligencj\u0119, kolorowanka pieski, [&hellip;]<\/p>\n","protected":false},"featured_media":11537,"comment_status":"closed","ping_status":"open","template":"","meta":[],"product_cat":[2030,2031],"product_tag":[765,707,631,741],"class_list":["post-11536","product","type-product","status-publish","has-post-thumbnail","hentry","product_cat-pobudzaja-ciekawosc","product_cat-spostrzegawczosc-oraz-zdolnosc-kojarzenia-ukladanie-puzzli-to-dla-dzieci-dobry-trening-zrecznosci","product_tag-atrakcje-dla-dzieci-warszawa","product_tag-karty-pracy-dla-dzieci-z-ukrainy","product_tag-prezent-na-roczek","product_tag-wlochy"],"_links":{"self":[{"href":"http:\/\/klubmamgdynia.pl\/index.php\/wp-json\/wp\/v2\/product\/11536","targetHints":{"allow":["GET"]}}],"collection":[{"href":"http:\/\/klubmamgdynia.pl\/index.php\/wp-json\/wp\/v2\/product"}],"about":[{"href":"http:\/\/klubmamgdynia.pl\/index.php\/wp-json\/wp\/v2\/types\/product"}],"replies":[{"embeddable":true,"href":"http:\/\/klubmamgdynia.pl\/index.php\/wp-json\/wp\/v2\/comments?post=11536"}],"wp:featuredmedia":[{"embeddable":true,"href":"http:\/\/klubmamgdynia.pl\/index.php\/wp-json\/wp\/v2\/media\/11537"}],"wp:attachment":[{"href":"http:\/\/klubmamgdynia.pl\/index.php\/wp-json\/wp\/v2\/media?parent=11536"}],"wp:term":[{"taxonomy":"product_cat","embeddable":true,"href":"http:\/\/klubmamgdynia.pl\/index.php\/wp-json\/wp\/v2\/product_cat?post=11536"},{"taxonomy":"product_tag","embeddable":true,"href":"http:\/\/klubmamgdynia.pl\/index.php\/wp-json\/wp\/v2\/product_tag?post=11536"}],"curies":[{"name":"wp","href":"https:\/\/api.w.org\/{rel}","templated":true}]}}