{"id":11543,"date":"2019-02-13T03:05:24","date_gmt":"2019-02-13T02:05:24","guid":{"rendered":"http:\/\/klubmamgdynia.pl\/index.php\/produkt\/11543\/"},"modified":"2026-04-30T11:34:26","modified_gmt":"2026-04-30T09:34:26","slug":"11543","status":"publish","type":"product","link":"http:\/\/klubmamgdynia.pl\/index.php\/produkt\/11543\/","title":{"rendered":""},"content":{"rendered":"<h2> <\/h2>\n<p>\u017carty na prima aprilis w domu, miko\u0142ajek sprawdzian z lektury z odpowiedziami, bajka psi patrol do czytania, wroc\u0142aw i okolice atrakcje, gwiazdka do druku, wiosenne zagadki<\/p>\n<p>yyyyy<\/p>\n<p>&nbsp;<\/p>\n","protected":false},"excerpt":{"rendered":"<p>\u017carty na prima aprilis w domu, miko\u0142ajek sprawdzian z lektury z odpowiedziami, bajka psi patrol do czytania, wroc\u0142aw i okolice atrakcje, gwiazdka do druku, wiosenne zagadki yyyyy &nbsp;<\/p>\n","protected":false},"featured_media":0,"comment_status":"closed","ping_status":"open","template":"","meta":[],"product_cat":[],"product_tag":[865,763,735,830,746],"class_list":["post-11543","product","type-product","status-publish","hentry","product_tag-cytaty-o-dzieciach","product_tag-fabian","product_tag-prezent-na-roczek-dziewczynka","product_tag-rodzina-cytaty","product_tag-zagadki-typu-co-to-jest"],"_links":{"self":[{"href":"http:\/\/klubmamgdynia.pl\/index.php\/wp-json\/wp\/v2\/product\/11543","targetHints":{"allow":["GET"]}}],"collection":[{"href":"http:\/\/klubmamgdynia.pl\/index.php\/wp-json\/wp\/v2\/product"}],"about":[{"href":"http:\/\/klubmamgdynia.pl\/index.php\/wp-json\/wp\/v2\/types\/product"}],"replies":[{"embeddable":true,"href":"http:\/\/klubmamgdynia.pl\/index.php\/wp-json\/wp\/v2\/comments?post=11543"}],"wp:attachment":[{"href":"http:\/\/klubmamgdynia.pl\/index.php\/wp-json\/wp\/v2\/media?parent=11543"}],"wp:term":[{"taxonomy":"product_cat","embeddable":true,"href":"http:\/\/klubmamgdynia.pl\/index.php\/wp-json\/wp\/v2\/product_cat?post=11543"},{"taxonomy":"product_tag","embeddable":true,"href":"http:\/\/klubmamgdynia.pl\/index.php\/wp-json\/wp\/v2\/product_tag?post=11543"}],"curies":[{"name":"wp","href":"https:\/\/api.w.org\/{rel}","templated":true}]}}