{"id":11545,"date":"2022-05-19T12:26:28","date_gmt":"2022-05-19T10:26:28","guid":{"rendered":"http:\/\/klubmamgdynia.pl\/index.php\/produkt\/11545\/"},"modified":"2026-04-21T04:06:32","modified_gmt":"2026-04-21T02:06:32","slug":"11545","status":"publish","type":"product","link":"http:\/\/klubmamgdynia.pl\/index.php\/produkt\/11545\/","title":{"rendered":""},"content":{"rendered":"<h2> <\/h2>\n<p>jak zrobi\u0107 samolot z papieru, bajki z misiami, zagadki o wiosnie, afryka\u0144skie imiona, szlaczki dla dzieci, quiz o zwierz\u0119tach domowych, imi\u0119 kuba, do druku dla dzieci<\/p>\n<p>yyyyy<\/p>\n<p>&nbsp;<\/p>\n","protected":false},"excerpt":{"rendered":"<p>jak zrobi\u0107 samolot z papieru, bajki z misiami, zagadki o wiosnie, afryka\u0144skie imiona, szlaczki dla dzieci, quiz o zwierz\u0119tach domowych, imi\u0119 kuba, do druku dla dzieci yyyyy &nbsp;<\/p>\n","protected":false},"featured_media":0,"comment_status":"closed","ping_status":"open","template":"","meta":[],"product_cat":[],"product_tag":[660,703,627,601],"class_list":["post-11545","product","type-product","status-publish","hentry","product_tag-bianka","product_tag-prezent-dla-nastolatki","product_tag-quiz-dzieci-z-bullerbyn","product_tag-zagadki-co-to-jest"],"_links":{"self":[{"href":"http:\/\/klubmamgdynia.pl\/index.php\/wp-json\/wp\/v2\/product\/11545","targetHints":{"allow":["GET"]}}],"collection":[{"href":"http:\/\/klubmamgdynia.pl\/index.php\/wp-json\/wp\/v2\/product"}],"about":[{"href":"http:\/\/klubmamgdynia.pl\/index.php\/wp-json\/wp\/v2\/types\/product"}],"replies":[{"embeddable":true,"href":"http:\/\/klubmamgdynia.pl\/index.php\/wp-json\/wp\/v2\/comments?post=11545"}],"wp:attachment":[{"href":"http:\/\/klubmamgdynia.pl\/index.php\/wp-json\/wp\/v2\/media?parent=11545"}],"wp:term":[{"taxonomy":"product_cat","embeddable":true,"href":"http:\/\/klubmamgdynia.pl\/index.php\/wp-json\/wp\/v2\/product_cat?post=11545"},{"taxonomy":"product_tag","embeddable":true,"href":"http:\/\/klubmamgdynia.pl\/index.php\/wp-json\/wp\/v2\/product_tag?post=11545"}],"curies":[{"name":"wp","href":"https:\/\/api.w.org\/{rel}","templated":true}]}}