{"id":1156,"date":"2022-02-13T23:21:25","date_gmt":"2022-02-13T22:21:25","guid":{"rendered":"http:\/\/klubmamgdynia.pl\/index.php\/produkt\/tactic-big-ben-puzzle-3d-890el-pta02002\/"},"modified":"2026-04-29T15:39:05","modified_gmt":"2026-04-29T13:39:05","slug":"tactic-big-ben-puzzle-3d-890el-pta02002","status":"publish","type":"product","link":"http:\/\/klubmamgdynia.pl\/index.php\/produkt\/tactic-big-ben-puzzle-3d-890el-pta02002\/","title":{"rendered":"Tactic Big Ben Puzzle 3D 890El. Pta02002"},"content":{"rendered":"<p>Puzzle 3D Big Ben Wrebbit 3D 2002<\/p>\n<p>Lubisz monumentalne budowle i znane symbole? Firma Wrebbit 3D stworzy\u0142a puzzle Big Ben, dzi\u0119ki kt\u00f3rym stworzysz wiern\u0105 replik\u0119 londy\u0144skiej wie\u017cy. Zosta\u0142y one starannie wykonane &#8211; gotowy budynek b\u0119dzie cieszy\u0142 oczy przez d\u0142ugi czas (oraz dostarcza\u0142 rozrywki, kiedy tylko zechcesz go roz\u0142o\u017cy\u0107 i zbudowa\u0107 ponownie). Cechy produktu: liczba element\u00f3w: 890 wiek minimalny: 12 lat wymiary opakowania: 30,5 x 40,5 x 11,5 cm                            <\/p>\n<p>NAJS\u0141YNNIEJSZE BUDOWLE \u015aWIATA W TWOIM DOMU. Wrebbit puzzle 3D to co\u015b w sam raz dla ciebie! Czy masz ochot\u0119 na prawdziwe wyzwanie i ekstra nagrod\u0119, kiedy z\u0142o\u017cysz ca\u0142\u0105 budowle? Zestaw zawiera 890 puzzli i szczeg\u00f3\u0142ow\u0105 instrukcj\u0119. Rozmiar po z\u0142o\u017ceniu: 48 x 27 x 73 cm.<\/p>\n<h2>Tactic Big Ben Puzzle 3D 890El. Pta02002 Tactic<\/h2>\n<p>pomys\u0142 na roczek, prezent dla 1 latka, mi\u0142osz imi\u0119, test na znaki drogowe, zagadki na logik\u0119, kolorowanka lol surprise, bajka na dobranoc, r\u00f3\u017ca imie, prezenty na roczek, kolorowanka ninjago, \u0142amig\u0142\u00f3wki dla 4 latka do druku, rymowane zagadki dla dzieci, super zings kolorowanki<\/p>\n<p>yyyyy<\/p>\n<p>&nbsp;<\/p>\n","protected":false},"excerpt":{"rendered":"<p>Puzzle 3D Big Ben Wrebbit 3D 2002 Lubisz monumentalne budowle i znane symbole? Firma Wrebbit 3D stworzy\u0142a puzzle Big Ben, dzi\u0119ki kt\u00f3rym stworzysz wiern\u0105 replik\u0119 londy\u0144skiej wie\u017cy. Zosta\u0142y one starannie wykonane &#8211; gotowy budynek b\u0119dzie cieszy\u0142 oczy przez d\u0142ugi czas (oraz dostarcza\u0142 rozrywki, kiedy tylko zechcesz go roz\u0142o\u017cy\u0107 i zbudowa\u0107 ponownie). Cechy produktu: liczba element\u00f3w: [&hellip;]<\/p>\n","protected":false},"featured_media":1157,"comment_status":"closed","ping_status":"open","template":"","meta":[],"product_cat":[90,243],"product_tag":[610,617,614,609,591,651],"class_list":["post-1156","product","type-product","status-publish","has-post-thumbnail","hentry","product_cat-puzzle","product_cat-tactic","product_tag-co-na-prezent-dla-nastolatkow","product_tag-keyword","product_tag-pia","product_tag-quiz-flagi-europy","product_tag-quiz-o-minecraft","product_tag-quizy-online"],"_links":{"self":[{"href":"http:\/\/klubmamgdynia.pl\/index.php\/wp-json\/wp\/v2\/product\/1156","targetHints":{"allow":["GET"]}}],"collection":[{"href":"http:\/\/klubmamgdynia.pl\/index.php\/wp-json\/wp\/v2\/product"}],"about":[{"href":"http:\/\/klubmamgdynia.pl\/index.php\/wp-json\/wp\/v2\/types\/product"}],"replies":[{"embeddable":true,"href":"http:\/\/klubmamgdynia.pl\/index.php\/wp-json\/wp\/v2\/comments?post=1156"}],"wp:featuredmedia":[{"embeddable":true,"href":"http:\/\/klubmamgdynia.pl\/index.php\/wp-json\/wp\/v2\/media\/1157"}],"wp:attachment":[{"href":"http:\/\/klubmamgdynia.pl\/index.php\/wp-json\/wp\/v2\/media?parent=1156"}],"wp:term":[{"taxonomy":"product_cat","embeddable":true,"href":"http:\/\/klubmamgdynia.pl\/index.php\/wp-json\/wp\/v2\/product_cat?post=1156"},{"taxonomy":"product_tag","embeddable":true,"href":"http:\/\/klubmamgdynia.pl\/index.php\/wp-json\/wp\/v2\/product_tag?post=1156"}],"curies":[{"name":"wp","href":"https:\/\/api.w.org\/{rel}","templated":true}]}}