{"id":11566,"date":"2020-12-18T11:28:28","date_gmt":"2020-12-18T10:28:28","guid":{"rendered":"http:\/\/klubmamgdynia.pl\/index.php\/produkt\/11566\/"},"modified":"2026-05-17T23:18:52","modified_gmt":"2026-05-17T21:18:52","slug":"11566","status":"publish","type":"product","link":"http:\/\/klubmamgdynia.pl\/index.php\/produkt\/11566\/","title":{"rendered":""},"content":{"rendered":"<h2> <\/h2>\n<p>opisy o dziecku, bajki na dobranoc psi patrol, paj\u0105czek na rowerze test, literki do pisania, litera r do druku, wiosna kolorowanka do druku, bajki do czytania dla dzieci, zaproszenie na urodziny do druku pdf, bajka o poci\u0105gu do czytania, traktor z przyczep\u0105 kolorowanka do druku, zagadki \u015bmieszne dla dzieci<\/p>\n<p>yyyyy<\/p>\n<p>&nbsp;<\/p>\n","protected":false},"excerpt":{"rendered":"<p>opisy o dziecku, bajki na dobranoc psi patrol, paj\u0105czek na rowerze test, literki do pisania, litera r do druku, wiosna kolorowanka do druku, bajki do czytania dla dzieci, zaproszenie na urodziny do druku pdf, bajka o poci\u0105gu do czytania, traktor z przyczep\u0105 kolorowanka do druku, zagadki \u015bmieszne dla dzieci yyyyy &nbsp;<\/p>\n","protected":false},"featured_media":0,"comment_status":"closed","ping_status":"open","template":"","meta":[],"product_cat":[],"product_tag":[753,738,709,600],"class_list":["post-11566","product","type-product","status-publish","hentry","product_tag-kamila","product_tag-wroclaw-dla-dzieci","product_tag-zagadki-dla-dzieci-6-7-lat","product_tag-zaproszenia-na-urodziny-do-druku"],"_links":{"self":[{"href":"http:\/\/klubmamgdynia.pl\/index.php\/wp-json\/wp\/v2\/product\/11566","targetHints":{"allow":["GET"]}}],"collection":[{"href":"http:\/\/klubmamgdynia.pl\/index.php\/wp-json\/wp\/v2\/product"}],"about":[{"href":"http:\/\/klubmamgdynia.pl\/index.php\/wp-json\/wp\/v2\/types\/product"}],"replies":[{"embeddable":true,"href":"http:\/\/klubmamgdynia.pl\/index.php\/wp-json\/wp\/v2\/comments?post=11566"}],"wp:attachment":[{"href":"http:\/\/klubmamgdynia.pl\/index.php\/wp-json\/wp\/v2\/media?parent=11566"}],"wp:term":[{"taxonomy":"product_cat","embeddable":true,"href":"http:\/\/klubmamgdynia.pl\/index.php\/wp-json\/wp\/v2\/product_cat?post=11566"},{"taxonomy":"product_tag","embeddable":true,"href":"http:\/\/klubmamgdynia.pl\/index.php\/wp-json\/wp\/v2\/product_tag?post=11566"}],"curies":[{"name":"wp","href":"https:\/\/api.w.org\/{rel}","templated":true}]}}