{"id":11572,"date":"2023-08-07T08:46:13","date_gmt":"2023-08-07T06:46:13","guid":{"rendered":"http:\/\/klubmamgdynia.pl\/?post_type=product&#038;p=11572"},"modified":"2026-04-04T00:20:26","modified_gmt":"2026-04-03T22:20:26","slug":"tam-gdzie-jej-potrzebujesz","status":"publish","type":"product","link":"http:\/\/klubmamgdynia.pl\/index.php\/produkt\/tam-gdzie-jej-potrzebujesz\/","title":{"rendered":"tam gdzie jej potrzebujesz"},"content":{"rendered":"<h2>tam gdzie jej potrzebujesz <\/h2>\n<p>kolorowanka potwory, jacek, zagadki dla 6 latka, alan imi\u0119, pa\u0144stwa europy i ich stolice quiz, kolorowanka pikachu, podchwytliwe zagadki, quiz o kosmosie dla dzieci, karty matematyczne tabliczka mno\u017cenia do wydruku, trudne zagadki logiczne, \u015bmieszne zagadki z odpowiedziami, kuba imie, trudne zagadki na inteligencj\u0119<\/p>\n<p>yyyyy<\/p>\n<p>&nbsp;<\/p>\n","protected":false},"excerpt":{"rendered":"<p>tam gdzie jej potrzebujesz kolorowanka potwory, jacek, zagadki dla 6 latka, alan imi\u0119, pa\u0144stwa europy i ich stolice quiz, kolorowanka pikachu, podchwytliwe zagadki, quiz o kosmosie dla dzieci, karty matematyczne tabliczka mno\u017cenia do wydruku, trudne zagadki logiczne, \u015bmieszne zagadki z odpowiedziami, kuba imie, trudne zagadki na inteligencj\u0119 yyyyy &nbsp;<\/p>\n","protected":false},"featured_media":0,"comment_status":"closed","ping_status":"open","template":"","meta":[],"product_cat":[],"product_tag":[864,582,759,774,779],"class_list":["post-11572","product","type-product","status-publish","hentry","product_tag-basen-warszawa","product_tag-nauka-pisania-literek-do-wydruku-pdf","product_tag-pomysly-na-prezent-dla-nastolatkow","product_tag-prezent-na-roczek-nie-zabawka","product_tag-zarty-na-prima-aprilis-w-domu"],"_links":{"self":[{"href":"http:\/\/klubmamgdynia.pl\/index.php\/wp-json\/wp\/v2\/product\/11572","targetHints":{"allow":["GET"]}}],"collection":[{"href":"http:\/\/klubmamgdynia.pl\/index.php\/wp-json\/wp\/v2\/product"}],"about":[{"href":"http:\/\/klubmamgdynia.pl\/index.php\/wp-json\/wp\/v2\/types\/product"}],"replies":[{"embeddable":true,"href":"http:\/\/klubmamgdynia.pl\/index.php\/wp-json\/wp\/v2\/comments?post=11572"}],"wp:attachment":[{"href":"http:\/\/klubmamgdynia.pl\/index.php\/wp-json\/wp\/v2\/media?parent=11572"}],"wp:term":[{"taxonomy":"product_cat","embeddable":true,"href":"http:\/\/klubmamgdynia.pl\/index.php\/wp-json\/wp\/v2\/product_cat?post=11572"},{"taxonomy":"product_tag","embeddable":true,"href":"http:\/\/klubmamgdynia.pl\/index.php\/wp-json\/wp\/v2\/product_tag?post=11572"}],"curies":[{"name":"wp","href":"https:\/\/api.w.org\/{rel}","templated":true}]}}