{"id":11577,"date":"2021-10-20T16:29:09","date_gmt":"2021-10-20T14:29:09","guid":{"rendered":"http:\/\/klubmamgdynia.pl\/index.php\/produkt\/posiada-efekty-dzwiekowe-zblizone-do-odglosu-wydostawania-sie-pary-z-zelazka\/"},"modified":"2026-04-05T23:58:53","modified_gmt":"2026-04-05T21:58:53","slug":"posiada-efekty-dzwiekowe-zblizone-do-odglosu-wydostawania-sie-pary-z-zelazka","status":"publish","type":"product","link":"http:\/\/klubmamgdynia.pl\/index.php\/produkt\/posiada-efekty-dzwiekowe-zblizone-do-odglosu-wydostawania-sie-pary-z-zelazka\/","title":{"rendered":"posiada efekty d\u017awi\u0119kowe zbli\u017cone do odg\u0142osu wydostawania si\u0119 pary z \u017celazka"},"content":{"rendered":"<p>pipetka na wod\u0119. \u017belazko wykonane z plastiku. Wymiary\/waga\/baterie wymiary produktu d\u0142. x wys. x g\u0142. cm 23x13x10<\/p>\n<h2>posiada efekty d\u017awi\u0119kowe zbli\u017cone do odg\u0142osu wydostawania si\u0119 pary z \u017celazka wymiary opakowania d\u0142. x wys.x g\u0142. cm 15x23x14<\/h2>\n<p>dzieci cytaty, rozrywka dla dzieci, kolorowanka europa, okolice wroc\u0142awia, wierszyki o marzannie, najrzadsze imiona dla dziewczynek, ko\u0142ysanka tekst, miko\u0142ajek test z lektury, babciu droga babciu tekst, sta\u0142a pod \u015bniegiem, zabawy ruchowe dla dzieci w wieku szkolnym, quizy psi patrol, imiona dla ch\u0142opc\u00f3w, teksty ko\u0142ysanek, prezent dla dziewczynki na roczek, zagadki i odpowiedzi<\/p>\n<p>yyyyy<\/p>\n<p>&nbsp;<\/p>\n","protected":false},"excerpt":{"rendered":"<p>pipetka na wod\u0119. \u017belazko wykonane z plastiku. Wymiary\/waga\/baterie wymiary produktu d\u0142. x wys. x g\u0142. cm 23x13x10 posiada efekty d\u017awi\u0119kowe zbli\u017cone do odg\u0142osu wydostawania si\u0119 pary z \u017celazka wymiary opakowania d\u0142. x wys.x g\u0142. cm 15x23x14 dzieci cytaty, rozrywka dla dzieci, kolorowanka europa, okolice wroc\u0142awia, wierszyki o marzannie, najrzadsze imiona dla dziewczynek, ko\u0142ysanka tekst, miko\u0142ajek [&hellip;]<\/p>\n","protected":false},"featured_media":0,"comment_status":"closed","ping_status":"open","template":"","meta":[],"product_cat":[2042,2041],"product_tag":[838,763,674,736],"class_list":["post-11577","product","type-product","status-publish","hentry","product_cat-waga-produktu-bez-opakowania-kg-0","product_cat-wymiary-opakowania-dl-x-wys-x-gl-cm-15x23x14","product_tag-bajki-dla-dzieci-na-dobranoc","product_tag-fabian","product_tag-miasto-dzieci","product_tag-zabawki-na-roczek"],"_links":{"self":[{"href":"http:\/\/klubmamgdynia.pl\/index.php\/wp-json\/wp\/v2\/product\/11577","targetHints":{"allow":["GET"]}}],"collection":[{"href":"http:\/\/klubmamgdynia.pl\/index.php\/wp-json\/wp\/v2\/product"}],"about":[{"href":"http:\/\/klubmamgdynia.pl\/index.php\/wp-json\/wp\/v2\/types\/product"}],"replies":[{"embeddable":true,"href":"http:\/\/klubmamgdynia.pl\/index.php\/wp-json\/wp\/v2\/comments?post=11577"}],"wp:attachment":[{"href":"http:\/\/klubmamgdynia.pl\/index.php\/wp-json\/wp\/v2\/media?parent=11577"}],"wp:term":[{"taxonomy":"product_cat","embeddable":true,"href":"http:\/\/klubmamgdynia.pl\/index.php\/wp-json\/wp\/v2\/product_cat?post=11577"},{"taxonomy":"product_tag","embeddable":true,"href":"http:\/\/klubmamgdynia.pl\/index.php\/wp-json\/wp\/v2\/product_tag?post=11577"}],"curies":[{"name":"wp","href":"https:\/\/api.w.org\/{rel}","templated":true}]}}