{"id":11584,"date":"2018-02-08T14:16:49","date_gmt":"2018-02-08T13:16:49","guid":{"rendered":"http:\/\/klubmamgdynia.pl\/index.php\/produkt\/11584\/"},"modified":"2026-05-17T23:35:26","modified_gmt":"2026-05-17T21:35:26","slug":"11584","status":"publish","type":"product","link":"http:\/\/klubmamgdynia.pl\/index.php\/produkt\/11584\/","title":{"rendered":""},"content":{"rendered":"<h2> <\/h2>\n<p>kolorowanki do druku dla dziewczyn, kolorowanki uk\u0142ad s\u0142oneczny, aurora imi\u0119, kolorowanka \u015bwi\u0105teczna do wydruku, ekskluzywny prezent na roczek, \u015bmieszne zagadki dla dzieci, izabela imie, smok wawelski bajka, kolorowanki na andrzejki do wydruku, cytaty korczaka, test na znaki drogowe, quiz dynastia mizio\u0142k\u00f3w, imi\u0119 iwo, darmowy szablon list do miko\u0142aja<\/p>\n<p>yyyyy<\/p>\n<p>&nbsp;<\/p>\n","protected":false},"excerpt":{"rendered":"<p>kolorowanki do druku dla dziewczyn, kolorowanki uk\u0142ad s\u0142oneczny, aurora imi\u0119, kolorowanka \u015bwi\u0105teczna do wydruku, ekskluzywny prezent na roczek, \u015bmieszne zagadki dla dzieci, izabela imie, smok wawelski bajka, kolorowanki na andrzejki do wydruku, cytaty korczaka, test na znaki drogowe, quiz dynastia mizio\u0142k\u00f3w, imi\u0119 iwo, darmowy szablon list do miko\u0142aja yyyyy &nbsp;<\/p>\n","protected":false},"featured_media":0,"comment_status":"closed","ping_status":"open","template":"","meta":[],"product_cat":[],"product_tag":[825,670,579,653,592],"class_list":["post-11584","product","type-product","status-publish","hentry","product_tag-bajka-na-dobranoc-do-czytania","product_tag-irma","product_tag-quiz-opowiesci-z-narnii-lew-czarownica-i-stara-szafa","product_tag-warszawa-dla-dzieci","product_tag-zagadki-dla-dzieci"],"_links":{"self":[{"href":"http:\/\/klubmamgdynia.pl\/index.php\/wp-json\/wp\/v2\/product\/11584","targetHints":{"allow":["GET"]}}],"collection":[{"href":"http:\/\/klubmamgdynia.pl\/index.php\/wp-json\/wp\/v2\/product"}],"about":[{"href":"http:\/\/klubmamgdynia.pl\/index.php\/wp-json\/wp\/v2\/types\/product"}],"replies":[{"embeddable":true,"href":"http:\/\/klubmamgdynia.pl\/index.php\/wp-json\/wp\/v2\/comments?post=11584"}],"wp:attachment":[{"href":"http:\/\/klubmamgdynia.pl\/index.php\/wp-json\/wp\/v2\/media?parent=11584"}],"wp:term":[{"taxonomy":"product_cat","embeddable":true,"href":"http:\/\/klubmamgdynia.pl\/index.php\/wp-json\/wp\/v2\/product_cat?post=11584"},{"taxonomy":"product_tag","embeddable":true,"href":"http:\/\/klubmamgdynia.pl\/index.php\/wp-json\/wp\/v2\/product_tag?post=11584"}],"curies":[{"name":"wp","href":"https:\/\/api.w.org\/{rel}","templated":true}]}}