{"id":11586,"date":"2020-01-17T23:09:26","date_gmt":"2020-01-17T22:09:26","guid":{"rendered":"http:\/\/klubmamgdynia.pl\/index.php\/produkt\/11586\/"},"modified":"2026-04-20T09:43:55","modified_gmt":"2026-04-20T07:43:55","slug":"11586","status":"publish","type":"product","link":"http:\/\/klubmamgdynia.pl\/index.php\/produkt\/11586\/","title":{"rendered":""},"content":{"rendered":"<h2> <\/h2>\n<p>roczek prezenty, malowanki do druku, zygzak mcqueen kolorowanka, ciekawe zagadki i odpowiedzi, pch\u0142y na noc, milan imi\u0119, weso\u0142e pisanki tekst piosenki, znaczenie imiona monika, quiz narnia lew czarownica i stara szafa, sentencje napisy cytaty o rodzinie, ciekawe zagadki, opowie\u015bci z narni lew czarownica i stara szafa test, bajki dla dzieci do czytania, dzie\u0144 pluszowego misia napis<\/p>\n<p>yyyyy<\/p>\n<p>&nbsp;<\/p>\n","protected":false},"excerpt":{"rendered":"<p>roczek prezenty, malowanki do druku, zygzak mcqueen kolorowanka, ciekawe zagadki i odpowiedzi, pch\u0142y na noc, milan imi\u0119, weso\u0142e pisanki tekst piosenki, znaczenie imiona monika, quiz narnia lew czarownica i stara szafa, sentencje napisy cytaty o rodzinie, ciekawe zagadki, opowie\u015bci z narni lew czarownica i stara szafa test, bajki dla dzieci do czytania, dzie\u0144 pluszowego misia [&hellip;]<\/p>\n","protected":false},"featured_media":0,"comment_status":"closed","ping_status":"open","template":"","meta":[],"product_cat":[],"product_tag":[772,819,685,870,606,647,791],"class_list":["post-11586","product","type-product","status-publish","hentry","product_tag-45-panstw-europy-i-ich-stolice-quiz","product_tag-co-kupic-nastolatce-na-swieta","product_tag-cytaty-o-rodzinie","product_tag-prezent-dla-chlopca-na-roczek","product_tag-stala-pod-sniegiem","product_tag-warszawa-z-dzieckiem","product_tag-zagadki-na-myslenie"],"_links":{"self":[{"href":"http:\/\/klubmamgdynia.pl\/index.php\/wp-json\/wp\/v2\/product\/11586","targetHints":{"allow":["GET"]}}],"collection":[{"href":"http:\/\/klubmamgdynia.pl\/index.php\/wp-json\/wp\/v2\/product"}],"about":[{"href":"http:\/\/klubmamgdynia.pl\/index.php\/wp-json\/wp\/v2\/types\/product"}],"replies":[{"embeddable":true,"href":"http:\/\/klubmamgdynia.pl\/index.php\/wp-json\/wp\/v2\/comments?post=11586"}],"wp:attachment":[{"href":"http:\/\/klubmamgdynia.pl\/index.php\/wp-json\/wp\/v2\/media?parent=11586"}],"wp:term":[{"taxonomy":"product_cat","embeddable":true,"href":"http:\/\/klubmamgdynia.pl\/index.php\/wp-json\/wp\/v2\/product_cat?post=11586"},{"taxonomy":"product_tag","embeddable":true,"href":"http:\/\/klubmamgdynia.pl\/index.php\/wp-json\/wp\/v2\/product_tag?post=11586"}],"curies":[{"name":"wp","href":"https:\/\/api.w.org\/{rel}","templated":true}]}}