{"id":11587,"date":"2024-08-21T21:53:49","date_gmt":"2024-08-21T19:53:49","guid":{"rendered":"http:\/\/klubmamgdynia.pl\/?post_type=product&#038;p=11587"},"modified":"2026-05-17T22:03:26","modified_gmt":"2026-05-17T20:03:26","slug":"unikalnych-ksztaltow-oraz-specjalnej-metody-ciecia-dzieki-temu-mozemy-stworzyc-indywidualny-kolaz-oraz-latwo-przeniesc-cala-ukladanke-ponadto-poszczegolne-elementy-produktow-uft-sa-wykonane-z-materi","status":"publish","type":"product","link":"http:\/\/klubmamgdynia.pl\/index.php\/produkt\/unikalnych-ksztaltow-oraz-specjalnej-metody-ciecia-dzieki-temu-mozemy-stworzyc-indywidualny-kolaz-oraz-latwo-przeniesc-cala-ukladanke-ponadto-poszczegolne-elementy-produktow-uft-sa-wykonane-z-materi\/","title":{"rendered":"unikalnych kszta\u0142t\u00f3w oraz specjalnej metody ci\u0119cia. Dzi\u0119ki temu mo\u017cemy stworzy\u0107 indywidualny kola\u017c oraz \u0142atwo przenie\u015b\u0107 ca\u0142\u0105 uk\u0142adank\u0119. Ponadto poszczeg\u00f3lne elementy produkt\u00f3w UFT s\u0105 wykonane z materia\u0142\u00f3w ekologicznych. Worek zsypowy oraz stickery na pude\u0142ku zosta\u0142y wykonane z folii biodegradowalnej. Produkty nie s\u0105 opakowane w foli\u0119 termokurczliw\u0105."},"content":{"rendered":"<h2>unikalnych kszta\u0142t\u00f3w oraz specjalnej metody ci\u0119cia. Dzi\u0119ki temu mo\u017cemy stworzy\u0107 indywidualny kola\u017c oraz \u0142atwo przenie\u015b\u0107 ca\u0142\u0105 uk\u0142adank\u0119. Ponadto poszczeg\u00f3lne elementy produkt\u00f3w UFT s\u0105 wykonane z materia\u0142\u00f3w ekologicznych. Worek zsypowy oraz stickery na pude\u0142ku zosta\u0142y wykonane z folii biodegradowalnej. Produkty nie s\u0105 opakowane w foli\u0119 termokurczliw\u0105. <\/h2>\n<p>rysunki \u0142atwe, opis do zdj\u0119cia dziecka na fb, szlaczki dla dzieci do druku, kolorowanka sky, jaki prezent na roczek, bajka o \u017cabie, postacie z bajek, peppa do czytania, test na znaki drogowe, jagna imi\u0119, bajki dla chlopcow, zaproszenie na urodziny dziecka tekst do druku, imie paula, zagadki o wio\u015bnie dla dzieci, \u0142amig\u0142\u00f3wki matematyczne, wroc\u0142aw i okolice atrakcje, stare bajki, zimowe zagadki dla dzieci, prezent dla 7 latki, zagadki matematyczne dla przedszkolak\u00f3w<\/p>\n<p>yyyyy<\/p>\n<p>&nbsp;<\/p>\n","protected":false},"excerpt":{"rendered":"<p>unikalnych kszta\u0142t\u00f3w oraz specjalnej metody ci\u0119cia. Dzi\u0119ki temu mo\u017cemy stworzy\u0107 indywidualny kola\u017c oraz \u0142atwo przenie\u015b\u0107 ca\u0142\u0105 uk\u0142adank\u0119. Ponadto poszczeg\u00f3lne elementy produkt\u00f3w UFT s\u0105 wykonane z materia\u0142\u00f3w ekologicznych. Worek zsypowy oraz stickery na pude\u0142ku zosta\u0142y wykonane z folii biodegradowalnej. Produkty nie s\u0105 opakowane w foli\u0119 termokurczliw\u0105. rysunki \u0142atwe, opis do zdj\u0119cia dziecka na fb, szlaczki dla [&hellip;]<\/p>\n","protected":false},"featured_media":0,"comment_status":"closed","ping_status":"open","template":"","meta":[],"product_cat":[],"product_tag":[678,757,600],"class_list":["post-11587","product","type-product","status-publish","hentry","product_tag-prezent-na-roczek-dla-dziewczynki","product_tag-test-z-lektury-ania-z-zielonego-wzgorza-klasa-6-z-odpowiedziami","product_tag-zaproszenia-na-urodziny-do-druku"],"_links":{"self":[{"href":"http:\/\/klubmamgdynia.pl\/index.php\/wp-json\/wp\/v2\/product\/11587","targetHints":{"allow":["GET"]}}],"collection":[{"href":"http:\/\/klubmamgdynia.pl\/index.php\/wp-json\/wp\/v2\/product"}],"about":[{"href":"http:\/\/klubmamgdynia.pl\/index.php\/wp-json\/wp\/v2\/types\/product"}],"replies":[{"embeddable":true,"href":"http:\/\/klubmamgdynia.pl\/index.php\/wp-json\/wp\/v2\/comments?post=11587"}],"wp:attachment":[{"href":"http:\/\/klubmamgdynia.pl\/index.php\/wp-json\/wp\/v2\/media?parent=11587"}],"wp:term":[{"taxonomy":"product_cat","embeddable":true,"href":"http:\/\/klubmamgdynia.pl\/index.php\/wp-json\/wp\/v2\/product_cat?post=11587"},{"taxonomy":"product_tag","embeddable":true,"href":"http:\/\/klubmamgdynia.pl\/index.php\/wp-json\/wp\/v2\/product_tag?post=11587"}],"curies":[{"name":"wp","href":"https:\/\/api.w.org\/{rel}","templated":true}]}}