{"id":11599,"date":"2023-06-16T22:25:29","date_gmt":"2023-06-16T20:25:29","guid":{"rendered":"http:\/\/klubmamgdynia.pl\/?post_type=product&#038;p=11599"},"modified":"2026-04-18T16:04:11","modified_gmt":"2026-04-18T14:04:11","slug":"anek-lampka-projektor-susel-niebieski","status":"publish","type":"product","link":"http:\/\/klubmamgdynia.pl\/index.php\/produkt\/anek-lampka-projektor-susel-niebieski\/","title":{"rendered":"Anek Lampka Projektor Suse\u0142 (Niebieski)"},"content":{"rendered":"<p>Niebieski Suse\u0142ek pomaga uspokoi\u0107 i u\u015bpi\u0107 male\u0144stwo, wype\u0142niaj\u0105c pok\u00f3j gwiezdnymi \u015bwiate\u0142kami i odtwarzaj\u0105c spokojne melodie, odg\u0142osy oraz d\u017awi\u0119ki natury. Lampka to 3 mo\u017cliwo\u015bci u\u017cycia: Lamka\/projektor Melodie Lampka\/projektor + melodie Ma 2 tryby delikatnie pulsuj\u0105cego \u015bwiate\u0142ka: Niebieskie Kolorowe Aby w\u0142\u0105czy\u0107\/wy\u0142\u0105czy\u0107 lub zmieni\u0107 tryb \u015bwiecenia nale\u017cy nacisn\u0105\u0107 nosek przez 2 sekundy. ProjektorW ciemnym pokoju projektor wy\u015bwietla na suficie delikatnie pulsuj\u0105ce gwiazdki. Zabawka powoli zmienia kolor i nat\u0119\u017cenie \u015bwiat\u0142a. Dziecko widzi gwiazdki na zielone, nast\u0119pnie czerwone, niebieskie i r\u00f3\u017cnokolorowe.5 rodzaj\u00f3w melodii i d\u017awi\u0119k\u00f3w ka\u017cdy trwa 10 min. Morze Las Deszcz Przyroda Bicie serca Aby w\u0142\u0105czy\u0107\/wy\u0142\u0105czy\u0107 lub zmieni\u0107 tryb nale\u017cy nacisn\u0105\u0107 nosek przez 1 sekund\u0119Po 3 minutach nieu\u017cywania zabawka wy\u0142\u0105cza si\u0119. Regulator g\u0142o\u015bno\u015bci dzie\u0144\/noc z ty\u0142u zabawkiSuse\u0142ek pomaga stworzy\u0107 bezpieczn\u0105 i koj\u0105c\u0105 atmosfer\u0119 do snu w domu i w podr\u00f3\u017cy.od 3 miesi\u0119cy<\/p>\n<h2>Anek Lampka Projektor Suse\u0142 (Niebieski) Anek<\/h2>\n<p>zagadki logiczne na inteligencj\u0119, jednorozec z dyni, samolot kolorowanka, opis do zdj\u0119cia dziecka, bajki na dobranoc psi patrol, bajka krecik, zagadki dla nastolatk\u00f3w, jak dobra\u0107 narty dla dziecka, o\u015brodki wczasowe nad morzem dla rodzin z dzie\u0107mi, co kupi\u0107 ch\u0142opcu na roczek, pi\u0119kne cytaty o nauczycielach, quiz samochodowy, kolorowanki kotki, bajki dla dziewczynek, nastolatka, gdy strumyk p\u0142ynie z wolna, prezent roczek<\/p>\n<p>yyyyy<\/p>\n<p>&nbsp;<\/p>\n","protected":false},"excerpt":{"rendered":"<p>Niebieski Suse\u0142ek pomaga uspokoi\u0107 i u\u015bpi\u0107 male\u0144stwo, wype\u0142niaj\u0105c pok\u00f3j gwiezdnymi \u015bwiate\u0142kami i odtwarzaj\u0105c spokojne melodie, odg\u0142osy oraz d\u017awi\u0119ki natury. Lampka to 3 mo\u017cliwo\u015bci u\u017cycia: Lamka\/projektor Melodie Lampka\/projektor + melodie Ma 2 tryby delikatnie pulsuj\u0105cego \u015bwiate\u0142ka: Niebieskie Kolorowe Aby w\u0142\u0105czy\u0107\/wy\u0142\u0105czy\u0107 lub zmieni\u0107 tryb \u015bwiecenia nale\u017cy nacisn\u0105\u0107 nosek przez 2 sekundy. ProjektorW ciemnym pokoju projektor wy\u015bwietla na [&hellip;]<\/p>\n","protected":false},"featured_media":11600,"comment_status":"closed","ping_status":"open","template":"","meta":[],"product_cat":[111,138],"product_tag":[739,794,788,714],"class_list":["post-11599","product","type-product","status-publish","has-post-thumbnail","hentry","product_cat-anek","product_cat-lampki-dzieciece","product_tag-prima-aprilis-w-szkole","product_tag-test-opowiesci-z-narnii-lew-czarownica-i-stara-szafa-do-druku","product_tag-zagadki-krotkie","product_tag-zagadki-logiczne"],"_links":{"self":[{"href":"http:\/\/klubmamgdynia.pl\/index.php\/wp-json\/wp\/v2\/product\/11599","targetHints":{"allow":["GET"]}}],"collection":[{"href":"http:\/\/klubmamgdynia.pl\/index.php\/wp-json\/wp\/v2\/product"}],"about":[{"href":"http:\/\/klubmamgdynia.pl\/index.php\/wp-json\/wp\/v2\/types\/product"}],"replies":[{"embeddable":true,"href":"http:\/\/klubmamgdynia.pl\/index.php\/wp-json\/wp\/v2\/comments?post=11599"}],"wp:featuredmedia":[{"embeddable":true,"href":"http:\/\/klubmamgdynia.pl\/index.php\/wp-json\/wp\/v2\/media\/11600"}],"wp:attachment":[{"href":"http:\/\/klubmamgdynia.pl\/index.php\/wp-json\/wp\/v2\/media?parent=11599"}],"wp:term":[{"taxonomy":"product_cat","embeddable":true,"href":"http:\/\/klubmamgdynia.pl\/index.php\/wp-json\/wp\/v2\/product_cat?post=11599"},{"taxonomy":"product_tag","embeddable":true,"href":"http:\/\/klubmamgdynia.pl\/index.php\/wp-json\/wp\/v2\/product_tag?post=11599"}],"curies":[{"name":"wp","href":"https:\/\/api.w.org\/{rel}","templated":true}]}}