{"id":11641,"date":"2020-03-24T07:55:55","date_gmt":"2020-03-24T06:55:55","guid":{"rendered":"http:\/\/klubmamgdynia.pl\/index.php\/produkt\/toys-group-samochod-metalowy-policja-swiatlo-dzwiek-2724\/"},"modified":"2026-04-28T02:12:06","modified_gmt":"2026-04-28T00:12:06","slug":"toys-group-samochod-metalowy-policja-swiatlo-dzwiek-2724","status":"publish","type":"product","link":"http:\/\/klubmamgdynia.pl\/index.php\/produkt\/toys-group-samochod-metalowy-policja-swiatlo-dzwiek-2724\/","title":{"rendered":"Toys Group Samoch\u00f3d Metalowy Policja \u015awiat\u0142o D\u017awiek 2724"},"content":{"rendered":"<p>Auto samoch\u00f3d policyjny z d\u017awi\u0119kiem i \u015bwiat\u0142em &#8211; metalowyAuto wykonane z metalu.D\u0142ugo\u015b\u0107 samochodu 23,5 cmSamoch\u00f3d posiada otwierane drzwi.Po naci\u015bni\u0119ciu na o\u015bk\u0119 wydaje odg\u0142osy policji i \u015bwieci.Baterie do\u0142\u0105czone do zabawki.<\/p>\n<h2>Toys Group Samoch\u00f3d Metalowy Policja \u015awiat\u0142o D\u017awiek 2724 Toys Group<\/h2>\n<p>gaja imi\u0119, pole dyniowe pozna\u0144, pranki na prima aprilis dla rodzic\u00f3w, kolorowanki bajki, prezent dla pi\u0119tnastolatka, wystawy dla dzieci warszawa, jak namalowa\u0107 kota, wycinanki puzzle do druku, kolorowanki do druku konie, warszawa z dzieckiem, postacie z bajek, maski karnawa\u0142owe do druku, znaczenie imienia milan, list do gwiazdora, sentencja rodzina, janusz korczak cytaty, gabriela imie<\/p>\n<p>yyyyy<\/p>\n<p>&nbsp;<\/p>\n","protected":false},"excerpt":{"rendered":"<p>Auto samoch\u00f3d policyjny z d\u017awi\u0119kiem i \u015bwiat\u0142em &#8211; metalowyAuto wykonane z metalu.D\u0142ugo\u015b\u0107 samochodu 23,5 cmSamoch\u00f3d posiada otwierane drzwi.Po naci\u015bni\u0119ciu na o\u015bk\u0119 wydaje odg\u0142osy policji i \u015bwieci.Baterie do\u0142\u0105czone do zabawki. Toys Group Samoch\u00f3d Metalowy Policja \u015awiat\u0142o D\u017awiek 2724 Toys Group gaja imi\u0119, pole dyniowe pozna\u0144, pranki na prima aprilis dla rodzic\u00f3w, kolorowanki bajki, prezent dla pi\u0119tnastolatka, [&hellip;]<\/p>\n","protected":false},"featured_media":11642,"comment_status":"closed","ping_status":"open","template":"","meta":[],"product_cat":[83,2053],"product_tag":[792,697,760,823],"class_list":["post-11641","product","type-product","status-publish","has-post-thumbnail","hentry","product_cat-auta-i-inne-pojazdy-do-zabawy","product_cat-toys-group","product_tag-cytaty-o-mamie","product_tag-krotkie-bajki-do-czytania","product_tag-zagadka-matematyczna","product_tag-zagadki-dla-dzieci-7-lat"],"_links":{"self":[{"href":"http:\/\/klubmamgdynia.pl\/index.php\/wp-json\/wp\/v2\/product\/11641","targetHints":{"allow":["GET"]}}],"collection":[{"href":"http:\/\/klubmamgdynia.pl\/index.php\/wp-json\/wp\/v2\/product"}],"about":[{"href":"http:\/\/klubmamgdynia.pl\/index.php\/wp-json\/wp\/v2\/types\/product"}],"replies":[{"embeddable":true,"href":"http:\/\/klubmamgdynia.pl\/index.php\/wp-json\/wp\/v2\/comments?post=11641"}],"wp:featuredmedia":[{"embeddable":true,"href":"http:\/\/klubmamgdynia.pl\/index.php\/wp-json\/wp\/v2\/media\/11642"}],"wp:attachment":[{"href":"http:\/\/klubmamgdynia.pl\/index.php\/wp-json\/wp\/v2\/media?parent=11641"}],"wp:term":[{"taxonomy":"product_cat","embeddable":true,"href":"http:\/\/klubmamgdynia.pl\/index.php\/wp-json\/wp\/v2\/product_cat?post=11641"},{"taxonomy":"product_tag","embeddable":true,"href":"http:\/\/klubmamgdynia.pl\/index.php\/wp-json\/wp\/v2\/product_tag?post=11641"}],"curies":[{"name":"wp","href":"https:\/\/api.w.org\/{rel}","templated":true}]}}