{"id":11649,"date":"2019-12-14T05:34:11","date_gmt":"2019-12-14T04:34:11","guid":{"rendered":"http:\/\/klubmamgdynia.pl\/index.php\/produkt\/xo-ge-04-rozowy-gsm111757\/"},"modified":"2026-04-05T19:37:53","modified_gmt":"2026-04-05T17:37:53","slug":"xo-ge-04-rozowy-gsm111757","status":"publish","type":"product","link":"http:\/\/klubmamgdynia.pl\/index.php\/produkt\/xo-ge-04-rozowy-gsm111757\/","title":{"rendered":"Xo Ge-04 R\u00f3\u017cowy (GSM111757)"},"content":{"rendered":"<p>XO GE-04 to s\u0142uchawki nauszne dla graczy. Wyposa\u017cone w d\u0142ugi kabel ze sterowaniem g\u0142o\u015bno\u015bci\u0105 oraz specjalny mikrofon kt\u00f3ry pomo\u017ce w kontakcie z innymi graczami. Dodatkowo wbudowane diody led dodadz\u0105 wi\u0119kszych efekt\u00f3w rozrywce.<\/p>\n<h2>Xo Ge-04 R\u00f3\u017cowy (GSM111757) TelForceOne<\/h2>\n<p>zagadki \u015bwi\u0105teczne dla dzieci, zabawka na roczek, quiz o flagach, maska iron man, historia pluszowego misia, m.i.a., marianna, karaluchy pod poduchy<\/p>\n<p>yyyyy<\/p>\n<p>&nbsp;<\/p>\n","protected":false},"excerpt":{"rendered":"<p>XO GE-04 to s\u0142uchawki nauszne dla graczy. Wyposa\u017cone w d\u0142ugi kabel ze sterowaniem g\u0142o\u015bno\u015bci\u0105 oraz specjalny mikrofon kt\u00f3ry pomo\u017ce w kontakcie z innymi graczami. Dodatkowo wbudowane diody led dodadz\u0105 wi\u0119kszych efekt\u00f3w rozrywce. Xo Ge-04 R\u00f3\u017cowy (GSM111757) TelForceOne zagadki \u015bwi\u0105teczne dla dzieci, zabawka na roczek, quiz o flagach, maska iron man, historia pluszowego misia, m.i.a., marianna, [&hellip;]<\/p>\n","protected":false},"featured_media":11650,"comment_status":"closed","ping_status":"open","template":"","meta":[],"product_cat":[1951,2056],"product_tag":[650,859,699,856,589,741],"class_list":["post-11649","product","type-product","status-publish","has-post-thumbnail","hentry","product_cat-sluchawki-komputerowe","product_cat-telforceone","product_tag-choinka-z-bibuly","product_tag-dobranoc-pchly-na-noc","product_tag-kolorowanki-do-druku-dla-dziewczyn","product_tag-prezent-dla-16-latki","product_tag-prezent-dla-rocznego-dziecka","product_tag-wlochy"],"_links":{"self":[{"href":"http:\/\/klubmamgdynia.pl\/index.php\/wp-json\/wp\/v2\/product\/11649","targetHints":{"allow":["GET"]}}],"collection":[{"href":"http:\/\/klubmamgdynia.pl\/index.php\/wp-json\/wp\/v2\/product"}],"about":[{"href":"http:\/\/klubmamgdynia.pl\/index.php\/wp-json\/wp\/v2\/types\/product"}],"replies":[{"embeddable":true,"href":"http:\/\/klubmamgdynia.pl\/index.php\/wp-json\/wp\/v2\/comments?post=11649"}],"wp:featuredmedia":[{"embeddable":true,"href":"http:\/\/klubmamgdynia.pl\/index.php\/wp-json\/wp\/v2\/media\/11650"}],"wp:attachment":[{"href":"http:\/\/klubmamgdynia.pl\/index.php\/wp-json\/wp\/v2\/media?parent=11649"}],"wp:term":[{"taxonomy":"product_cat","embeddable":true,"href":"http:\/\/klubmamgdynia.pl\/index.php\/wp-json\/wp\/v2\/product_cat?post=11649"},{"taxonomy":"product_tag","embeddable":true,"href":"http:\/\/klubmamgdynia.pl\/index.php\/wp-json\/wp\/v2\/product_tag?post=11649"}],"curies":[{"name":"wp","href":"https:\/\/api.w.org\/{rel}","templated":true}]}}