{"id":11665,"date":"2019-06-08T21:00:00","date_gmt":"2019-06-08T19:00:00","guid":{"rendered":"http:\/\/klubmamgdynia.pl\/index.php\/produkt\/oculus-rift-vr-bundle-headset-touch-motion-controller-3010009501\/"},"modified":"2026-04-24T05:15:13","modified_gmt":"2026-04-24T03:15:13","slug":"oculus-rift-vr-bundle-headset-touch-motion-controller-3010009501","status":"publish","type":"product","link":"http:\/\/klubmamgdynia.pl\/index.php\/produkt\/oculus-rift-vr-bundle-headset-touch-motion-controller-3010009501\/","title":{"rendered":"Oculus Rift VR Bundle Headset + Touch Motion-Controller (3010009501)"},"content":{"rendered":"<p>OCULUS RIFT VR BUNDLE HEADSET + TOUCH MOTION-CONTROLLER <\/p>\n<p>Oculus Rift \u2013 to gogle wirtualnej rzeczywisto\u015bci stworzone przez firm\u0119 Oculus VR. Pomys\u0142 na ich stworzenie pojawi\u0142 si\u0119 na portalu crowdfundingowym, na kt\u00f3rym uzbierano kwot\u0119 10-krotnie wi\u0119ksz\u0105 ni\u017c zak\u0142adano. Sta\u0142y si\u0119 najbardziej popularnym sprz\u0119tem do wirtualnej rzeczywisto\u015bci oferuj\u0105c niespotykane wcze\u015bniej wra\u017cenia..Na pewno ka\u017cdy, kto interesuje si\u0119 technologi\u0105 VR (VirtualReality) s\u0142ysza\u0142 o g\u0142\u00f3wnym konkurencie SteamVR, kt\u00f3rym jest system Oculus Rift. Co r\u00f3\u017cni te dwa projekty? G\u0142\u00f3wn\u0105 i do\u015b\u0107 wa\u017cna r\u00f3\u017cnic\u0105 jest fakt, \u017ce Oculus zosta\u0142 stworzony z my\u015bl\u0105 o rozrywce w pozycji siedz\u0105cej, natomiast system SteamVR oferuje rozrywk\u0119 na stoj\u0105co. Minimalna przestrze\u0144 zalecana przez producenta podczas u\u017cytkowania to 4&#215;4 metry.                            <\/p>\n<p>            Wkrocz do \u015bwiata Rift<\/p>\n<p>Rift to ca\u0142kowicie wyj\u0105tkowe do\u015bwiadczenie. Niezale\u017cnie od tego, czy wkraczasz do \u015bwiata swojej ulubionej gry, ogl\u0105dasz wci\u0105gaj\u0105cy film VR, przemieszczasz si\u0119 do lokalizacji na drugim ko\u0144cu \u015bwiata, czy po prostu sp\u0119dzasz czas ze znajomymi w wirtualnej rzeczywisto\u015bci, doznania b\u0119d\u0105 niezwykle realne.                            <\/p>\n<p>            Magia obecno\u015bci<\/p>\n<p>Zaawansowana technologia wy\u015bwietlania Rift w po\u0142\u0105czeniu z precyzyjnym systemem \u015bledzenia konstelacji z ma\u0142ymi op\u00f3\u017anieniami zapewnia wra\u017cenia obecno\u015bci w miejscu, w kt\u00f3rym rozgrywa si\u0119 akcja. Magia obecno\u015bci zmienia wszystko. Przygotuj si\u0119 na niespotykane wra\u017cenia.                            <\/p>\n<p>            Naturalne gesty i ruch<\/p>\n<p>Kontrolery Touch s\u0105 niezwykle intuicyjne. Wykonywanie r\u00f3\u017cnych czynno\u015bci w wirtualnej rzeczywisto\u015bci przychodzi tak naturalnie jak w codziennym \u017cyciu.                            <\/p>\n<p>            Nowoczesny i wyrafinowany styl<\/p>\n<p>Od samego pocz\u0105tku poczujesz i zauwa\u017cysz dba\u0142o\u015b\u0107 o szczeg\u00f3\u0142y przy projektowaniu i tworzeniu urz\u0105dzenia Rift. Mo\u017cliwo\u015b\u0107 dostosowania, wygoda i pi\u0119kno \u2013 technologia i design Rift s\u0105 r\u00f3wnie spektakularne, jak do\u015bwiadczenia oferowane przez urz\u0105dzenie.<\/p>\n<h2>Oculus Rift VR Bundle Headset + Touch Motion-Controller (3010009501) Oculus VR<\/h2>\n<p>quiz flagi europy, roza imie, proste zagadki, zaproszenie na urodziny dziecka tekst do druku, krotkie zagadki, pole dyniowe pozna\u0144, quiz o usa, zaproszenia urodzinowe do druku, janusz korczak cytaty, skye psi patrol kolorowanka, pomys\u0142y na prezent dla nastolatki, mitologia grecka quiz, z\u0142ote my\u015bli kubu\u015b puchatek cytaty, m\u00f3j przyjaciel mi\u015b scenariusz zaj\u0119\u0107 w przedszkolu, trudne \u0142amig\u0142\u00f3wki, prezenty dla nastolatek, zabawy na bal karnawa\u0142owy w przedszkolu<\/p>\n<p>yyyyy<\/p>\n<p>&nbsp;<\/p>\n","protected":false},"excerpt":{"rendered":"<p>OCULUS RIFT VR BUNDLE HEADSET + TOUCH MOTION-CONTROLLER Oculus Rift \u2013 to gogle wirtualnej rzeczywisto\u015bci stworzone przez firm\u0119 Oculus VR. Pomys\u0142 na ich stworzenie pojawi\u0142 si\u0119 na portalu crowdfundingowym, na kt\u00f3rym uzbierano kwot\u0119 10-krotnie wi\u0119ksz\u0105 ni\u017c zak\u0142adano. Sta\u0142y si\u0119 najbardziej popularnym sprz\u0119tem do wirtualnej rzeczywisto\u015bci oferuj\u0105c niespotykane wcze\u015bniej wra\u017cenia..Na pewno ka\u017cdy, kto interesuje si\u0119 technologi\u0105 [&hellip;]<\/p>\n","protected":false},"featured_media":11666,"comment_status":"closed","ping_status":"open","template":"","meta":[],"product_cat":[1394,1386],"product_tag":[686,688,636,632,595],"class_list":["post-11665","product","type-product","status-publish","has-post-thumbnail","hentry","product_cat-oculus-vr","product_cat-okulary-vr","product_tag-co-na-roczek-dla-chlopca","product_tag-kolysanki-tekst","product_tag-teksty-kolysanek","product_tag-warszawa-atrakcje-dla-mlodziezy","product_tag-zagadki-dla-6-latka"],"_links":{"self":[{"href":"http:\/\/klubmamgdynia.pl\/index.php\/wp-json\/wp\/v2\/product\/11665","targetHints":{"allow":["GET"]}}],"collection":[{"href":"http:\/\/klubmamgdynia.pl\/index.php\/wp-json\/wp\/v2\/product"}],"about":[{"href":"http:\/\/klubmamgdynia.pl\/index.php\/wp-json\/wp\/v2\/types\/product"}],"replies":[{"embeddable":true,"href":"http:\/\/klubmamgdynia.pl\/index.php\/wp-json\/wp\/v2\/comments?post=11665"}],"wp:featuredmedia":[{"embeddable":true,"href":"http:\/\/klubmamgdynia.pl\/index.php\/wp-json\/wp\/v2\/media\/11666"}],"wp:attachment":[{"href":"http:\/\/klubmamgdynia.pl\/index.php\/wp-json\/wp\/v2\/media?parent=11665"}],"wp:term":[{"taxonomy":"product_cat","embeddable":true,"href":"http:\/\/klubmamgdynia.pl\/index.php\/wp-json\/wp\/v2\/product_cat?post=11665"},{"taxonomy":"product_tag","embeddable":true,"href":"http:\/\/klubmamgdynia.pl\/index.php\/wp-json\/wp\/v2\/product_tag?post=11665"}],"curies":[{"name":"wp","href":"https:\/\/api.w.org\/{rel}","templated":true}]}}