{"id":11681,"date":"2015-03-23T04:04:47","date_gmt":"2015-03-23T03:04:47","guid":{"rendered":"http:\/\/klubmamgdynia.pl\/index.php\/produkt\/bayer-design-fotelik-samochodowy-dla-lalek-z-daszkiem-grey-67910aa\/"},"modified":"2026-04-06T15:12:21","modified_gmt":"2026-04-06T13:12:21","slug":"bayer-design-fotelik-samochodowy-dla-lalek-z-daszkiem-grey-67910aa","status":"publish","type":"product","link":"http:\/\/klubmamgdynia.pl\/index.php\/produkt\/bayer-design-fotelik-samochodowy-dla-lalek-z-daszkiem-grey-67910aa\/","title":{"rendered":"Bayer Design Fotelik Samochodowy Dla Lalek Z Daszkiem Grey 67910Aa"},"content":{"rendered":"<p>Zabawkowy samochodowy fotelik dla lalki. Fotelik dedykowany jest dla wszystkich lalek o wysoko\u015bci od 33 do 48 cm. Fotelik wyposa\u017cony zosta\u0142 ruchomy uchwyt, kt\u00f3ry mo\u017cna z\u0142o\u017cy\u0107 i zablokowa\u0107, oraz przeciws\u0142oneczny daszek. O &#8222;bezpiecze\u0144stwo&#8221; laleczki dba\u0142\u0105 trzypunktowe, \u0142atwe w odpinaniu pasy. Wewn\u0119trzne oparcie siedziska ozdobione zosta\u0142o wizerunkiem skrzydlatej wr\u00f3\u017cki. Fotelik mo\u017ce s\u0142u\u017cy\u0107 r\u00f3wnie\u017c jako bujaczek-po ustawieniu go na pod\u0142odze, jego specjalnie wyprofilowane dno pozwala na przyjemny ruch w prz\u00f3d i w ty\u0142. Wy\u015bci\u00f3\u0142k\u0119 materia\u0142ow\u0105 zabawki mo\u017cna zdj\u0105\u0107 i wypra\u0107 w pralce. Waga i rozmiary zabawki dostosowane s\u0105 do potrzeb ma\u0142ych dzieci i nie b\u0119d\u0105 sprawia\u0107 trudno\u015bci podczas zabawy.<\/p>\n<h2>Bayer Design Fotelik Samochodowy Dla Lalek Z Daszkiem Grey 67910Aa Bayer Design<\/h2>\n<p>zaproszenia na urodziny do druku, ozdoby \u015bwi\u0105teczne z rolek po papierze toaletowym, zagadki matematyczne dla dzieci 7 lat, afryka\u0144skie imiona, prezenty dla rocznego dziecka, lol do druku, jak zrobi\u0107 wulkan, zagadki dla 7 latk\u00f3w, sentencje na dzie\u0144 nauczyciela, cytaty o mi\u0142o\u015bci do dziecka, rado\u015b\u0107 dziecka cytaty, darmowe kolorowanki do druku, zagadki dla dzieci 9-10 lat z odpowiedziami, jakie s\u0105 dary jesieni, \u0142ama\u0144ce j\u0119zykowe dla dzieci, imi\u0119 iwo, zagadki dla 4 latka, prezent dla 16 latki, park ujazdowski<\/p>\n<p>yyyyy<\/p>\n<p>&nbsp;<\/p>\n","protected":false},"excerpt":{"rendered":"<p>Zabawkowy samochodowy fotelik dla lalki. Fotelik dedykowany jest dla wszystkich lalek o wysoko\u015bci od 33 do 48 cm. Fotelik wyposa\u017cony zosta\u0142 ruchomy uchwyt, kt\u00f3ry mo\u017cna z\u0142o\u017cy\u0107 i zablokowa\u0107, oraz przeciws\u0142oneczny daszek. O &#8222;bezpiecze\u0144stwo&#8221; laleczki dba\u0142\u0105 trzypunktowe, \u0142atwe w odpinaniu pasy. Wewn\u0119trzne oparcie siedziska ozdobione zosta\u0142o wizerunkiem skrzydlatej wr\u00f3\u017cki. Fotelik mo\u017ce s\u0142u\u017cy\u0107 r\u00f3wnie\u017c jako bujaczek-po ustawieniu [&hellip;]<\/p>\n","protected":false},"featured_media":11682,"comment_status":"closed","ping_status":"open","template":"","meta":[],"product_cat":[172,1227],"product_tag":[772,676,584,742,860],"class_list":["post-11681","product","type-product","status-publish","has-post-thumbnail","hentry","product_cat-akcesoria-dla-lalek","product_cat-bayer-design","product_tag-45-panstw-europy-i-ich-stolice-quiz","product_tag-bursztynek","product_tag-liwia","product_tag-piosenki-dla-dzieci-tekst","product_tag-zagadki-logiczne-dla-doroslych"],"_links":{"self":[{"href":"http:\/\/klubmamgdynia.pl\/index.php\/wp-json\/wp\/v2\/product\/11681","targetHints":{"allow":["GET"]}}],"collection":[{"href":"http:\/\/klubmamgdynia.pl\/index.php\/wp-json\/wp\/v2\/product"}],"about":[{"href":"http:\/\/klubmamgdynia.pl\/index.php\/wp-json\/wp\/v2\/types\/product"}],"replies":[{"embeddable":true,"href":"http:\/\/klubmamgdynia.pl\/index.php\/wp-json\/wp\/v2\/comments?post=11681"}],"wp:featuredmedia":[{"embeddable":true,"href":"http:\/\/klubmamgdynia.pl\/index.php\/wp-json\/wp\/v2\/media\/11682"}],"wp:attachment":[{"href":"http:\/\/klubmamgdynia.pl\/index.php\/wp-json\/wp\/v2\/media?parent=11681"}],"wp:term":[{"taxonomy":"product_cat","embeddable":true,"href":"http:\/\/klubmamgdynia.pl\/index.php\/wp-json\/wp\/v2\/product_cat?post=11681"},{"taxonomy":"product_tag","embeddable":true,"href":"http:\/\/klubmamgdynia.pl\/index.php\/wp-json\/wp\/v2\/product_tag?post=11681"}],"curies":[{"name":"wp","href":"https:\/\/api.w.org\/{rel}","templated":true}]}}