{"id":11685,"date":"2011-03-26T19:12:32","date_gmt":"2011-03-26T18:12:32","guid":{"rendered":"http:\/\/klubmamgdynia.pl\/index.php\/produkt\/horizon-forbidden-west-ps5-key\/"},"modified":"2026-04-06T04:46:03","modified_gmt":"2026-04-06T02:46:03","slug":"horizon-forbidden-west-ps5-key","status":"publish","type":"product","link":"http:\/\/klubmamgdynia.pl\/index.php\/produkt\/horizon-forbidden-west-ps5-key\/","title":{"rendered":"Horizon Forbidden West (PS5 Key)"},"content":{"rendered":"<p>\u00a0                            <\/p>\n<p>Powsta\u0144 z ruin &#8211;\u00a0Horizon Forbidden WestDo\u0142\u0105cz do Aloy, kt\u00f3ra wyrusza na zakazany zach\u00f3d \u2013 majestatyczne i niebezpieczne pogranicze, gdzie zmierzy si\u0119 z nowymi, tajemniczymi zagro\u017ceniami.Odkrywaj dalekie krainy, walcz z wi\u0119kszymi i bardziej niesamowitymi maszynami, a tak\u017ce poznaj nowe plemiona w postapokaliptycznym, osadzonym w dalekiej przysz\u0142o\u015bci \u015bwiecie Horizon.\u00a0\u00a0Ziemia umiera. Bezwzgl\u0119dne burze i niepowstrzymana plaga pustosz\u0105 rozproszone po \u015bwiecie skupiska ludzkie, podczas gdy nowe, przera\u017caj\u0105ce maszyny grasuj\u0105 u ich granic. \u017bycie na Ziemi chyli si\u0119 ku kolejnej zag\u0142adzie, ale nikt nie wie, dlaczego tak si\u0119 dzieje.Teraz Aloy musi odkry\u0107 tajemnice kryj\u0105ce si\u0119 za tymi zagro\u017ceniami i przywr\u00f3ci\u0107 porz\u0105dek i r\u00f3wnowag\u0119 na \u015bwiecie. W trakcie swojej wyprawy ponownie zjednoczy si\u0142y ze starymi przyjaci\u00f3\u0142mi, zawrze przymierza z nowymi, wojuj\u0105cymi frakcjami i odkryje spu\u015bcizn\u0119 staro\u017cytnej przesz\u0142o\u015bci, jednocze\u015bnie staraj\u0105c si\u0119 by\u0107 o krok przed pozornie niepokonanym nowym wrogiem.                            <\/p>\n<p>Epicki RPG akcji i przygody:Przemierz ogromny otwarty \u015bwiat \u2013 wyrusz do odleg\u0142ych krain i poznaj nowych wrog\u00f3w, bogate kultury oraz niesamowite postacie.Majestatyczne pogranicze \u2013 odkryj bujne lasy, zatopione miasta i imponuj\u0105ce g\u00f3ry w Ameryce dalekiej przysz\u0142o\u015bci.Zmierz si\u0119 z nowymi zagro\u017ceniami \u2013 we\u017a udzia\u0142 w strategicznych starciach przeciwko pot\u0119\u017cnym maszynom i ludzkim wrogom na wierzchowcach. Skorzystaj z broni, wyposa\u017cenia oraz pu\u0142apek wytworzonych z odzyskanych cz\u0119\u015bci.Ujawnij przera\u017caj\u0105ce tajemnice \u2013 odkryj tajemnic\u0119 nieuchronnej katastrofy na Ziemi i odblokuj ukryty rozdzia\u0142 w staro\u017cytnej przesz\u0142o\u015bci\u2026 kt\u00f3ry na zawsze zmieni Aloy.                            <\/p>\n<p>_<\/p>\n<h2>Horizon Forbidden West (PS5 Key) Guerrilla Games<\/h2>\n<p>jak narysowa\u0107 psa, kolorowanka super zings, bajki dla dzieci do czytania, cytaty dziecko, ahmed, prezent dla dziecka 1 rok, gaja imi\u0119, zagadka matematyczna dla dzieci, zagadki dla 5 latka, quiz z ma\u0142ego ksi\u0119cia, kolorowanka anio\u0142ek, zaproszenie na urodziny, zagadki logiczne i odpowiedzi, ci\u0119\u017ckie zagadki, co oznacza jordan, rysowanki, nadia imi\u0119, zabawy dla 5-6 latk\u00f3w, ewelina, kostek imi\u0119, bajka o miko\u0142aju do czytania<\/p>\n<p>yyyyy<\/p>\n<p>&nbsp;<\/p>\n","protected":false},"excerpt":{"rendered":"<p>\u00a0 Powsta\u0144 z ruin &#8211;\u00a0Horizon Forbidden WestDo\u0142\u0105cz do Aloy, kt\u00f3ra wyrusza na zakazany zach\u00f3d \u2013 majestatyczne i niebezpieczne pogranicze, gdzie zmierzy si\u0119 z nowymi, tajemniczymi zagro\u017ceniami.Odkrywaj dalekie krainy, walcz z wi\u0119kszymi i bardziej niesamowitymi maszynami, a tak\u017ce poznaj nowe plemiona w postapokaliptycznym, osadzonym w dalekiej przysz\u0142o\u015bci \u015bwiecie Horizon.\u00a0\u00a0Ziemia umiera. Bezwzgl\u0119dne burze i niepowstrzymana plaga pustosz\u0105 [&hellip;]<\/p>\n","protected":false},"featured_media":11686,"comment_status":"closed","ping_status":"open","template":"","meta":[],"product_cat":[1389,266],"product_tag":[689,613,737,822],"class_list":["post-11685","product","type-product","status-publish","has-post-thumbnail","hentry","product_cat-gry-do-pobrania-na-playstation-4","product_cat-guerrilla-games","product_tag-linda","product_tag-na-wyspach-bergamutach","product_tag-test-z-lektury-felix-net-i-nika-oraz-gang-niewidzialnych-ludzi","product_tag-wierszyki-o-wakacjach-krotkie"],"_links":{"self":[{"href":"http:\/\/klubmamgdynia.pl\/index.php\/wp-json\/wp\/v2\/product\/11685","targetHints":{"allow":["GET"]}}],"collection":[{"href":"http:\/\/klubmamgdynia.pl\/index.php\/wp-json\/wp\/v2\/product"}],"about":[{"href":"http:\/\/klubmamgdynia.pl\/index.php\/wp-json\/wp\/v2\/types\/product"}],"replies":[{"embeddable":true,"href":"http:\/\/klubmamgdynia.pl\/index.php\/wp-json\/wp\/v2\/comments?post=11685"}],"wp:featuredmedia":[{"embeddable":true,"href":"http:\/\/klubmamgdynia.pl\/index.php\/wp-json\/wp\/v2\/media\/11686"}],"wp:attachment":[{"href":"http:\/\/klubmamgdynia.pl\/index.php\/wp-json\/wp\/v2\/media?parent=11685"}],"wp:term":[{"taxonomy":"product_cat","embeddable":true,"href":"http:\/\/klubmamgdynia.pl\/index.php\/wp-json\/wp\/v2\/product_cat?post=11685"},{"taxonomy":"product_tag","embeddable":true,"href":"http:\/\/klubmamgdynia.pl\/index.php\/wp-json\/wp\/v2\/product_tag?post=11685"}],"curies":[{"name":"wp","href":"https:\/\/api.w.org\/{rel}","templated":true}]}}