{"id":11725,"date":"2017-08-04T21:36:31","date_gmt":"2017-08-04T19:36:31","guid":{"rendered":"http:\/\/klubmamgdynia.pl\/index.php\/produkt\/roblox-futuristic-mech-sled-digital\/"},"modified":"2026-05-17T22:21:09","modified_gmt":"2026-05-17T20:21:09","slug":"roblox-futuristic-mech-sled-digital","status":"publish","type":"product","link":"http:\/\/klubmamgdynia.pl\/index.php\/produkt\/roblox-futuristic-mech-sled-digital\/","title":{"rendered":"Roblox Futuristic Mech Sled (Digital)"},"content":{"rendered":"<p>Roblox is the best place to Imagine with Friends. With the largest user-generated online gaming platform, and over 15 million games created by users, Roblox is the #1 gaming site for kids and teens.Every day, virtual explorers come to Roblox to create adventures, play games, role play, and learn with their friends in a family-friendly, immersive, 3D environment.Includes: Futuristic Mech Sled<\/p>\n<h2>Roblox Futuristic Mech Sled (Digital) ROBLOX<\/h2>\n<p>imie iwo, kryspinow, anio\u0142ki w niebie pisz\u0105, co oznacza imi\u0119 alan, leon imi\u0119, test z pana kleksa, kolorowanka pokemon, prezent na urodziny dla nastolatk\u00f3w, domki z rolek po papierze toaletowym, pomys\u0142 na prezent dla 15 latki, test dynastia mizio\u0142k\u00f3w, zagadki logiczne i odpowiedzi, pisanie po \u015bladzie do druku pdf, b\u0105k ptak<\/p>\n<p>yyyyy<\/p>\n<p>&nbsp;<\/p>\n","protected":false},"excerpt":{"rendered":"<p>Roblox is the best place to Imagine with Friends. With the largest user-generated online gaming platform, and over 15 million games created by users, Roblox is the #1 gaming site for kids and teens.Every day, virtual explorers come to Roblox to create adventures, play games, role play, and learn with their friends in a family-friendly, [&hellip;]<\/p>\n","protected":false},"featured_media":11726,"comment_status":"closed","ping_status":"open","template":"","meta":[],"product_cat":[352,2066],"product_tag":[848,766,867,646,679],"class_list":["post-11725","product","type-product","status-publish","has-post-thumbnail","hentry","product_cat-gry-do-pobrania-na-pc","product_cat-roblox","product_tag-cytat-o-rodzinie","product_tag-kira","product_tag-kolorowanki-dla-dziewczynek","product_tag-prezent-na-pierwsze-urodziny","product_tag-zabawki-na-roczek-dla-dziewczynki"],"_links":{"self":[{"href":"http:\/\/klubmamgdynia.pl\/index.php\/wp-json\/wp\/v2\/product\/11725","targetHints":{"allow":["GET"]}}],"collection":[{"href":"http:\/\/klubmamgdynia.pl\/index.php\/wp-json\/wp\/v2\/product"}],"about":[{"href":"http:\/\/klubmamgdynia.pl\/index.php\/wp-json\/wp\/v2\/types\/product"}],"replies":[{"embeddable":true,"href":"http:\/\/klubmamgdynia.pl\/index.php\/wp-json\/wp\/v2\/comments?post=11725"}],"wp:featuredmedia":[{"embeddable":true,"href":"http:\/\/klubmamgdynia.pl\/index.php\/wp-json\/wp\/v2\/media\/11726"}],"wp:attachment":[{"href":"http:\/\/klubmamgdynia.pl\/index.php\/wp-json\/wp\/v2\/media?parent=11725"}],"wp:term":[{"taxonomy":"product_cat","embeddable":true,"href":"http:\/\/klubmamgdynia.pl\/index.php\/wp-json\/wp\/v2\/product_cat?post=11725"},{"taxonomy":"product_tag","embeddable":true,"href":"http:\/\/klubmamgdynia.pl\/index.php\/wp-json\/wp\/v2\/product_tag?post=11725"}],"curies":[{"name":"wp","href":"https:\/\/api.w.org\/{rel}","templated":true}]}}