{"id":11731,"date":"2024-06-26T16:56:31","date_gmt":"2024-06-26T14:56:31","guid":{"rendered":"http:\/\/klubmamgdynia.pl\/?post_type=product&#038;p=11731"},"modified":"2026-04-05T17:19:23","modified_gmt":"2026-04-05T15:19:23","slug":"trefl-brick-trick-buduj-z-cegly-twierdza-m-61540","status":"publish","type":"product","link":"http:\/\/klubmamgdynia.pl\/index.php\/produkt\/trefl-brick-trick-buduj-z-cegly-twierdza-m-61540\/","title":{"rendered":"Trefl Brick Trick buduj z ceg\u0142y Twierdza M 61540"},"content":{"rendered":"<p>Klocki Brick Trick to zabawa murowana! Zosta\u0144 konstruktorem i wykorzystuj\u0105c do budowy prawdziwe ceg\u0142y i drewno stw\u00f3rz imponuj\u0105ce budowle! Tw\u00f3rz wed\u0142ug instrukcji lub u\u017cyj wy\u0142\u0105cznie swojej wyobra\u017ani do stworzenia w\u0142asnej, wyj\u0105tkowej konstrukcji. Po\u0142\u0105cz kilka budynk\u00f3w, tworz\u0105c tym samym klimat wsi, miasta lub \u015bredniowiecza. W instrukcji znajdziesz ciekawostki prosto z placu budowy. Dodatkowo dowiesz si\u0119, jak urozmaici\u0107 i rozbudowa\u0107 swoj\u0105 konstrukcj\u0119 dzi\u0119ki wielu interesuj\u0105cym pomys\u0142om i rozwi\u0105zaniom.\u00a0                            <\/p>\n<p>Wybuduj wspania\u0142\u0105 Twierdz\u0119 wykorzystuj\u0105c prawdziwe ceg\u0142y,drewno oraz naturalne elementy dekoracyjne jak traw\u0119, korek czy krzew. Skorzystaj z do\u0142\u0105czonych\u00a0plan\u00f3w budowy lub u\u017cyj wyobra\u017ani do stworzenia\u00a0niepowtarzalnych wspania\u0142ych obiekt\u00f3w. Baw si\u0119 do\u0142\u0105czonymi pionkami\u00a0prosto z \u015bredniowiecznej epoki.Ale to nie koniec zabawy! Rozpu\u015b\u0107 konstrukcj\u0119 w wodzie i budujdalej wykorzystuj\u0105c ponownie te same ceg\u0142y! W zestawieznajdziesz naturalne ceg\u0142y, klej, drewniane deseczki,\u00a0elementy dekoracyjne, pionki, podstawk\u0119, naklejk\u0119\u00a0i instrukcj\u0119!\u00a0Zabawa z Brick Trick murowana!                            <\/p>\n<p>Zawarto\u015b\u0107:Ceg\u0142y mozaika 20 \u00d7 10 \u00d7 10 mmCeg\u0142y mozaika 10 \u00d7 10 \u00d7 10 mm\u0141uk mozaika ma\u0142y\u0141uk mozaika du\u017cyDeseczki 220 \u00d7 10 \u00d7 2 mmKlej do budowyPodstawka z p\u0142yty HDF 26 \u00d7 20 cmNaklejka z rozrysem fundamentuInstrukcjaPodstawki do pionk\u00f3w (5 sztuk)Zestaw postaci wraz z tekturow\u0105szpatu\u0142k\u0105Trawa dekoracyjnaKrzew i kamie\u0144 dekoracyjny<\/p>\n<h2>Trefl Brick Trick buduj z ceg\u0142y Twierdza M 61540 Trefl<\/h2>\n<p>szybkie zagadki matematyczne, zagadki matematyczne dla dzieci 7 lat, swinka peppa do czytania, miko\u0142ajki dla dzieci warszawa 2021, zagadki na logik\u0119, zagadki matematyczne, ma\u0142y ksi\u0105\u017ce test, gabriel, wydarzenia dla dzieci warszawa, ba\u0142wanek do druku, bajka dla niemowlaka, quizy online, bajki dla niemowl\u0105t, maciej imie, minecraft kolorowanki<\/p>\n<p>yyyyy<\/p>\n<p>&nbsp;<\/p>\n","protected":false},"excerpt":{"rendered":"<p>Klocki Brick Trick to zabawa murowana! Zosta\u0144 konstruktorem i wykorzystuj\u0105c do budowy prawdziwe ceg\u0142y i drewno stw\u00f3rz imponuj\u0105ce budowle! Tw\u00f3rz wed\u0142ug instrukcji lub u\u017cyj wy\u0142\u0105cznie swojej wyobra\u017ani do stworzenia w\u0142asnej, wyj\u0105tkowej konstrukcji. Po\u0142\u0105cz kilka budynk\u00f3w, tworz\u0105c tym samym klimat wsi, miasta lub \u015bredniowiecza. W instrukcji znajdziesz ciekawostki prosto z placu budowy. Dodatkowo dowiesz si\u0119, jak [&hellip;]<\/p>\n","protected":false},"featured_media":11732,"comment_status":"closed","ping_status":"open","template":"","meta":[],"product_cat":[113,104],"product_tag":[844,734,855,589],"class_list":["post-11731","product","type-product","status-publish","has-post-thumbnail","hentry","product_cat-klocki","product_cat-trefl","product_tag-co-kupic-na-roczek","product_tag-milan-imie","product_tag-nietypowe-imiona-zenskie","product_tag-prezent-dla-rocznego-dziecka"],"_links":{"self":[{"href":"http:\/\/klubmamgdynia.pl\/index.php\/wp-json\/wp\/v2\/product\/11731","targetHints":{"allow":["GET"]}}],"collection":[{"href":"http:\/\/klubmamgdynia.pl\/index.php\/wp-json\/wp\/v2\/product"}],"about":[{"href":"http:\/\/klubmamgdynia.pl\/index.php\/wp-json\/wp\/v2\/types\/product"}],"replies":[{"embeddable":true,"href":"http:\/\/klubmamgdynia.pl\/index.php\/wp-json\/wp\/v2\/comments?post=11731"}],"wp:featuredmedia":[{"embeddable":true,"href":"http:\/\/klubmamgdynia.pl\/index.php\/wp-json\/wp\/v2\/media\/11732"}],"wp:attachment":[{"href":"http:\/\/klubmamgdynia.pl\/index.php\/wp-json\/wp\/v2\/media?parent=11731"}],"wp:term":[{"taxonomy":"product_cat","embeddable":true,"href":"http:\/\/klubmamgdynia.pl\/index.php\/wp-json\/wp\/v2\/product_cat?post=11731"},{"taxonomy":"product_tag","embeddable":true,"href":"http:\/\/klubmamgdynia.pl\/index.php\/wp-json\/wp\/v2\/product_tag?post=11731"}],"curies":[{"name":"wp","href":"https:\/\/api.w.org\/{rel}","templated":true}]}}