{"id":11745,"date":"2021-03-30T09:26:16","date_gmt":"2021-03-30T07:26:16","guid":{"rendered":"http:\/\/klubmamgdynia.pl\/index.php\/produkt\/simba-lalka-steffi-love-dlugowlosa-z-akcesoriami-fryzjer-5734130_a\/"},"modified":"2026-05-01T07:31:36","modified_gmt":"2026-05-01T05:31:36","slug":"simba-lalka-steffi-love-dlugowlosa-z-akcesoriami-fryzjer-5734130_a","status":"publish","type":"product","link":"http:\/\/klubmamgdynia.pl\/index.php\/produkt\/simba-lalka-steffi-love-dlugowlosa-z-akcesoriami-fryzjer-5734130_a\/","title":{"rendered":"Simba Lalka Steffi Love D\u0142ugow\u0142osa Z Akcesoriami Fryzjer (5734130_a)"},"content":{"rendered":"<p>Zapraszamy w magiczny \u015bwiat Steffi, jak zawsze pe\u0142en kolorowych stroj\u00f3w oraz przesympatycznych gad\u017cet\u00f3w.W zestawie:lalka Steffizestaw akcesori\u00f3w do piel\u0119gnacji w\u0142os\u00f3wposiada ruchome elementy: g\u0142owa, nogi, r\u0119cewysoko\u015b\u0107 lali : 29 cm.Dzi\u0119ki zabawce dziecko b\u0119dzie mia\u0142o mo\u017cliwo\u015b\u0107 rozwija\u0107 wyobra\u017ani\u0119, zaspokaja\u0107 ciekawo\u015b\u0107, uczy\u0107 si\u0119 \u017cycia codziennego i tworzy\u0107 codziennie niesko\u0144czenie wiele historii.Grupa Simba &amp; Dickie jest jednym z pi\u0119ciu najwi\u0119kszych w Europie producent\u00f3w i dystrybutor\u00f3w zabawek takich jak: lalki, samochody, zabawki interaktywne i wiele innych. Na rynek polski wprowadza zabawki uwielbiane przez dzieci we wszystkich cz\u0119\u015bciach \u015bwiata. To dla nich tworzone s\u0105 kolekcje: Simba, Eichhorn, Heros, Dickie, Majorette, Smoby, Ecoiffier, Big. G\u0142\u00f3wny cel to dawanie dzieciom rado\u015bci i wywo\u0142ywanie u\u015bmiechu na buziach dzieci.<\/p>\n<h2>Simba Lalka Steffi Love D\u0142ugow\u0142osa Z Akcesoriami Fryzjer (5734130_a) Simba<\/h2>\n<p>karaluchy pod poduchy a szczypawki, zagadka logiczna dla dzieci, regina, zagadki zagadki, lucyna, film animowany o \u015bwi\u0119tach, iwo, quizy dla dzieci z bajek, zabawy na dworze dla 10 latk\u00f3w, Keyword, trudne zagadki dla dzieci, zabawka dla rocznej dziewczynki, dzieci.pl, podchwytliwe zagadki na inteligencj\u0119, zabawy dla 6 latk\u00f3w, kolorowanka kotka, julian znaczenie imienia, podchwytliwe zagadki, wierszyki na \u015bmigus dyngus, zagadki podchwytliwe<\/p>\n<p>yyyyy<\/p>\n<p>&nbsp;<\/p>\n","protected":false},"excerpt":{"rendered":"<p>Zapraszamy w magiczny \u015bwiat Steffi, jak zawsze pe\u0142en kolorowych stroj\u00f3w oraz przesympatycznych gad\u017cet\u00f3w.W zestawie:lalka Steffizestaw akcesori\u00f3w do piel\u0119gnacji w\u0142os\u00f3wposiada ruchome elementy: g\u0142owa, nogi, r\u0119cewysoko\u015b\u0107 lali : 29 cm.Dzi\u0119ki zabawce dziecko b\u0119dzie mia\u0142o mo\u017cliwo\u015b\u0107 rozwija\u0107 wyobra\u017ani\u0119, zaspokaja\u0107 ciekawo\u015b\u0107, uczy\u0107 si\u0119 \u017cycia codziennego i tworzy\u0107 codziennie niesko\u0144czenie wiele historii.Grupa Simba &amp; Dickie jest jednym z pi\u0119ciu najwi\u0119kszych [&hellip;]<\/p>\n","protected":false},"featured_media":11746,"comment_status":"closed","ping_status":"open","template":"","meta":[],"product_cat":[65,279],"product_tag":[844,740,876],"class_list":["post-11745","product","type-product","status-publish","has-post-thumbnail","hentry","product_cat-lalki","product_cat-simba","product_tag-co-kupic-na-roczek","product_tag-fajne-prezenty-dla-nastolatkow","product_tag-przyjazn"],"_links":{"self":[{"href":"http:\/\/klubmamgdynia.pl\/index.php\/wp-json\/wp\/v2\/product\/11745","targetHints":{"allow":["GET"]}}],"collection":[{"href":"http:\/\/klubmamgdynia.pl\/index.php\/wp-json\/wp\/v2\/product"}],"about":[{"href":"http:\/\/klubmamgdynia.pl\/index.php\/wp-json\/wp\/v2\/types\/product"}],"replies":[{"embeddable":true,"href":"http:\/\/klubmamgdynia.pl\/index.php\/wp-json\/wp\/v2\/comments?post=11745"}],"wp:featuredmedia":[{"embeddable":true,"href":"http:\/\/klubmamgdynia.pl\/index.php\/wp-json\/wp\/v2\/media\/11746"}],"wp:attachment":[{"href":"http:\/\/klubmamgdynia.pl\/index.php\/wp-json\/wp\/v2\/media?parent=11745"}],"wp:term":[{"taxonomy":"product_cat","embeddable":true,"href":"http:\/\/klubmamgdynia.pl\/index.php\/wp-json\/wp\/v2\/product_cat?post=11745"},{"taxonomy":"product_tag","embeddable":true,"href":"http:\/\/klubmamgdynia.pl\/index.php\/wp-json\/wp\/v2\/product_tag?post=11745"}],"curies":[{"name":"wp","href":"https:\/\/api.w.org\/{rel}","templated":true}]}}