{"id":11763,"date":"2023-01-19T09:09:09","date_gmt":"2023-01-19T08:09:09","guid":{"rendered":"http:\/\/klubmamgdynia.pl\/?post_type=product&#038;p=11763"},"modified":"2026-04-26T08:28:06","modified_gmt":"2026-04-26T06:28:06","slug":"monitor-acer-nitro-xv272upbmiiprzx-27-um-hx2ee-p01","status":"publish","type":"product","link":"http:\/\/klubmamgdynia.pl\/index.php\/produkt\/monitor-acer-nitro-xv272upbmiiprzx-27-um-hx2ee-p01\/","title":{"rendered":"Monitor Acer Nitro XV272UPbmiiprzx 27&#8243; (UM.HX2EE.P01)"},"content":{"rendered":"<p>Niezwyk\u0142a synchronizacjaDzi\u0119ki technologii Radeon\u2122 FreeSync firmy AMD\u00ae mo\u017cesz zapomnie\u0107 o zacinaj\u0105cej si\u0119 rozgrywce i drganiu obrazu. Mo\u017cesz cieszy\u0107 si\u0119 p\u0142ynnym i dynamicznym obrazem, poniewa\u017c cz\u0119stotliwo\u015b\u0107 od\u015bwie\u017cania obrazu monitora jest zsynchronizowana z szybko\u015bci\u0105 odtwarzania klatek w komputerze.                            <\/p>\n<p>Zobacz, jak wygl\u0105da perfekcjaPodziwiaj swoje gry w ulepszonym obrazie w rozdzielczo\u015bci WQHD. Zobacz wyra\u017any i przejrzysty obraz oraz rzeczywiste kolory na 27-calowym wy\u015bwietlaczu IPS. Ekran mo\u017ce s\u0142u\u017cy\u0107 szerszej publiczno\u015bci, poniewa\u017c cienie i kontrast nie trac\u0105 jako\u015bci nawet przy k\u0105cie patrzenia r\u00f3wnym 178\u00b0.                            <\/p>\n<p>Piecz\u0119\u0107 aprobatyNie ka\u017cdy monitor ma certyfikat VESA DisplayHDRTM 400. To standard bran\u017cowy, kt\u00f3ry okre\u015bla jako\u015b\u0107 technologii HDR, w tym luminancj\u0119, gam\u0119 kolor\u00f3w, g\u0142\u0119bi\u0119 bitow\u0105 i czas narastania. Nowe wra\u017cenia z gier dzi\u0119ki wi\u0119kszej dok\u0142adno\u015bci kolor\u00f3w i lepszemu kontrastowi.                            <\/p>\n<p>Zoptymalizowane koloryDaj si\u0119 porwa\u0107 niesamowicie realistycznym kolorom ze \u015bwiata gry. P\u0142ynne przej\u015bcia, \u0142adniejsze odcienie i jednolita jako\u015b\u0107 dzi\u0119ki palecie barw DCI-P3 95% i dok\u0142adno\u015bci kolor\u00f3w na poziomie Delta E2.&gt;                            <\/p>\n<p>Du\u017ca liczba klatek na sekund\u0119Ciesz si\u0119 p\u0142ynn\u0105 rozgrywk\u0105 bez zacinania dzi\u0119ki cz\u0119stotliwo\u015bci od\u015bwie\u017cania r\u00f3wnej 144 Hz. Nawet gdy akcja przyspieszy, czas reakcji trybu Visual Response Boost\u2122 na poziomie 1 ms gwarantuje wyra\u017any, nierozmywaj\u0105cy si\u0119 obraz.                            <\/p>\n<p>Po pierwsze: bezpiecze\u0144stwo oczuChro\u0144 oczy przed zbytnim przem\u0119czeniem dzi\u0119ki technologiom BlueLightShield\u2122 i Flickerless\u2122 firmy Acer. Dzi\u0119ki technologiom Acer ComfyView\u2122 i Low Dimming\u2122 monitor nie razi tak mocno, a o czy mniej si\u0119 m\u0119cz\u0105. Dzi\u0119ki temu mo\u017cesz gra\u0107 d\u0142u\u017cej.                            <\/p>\n<p>ErgonomiaDobre monitory nie powinny nara\u017ca\u0107 u\u017cytkownika na przem\u0119czenie. Wygodna regulacja nachylenia od -5\u00b0 do 20\u00b0 chroni przed nadwyr\u0119\u017ceniem szyi.                            <\/p>\n<p>R\u00f3\u017cne tryby graniaDo wyboru s\u0105 r\u00f3\u017cne tryby \u2013 nie tylko do gier. Ka\u017cdy z nich ma wyj\u0105tkowy profil kolor\u00f3w. Przyk\u0142adowe tryby: akcja, wy\u015bcigi, sport. Skonfiguruj swoje aplikacje, aby automatycznie dzia\u0142a\u0142y w wybranym przez Ciebie trybie.<\/p>\n<h2>Monitor Acer Nitro XV272UPbmiiprzx 27&#8243; (UM.HX2EE.P01) Acer<\/h2>\n<p>jakie s\u0105 dary jesieni, gabriela, wzory dyplom\u00f3w dyplomy do druku, co kupi\u0107 dziewczynce na roczek, zagadki o zwierz\u0119tach wiejskich, skye psi patrol kolorowanka, jak narysowa\u0107 pikachu, wiosenna kolorowanka, malowanie kamieni, kolorowanki koty, carmen imi\u0119, lukrecja imi\u0119, \u015bwinka peppa kolorowanka, list do gwiazdora, kartka walentynkowa r\u0119cznie robiona \u0142atwa<\/p>\n<p>yyyyy<\/p>\n<p>&nbsp;<\/p>\n","protected":false},"excerpt":{"rendered":"<p>Niezwyk\u0142a synchronizacjaDzi\u0119ki technologii Radeon\u2122 FreeSync firmy AMD\u00ae mo\u017cesz zapomnie\u0107 o zacinaj\u0105cej si\u0119 rozgrywce i drganiu obrazu. Mo\u017cesz cieszy\u0107 si\u0119 p\u0142ynnym i dynamicznym obrazem, poniewa\u017c cz\u0119stotliwo\u015b\u0107 od\u015bwie\u017cania obrazu monitora jest zsynchronizowana z szybko\u015bci\u0105 odtwarzania klatek w komputerze. Zobacz, jak wygl\u0105da perfekcjaPodziwiaj swoje gry w ulepszonym obrazie w rozdzielczo\u015bci WQHD. Zobacz wyra\u017any i przejrzysty obraz oraz rzeczywiste [&hellip;]<\/p>\n","protected":false},"featured_media":11764,"comment_status":"closed","ping_status":"open","template":"","meta":[],"product_cat":[2070,1362],"product_tag":[819,745,679,635],"class_list":["post-11763","product","type-product","status-publish","has-post-thumbnail","hentry","product_cat-acer","product_cat-monitory","product_tag-co-kupic-nastolatce-na-swieta","product_tag-prezent-dla-15-latki","product_tag-zabawki-na-roczek-dla-dziewczynki","product_tag-znaki-drogowe-do-druku"],"_links":{"self":[{"href":"http:\/\/klubmamgdynia.pl\/index.php\/wp-json\/wp\/v2\/product\/11763","targetHints":{"allow":["GET"]}}],"collection":[{"href":"http:\/\/klubmamgdynia.pl\/index.php\/wp-json\/wp\/v2\/product"}],"about":[{"href":"http:\/\/klubmamgdynia.pl\/index.php\/wp-json\/wp\/v2\/types\/product"}],"replies":[{"embeddable":true,"href":"http:\/\/klubmamgdynia.pl\/index.php\/wp-json\/wp\/v2\/comments?post=11763"}],"wp:featuredmedia":[{"embeddable":true,"href":"http:\/\/klubmamgdynia.pl\/index.php\/wp-json\/wp\/v2\/media\/11764"}],"wp:attachment":[{"href":"http:\/\/klubmamgdynia.pl\/index.php\/wp-json\/wp\/v2\/media?parent=11763"}],"wp:term":[{"taxonomy":"product_cat","embeddable":true,"href":"http:\/\/klubmamgdynia.pl\/index.php\/wp-json\/wp\/v2\/product_cat?post=11763"},{"taxonomy":"product_tag","embeddable":true,"href":"http:\/\/klubmamgdynia.pl\/index.php\/wp-json\/wp\/v2\/product_tag?post=11763"}],"curies":[{"name":"wp","href":"https:\/\/api.w.org\/{rel}","templated":true}]}}