{"id":11769,"date":"2018-08-05T11:16:40","date_gmt":"2018-08-05T09:16:40","guid":{"rendered":"http:\/\/klubmamgdynia.pl\/index.php\/produkt\/microsoft-365-business-basic-12m-nce-cfq7ttc0lh180001\/"},"modified":"2026-05-17T22:56:55","modified_gmt":"2026-05-17T20:56:55","slug":"microsoft-365-business-basic-12m-nce-cfq7ttc0lh180001","status":"publish","type":"product","link":"http:\/\/klubmamgdynia.pl\/index.php\/produkt\/microsoft-365-business-basic-12m-nce-cfq7ttc0lh180001\/","title":{"rendered":"Microsoft 365 Business Basic 12M (Nce) (Cfq7Ttc0Lh180001)"},"content":{"rendered":"<h2>Microsoft 365 Business Basic 12M (Nce) (Cfq7Ttc0Lh180001) Microsoft<\/h2>\n<p>karty pracy dla dzieci z ukrainy pdf, misie z film\u00f3w animowanych, lato lato lato czeka tekst, rodzina cytaty, jak narysowa\u0107 \u017cab\u0119<\/p>\n<p>yyyyy<\/p>\n<p>&nbsp;<\/p>\n","protected":false},"excerpt":{"rendered":"<p>Microsoft 365 Business Basic 12M (Nce) (Cfq7Ttc0Lh180001) Microsoft karty pracy dla dzieci z ukrainy pdf, misie z film\u00f3w animowanych, lato lato lato czeka tekst, rodzina cytaty, jak narysowa\u0107 \u017cab\u0119 yyyyy &nbsp;<\/p>\n","protected":false},"featured_media":11770,"comment_status":"closed","ping_status":"open","template":"","meta":[],"product_cat":[1947,2021],"product_tag":[851,679,709],"class_list":["post-11769","product","type-product","status-publish","has-post-thumbnail","hentry","product_cat-microsoft","product_cat-programy-biurowe","product_tag-jak-narysowac-kota","product_tag-zabawki-na-roczek-dla-dziewczynki","product_tag-zagadki-dla-dzieci-6-7-lat"],"_links":{"self":[{"href":"http:\/\/klubmamgdynia.pl\/index.php\/wp-json\/wp\/v2\/product\/11769","targetHints":{"allow":["GET"]}}],"collection":[{"href":"http:\/\/klubmamgdynia.pl\/index.php\/wp-json\/wp\/v2\/product"}],"about":[{"href":"http:\/\/klubmamgdynia.pl\/index.php\/wp-json\/wp\/v2\/types\/product"}],"replies":[{"embeddable":true,"href":"http:\/\/klubmamgdynia.pl\/index.php\/wp-json\/wp\/v2\/comments?post=11769"}],"wp:featuredmedia":[{"embeddable":true,"href":"http:\/\/klubmamgdynia.pl\/index.php\/wp-json\/wp\/v2\/media\/11770"}],"wp:attachment":[{"href":"http:\/\/klubmamgdynia.pl\/index.php\/wp-json\/wp\/v2\/media?parent=11769"}],"wp:term":[{"taxonomy":"product_cat","embeddable":true,"href":"http:\/\/klubmamgdynia.pl\/index.php\/wp-json\/wp\/v2\/product_cat?post=11769"},{"taxonomy":"product_tag","embeddable":true,"href":"http:\/\/klubmamgdynia.pl\/index.php\/wp-json\/wp\/v2\/product_tag?post=11769"}],"curies":[{"name":"wp","href":"https:\/\/api.w.org\/{rel}","templated":true}]}}