{"id":11773,"date":"2023-07-27T19:16:41","date_gmt":"2023-07-27T17:16:41","guid":{"rendered":"http:\/\/klubmamgdynia.pl\/?post_type=product&#038;p=11773"},"modified":"2026-04-23T23:56:28","modified_gmt":"2026-04-23T21:56:28","slug":"mega-creative-zestaw-lekarski-3w1-499260-zabawka","status":"publish","type":"product","link":"http:\/\/klubmamgdynia.pl\/index.php\/produkt\/mega-creative-zestaw-lekarski-3w1-499260-zabawka\/","title":{"rendered":"Mega Creative Zestaw Lekarski 3W1 499260 &#8211; Zabawka"},"content":{"rendered":"<p>Zalety produktu: rozwijanie wyobra\u017ani dziecka, nauka opieki nad chorym. MEGA CREATIVE przedstawia Zestaw Lekarski 3W1, to zestaw jako walizka, jako plecaczek, jako gabinet stacjonarny, ze wszystkimi niezb\u0119dnymi przyrz\u0105dami lekarskimi. Z tym zestawem, wszyscy pacjenci zostan\u0105 wyleczeni Zawarto\u015b\u0107 zestawu m. innymi: okulary, no\u017cyczki, 3x m\u0142oteczek lekarski, no\u017cyk, lusterko lekarskie, tubka z ma\u015bci\u0105, 2x buteleczki na leki, termofor, kranik. Ca\u0142o\u015b\u0107 wykonana z plastiku-wszystkie produkty s\u0105 imitacj\u0105 prawdziwych . Wymiary\/waga\/baterie: wymiary produktu d\u0142. x szer. cm : termofor- 6&#215;8, wymiary opakowania d\u0142. x wys. x g\u0142. cm : 30x25x13, waga produktu bez opakowania kg : 1,47 kg, waga produktu w opakowaniu kg : 1,93 kg, nie wymaga zasilania bateriami. Zestaw przeznaczony dla dzieci w wieku: 3 . Pakowany w kartonik. W kartonie zbiorczym po 12 szt.<\/p>\n<h2>Mega Creative Zestaw Lekarski 3W1 499260 &#8211; Zabawka Mega Creative<\/h2>\n<p>\u015bwinka peppa kolorowanka, quiz znaki drogowe, \u015bmieszne zagadki dla dzieci 10 lat, \u015bmigus dyngus lany poniedzia\u0142ek zyczenia, atrakcje do 30 km od wroc\u0142awia, kolorowanki koty, nela imi\u0119, traktor z przyczep\u0105 kolorowanka do druku, kolorowanki antystresowe do druku, kolorowanki wakacje, everest psi patrol, choinka z bibu\u0142y, nauka zegara do druku pdf, cytaty o mi\u0142o\u015bci kubu\u015b puchatek, \u015bwi\u0105teczny film dla dzieci, imiona dla ch\u0142opc\u00f3w<\/p>\n<p>yyyyy<\/p>\n<p>&nbsp;<\/p>\n","protected":false},"excerpt":{"rendered":"<p>Zalety produktu: rozwijanie wyobra\u017ani dziecka, nauka opieki nad chorym. MEGA CREATIVE przedstawia Zestaw Lekarski 3W1, to zestaw jako walizka, jako plecaczek, jako gabinet stacjonarny, ze wszystkimi niezb\u0119dnymi przyrz\u0105dami lekarskimi. Z tym zestawem, wszyscy pacjenci zostan\u0105 wyleczeni Zawarto\u015b\u0107 zestawu m. innymi: okulary, no\u017cyczki, 3x m\u0142oteczek lekarski, no\u017cyk, lusterko lekarskie, tubka z ma\u015bci\u0105, 2x buteleczki na leki, [&hellip;]<\/p>\n","protected":false},"featured_media":11774,"comment_status":"closed","ping_status":"open","template":"","meta":[],"product_cat":[53,64],"product_tag":[851,699,654,643,710],"class_list":["post-11773","product","type-product","status-publish","has-post-thumbnail","hentry","product_cat-kaciki-zabaw","product_cat-mega-creative","product_tag-jak-narysowac-kota","product_tag-kolorowanki-do-druku-dla-dziewczyn","product_tag-krotkie-bajki-dla-dzieci-do-czytania","product_tag-prezent-dla-17-latki","product_tag-zagadki-dla-dzieci-10-12-lat"],"_links":{"self":[{"href":"http:\/\/klubmamgdynia.pl\/index.php\/wp-json\/wp\/v2\/product\/11773","targetHints":{"allow":["GET"]}}],"collection":[{"href":"http:\/\/klubmamgdynia.pl\/index.php\/wp-json\/wp\/v2\/product"}],"about":[{"href":"http:\/\/klubmamgdynia.pl\/index.php\/wp-json\/wp\/v2\/types\/product"}],"replies":[{"embeddable":true,"href":"http:\/\/klubmamgdynia.pl\/index.php\/wp-json\/wp\/v2\/comments?post=11773"}],"wp:featuredmedia":[{"embeddable":true,"href":"http:\/\/klubmamgdynia.pl\/index.php\/wp-json\/wp\/v2\/media\/11774"}],"wp:attachment":[{"href":"http:\/\/klubmamgdynia.pl\/index.php\/wp-json\/wp\/v2\/media?parent=11773"}],"wp:term":[{"taxonomy":"product_cat","embeddable":true,"href":"http:\/\/klubmamgdynia.pl\/index.php\/wp-json\/wp\/v2\/product_cat?post=11773"},{"taxonomy":"product_tag","embeddable":true,"href":"http:\/\/klubmamgdynia.pl\/index.php\/wp-json\/wp\/v2\/product_tag?post=11773"}],"curies":[{"name":"wp","href":"https:\/\/api.w.org\/{rel}","templated":true}]}}