{"id":11795,"date":"2013-04-22T06:53:37","date_gmt":"2013-04-22T04:53:37","guid":{"rendered":"http:\/\/klubmamgdynia.pl\/index.php\/produkt\/gra-planszowa-innagotel-edukacyjna-gra-planszowa-rodzinna-logiczna\/"},"modified":"2026-04-30T03:18:33","modified_gmt":"2026-04-30T01:18:33","slug":"gra-planszowa-innagotel-edukacyjna-gra-planszowa-rodzinna-logiczna","status":"publish","type":"product","link":"http:\/\/klubmamgdynia.pl\/index.php\/produkt\/gra-planszowa-innagotel-edukacyjna-gra-planszowa-rodzinna-logiczna\/","title":{"rendered":"Gra planszowa Inna;Gotel Edukacyjna Gra Planszowa Rodzinna Logiczna"},"content":{"rendered":"<p>EDUKACYJNA GRA PLANSZOWA RODZINNA LOGICZNA LICZENIE \u2b50\u2b50\u2b50\u2b50\u2b50Edukacyjna gra planszowa dla 2-6 graczy.\u2705 Rozlosuj \u017cetony i dopasuj kolor, numer lub odlicz do 10!To \u015bwietna rozrywka zar\u00f3wno dla najm\u0142odszych jak i starszych.Gra uczy szybkiego reagowania, liczenia w zakresie 1-10 oraz rozr\u00f3\u017cniania kolor\u00f3w.\u2705 Wymiary:\u015brednica spinnera: 24cmwysoko\u015b\u0107 spinnera: 12cm\u2705 W zestawie:obrotowa tarcza &#8211; &#8222;spinner&#8221;72 \u017ceton\u00f3w6 dwustronnych kartGra umo\u017cliwia zabaw\u0119 w 2 trybach &#8211; dopasowywanie kolor\u00f3w i liczb oraz odliczanie w g\u00f3r\u0119 i d\u00f3\u0142 do 10.Najm\u0142odsi gracze maj\u0105cy problemy z liczeniem mog\u0105 skorzysta\u0107 z podpowiedzi umieszczonych na kartach i \u017cetonach do gry.\u2705 Idealny pomys\u0142 na:prezent \u015bwi\u0105tecznyprezent urodzinowyprezent na Miko\u0142ajkiprezent dla dziecka\u2b50\u2b50\u2b50 Nie czekaj, Kup Teraz! \u2b50\u2b50\u2b50<\/p>\n<h2>Gra planszowa Inna;Gotel Edukacyjna Gra Planszowa Rodzinna Logiczna <\/h2>\n<p>zabawy z pi\u0142k\u0105 dla dzieci, iwo, magiczne drzewo czerwone krzes\u0142o test, pi\u0119kne cytaty o synku, filmy animowane o \u015bwi\u0119tach, korczak cytaty, ko\u0142ysanka dla dzieci tekst, atrakcje dla dzieci wroc\u0142aw 2021, trudne \u0142amig\u0142\u00f3wki, karty pracy dla uczni\u00f3w z ukrainy, kolorowanka \u015bwi\u0105teczna do wydruku, jak narysowa\u0107 kota, kolorowanki pokemon do druku, asiunia pytania do lektury, kolorowanki dla dziewczynek, jednoro\u017cec kolorowanka do druku, zagadki dla dzieci 4-5 lat<\/p>\n<p>yyyyy<\/p>\n<p>&nbsp;<\/p>\n","protected":false},"excerpt":{"rendered":"<p>EDUKACYJNA GRA PLANSZOWA RODZINNA LOGICZNA LICZENIE \u2b50\u2b50\u2b50\u2b50\u2b50Edukacyjna gra planszowa dla 2-6 graczy.\u2705 Rozlosuj \u017cetony i dopasuj kolor, numer lub odlicz do 10!To \u015bwietna rozrywka zar\u00f3wno dla najm\u0142odszych jak i starszych.Gra uczy szybkiego reagowania, liczenia w zakresie 1-10 oraz rozr\u00f3\u017cniania kolor\u00f3w.\u2705 Wymiary:\u015brednica spinnera: 24cmwysoko\u015b\u0107 spinnera: 12cm\u2705 W zestawie:obrotowa tarcza &#8211; &#8222;spinner&#8221;72 \u017ceton\u00f3w6 dwustronnych kartGra umo\u017cliwia zabaw\u0119 [&hellip;]<\/p>\n","protected":false},"featured_media":11796,"comment_status":"closed","ping_status":"open","template":"","meta":[],"product_cat":[235],"product_tag":[657,729,855,627,757,773,824],"class_list":["post-11795","product","type-product","status-publish","has-post-thumbnail","hentry","product_cat-gry-planszowe","product_tag-lol-kolorowanka","product_tag-madre-bajki-dla-dzieci-do-czytania","product_tag-nietypowe-imiona-zenskie","product_tag-quiz-dzieci-z-bullerbyn","product_tag-test-z-lektury-ania-z-zielonego-wzgorza-klasa-6-z-odpowiedziami","product_tag-test-z-lektury-opowiesci-z-narnii-lew-czarownica-i-stara-szafa","product_tag-warszawa-atrakcje-dla-dzieci"],"_links":{"self":[{"href":"http:\/\/klubmamgdynia.pl\/index.php\/wp-json\/wp\/v2\/product\/11795","targetHints":{"allow":["GET"]}}],"collection":[{"href":"http:\/\/klubmamgdynia.pl\/index.php\/wp-json\/wp\/v2\/product"}],"about":[{"href":"http:\/\/klubmamgdynia.pl\/index.php\/wp-json\/wp\/v2\/types\/product"}],"replies":[{"embeddable":true,"href":"http:\/\/klubmamgdynia.pl\/index.php\/wp-json\/wp\/v2\/comments?post=11795"}],"wp:featuredmedia":[{"embeddable":true,"href":"http:\/\/klubmamgdynia.pl\/index.php\/wp-json\/wp\/v2\/media\/11796"}],"wp:attachment":[{"href":"http:\/\/klubmamgdynia.pl\/index.php\/wp-json\/wp\/v2\/media?parent=11795"}],"wp:term":[{"taxonomy":"product_cat","embeddable":true,"href":"http:\/\/klubmamgdynia.pl\/index.php\/wp-json\/wp\/v2\/product_cat?post=11795"},{"taxonomy":"product_tag","embeddable":true,"href":"http:\/\/klubmamgdynia.pl\/index.php\/wp-json\/wp\/v2\/product_tag?post=11795"}],"curies":[{"name":"wp","href":"https:\/\/api.w.org\/{rel}","templated":true}]}}