{"id":118,"date":"2020-12-21T05:21:57","date_gmt":"2020-12-21T04:21:57","guid":{"rendered":"http:\/\/klubmamgdynia.pl\/index.php\/produkt\/cybex-priam-2-0-spring-blossom-light-spacerowy\/"},"modified":"2026-04-23T06:17:36","modified_gmt":"2026-04-23T04:17:36","slug":"cybex-priam-2-0-spring-blossom-light-spacerowy","status":"publish","type":"product","link":"http:\/\/klubmamgdynia.pl\/index.php\/produkt\/cybex-priam-2-0-spring-blossom-light-spacerowy\/","title":{"rendered":"Cybex Priam 2.0 Spring Blossom Light Spacerowy"},"content":{"rendered":"<p>Cybex Priam 2.0 Spring Blossom Light Spacerowy<\/p>\n<p>Cybex<br \/>\nPriam 2.0 to w\u00f3zek, kt\u00f3ry spe\u0142ni wszystkie Twoje oczekiwania dotycz\u0105ce zar\u00f3wno<br \/>\nniesamowitego wygl\u0105du jak i unikatowego designu, ale przede wszystkim<br \/>\nbezpiecze\u0144stwa Twojego dziecka oraz komfortu u\u017cytkowania, zar\u00f3wno dla niego,<br \/>\njak i dla Ciebie. Poczuj si\u0119 wyj\u0105tkowo.\u00a0Pakiet<br \/>\nregulacjiPrzyznacie<br \/>\ndrodzy rodzice, \u017ce komfort prowadzenia w\u00f3zka du\u017co zale\u017cy od mo\u017cliwo\u015bci w\u00f3zka.<br \/>\nFunkcje regulacji r\u0105czki, siedziska, podn\u00f3\u017cka &#8211; to wszystko wp\u0142ywa na to, czy<br \/>\nko\u0144cowy efekt komfortu b\u0119dzie zadowalaj\u0105cy &#8211; to wszystko zapewni Ci Priam 2.0.<br \/>\nRegulowana r\u0105czka sprawi, \u017ce dostosujesz jej wysoko\u015b\u0107 do swojego indywidualnego<br \/>\nwzrostu. Zapomnij o b\u00f3lu kr\u0119gos\u0142upa &#8211; zrelaksuj si\u0119 spacerem ze swoim<br \/>\ndzieckiem!Z<br \/>\npewno\u015bci\u0105 jak ka\u017cdy troskliwy rodzic b\u0119dziesz oczekiwa\u0142, \u017ce w\u00f3zek b\u0119dzie<br \/>\nwygodny tak\u017ce dla Twojego dziecka. Czy taki jest Cybex Priam 2.0? Oczywi\u015bcie!<br \/>\nPrzyczyni si\u0119 te\u017c do tego regulacja siedziska, kt\u00f3ra zaspokoi wszystkie<br \/>\naktualne potrzeby dziecka, bez wzgl\u0119du na to czy b\u0119dzie mia\u0142o ochot\u0119 na drzemk\u0119<br \/>\npodczas spaceru, czy te\u017c na eksplorowanie otaczaj\u0105cego go \u015bwiata!                            <\/p>\n<p>Pozycja<br \/>\nle\u017c\u0105caKontynuuj\u0105c<br \/>\nten aspekt &#8211; Cybex Priam 2.0 posiada mo\u017cliwo\u015b\u0107 ustawienia siedziska w pozycji<br \/>\nle\u017c\u0105cej, kiedy nie jest zamontowana gondola. To sprawi, \u017ce szczeg\u00f3lnie w<br \/>\npierwszych miesi\u0105cach \u017cycia, pozycja spania dziecka b\u0119dzie prawid\u0142owa,<br \/>\nkorzystnie wp\u0142ywaj\u0105c na odpowiedni rozw\u00f3j kr\u0119gos\u0142upa.\u00a0Przek\u0142adane<br \/>\nsiedziskoSiedzisko<br \/>\nw\u00f3zka Cybex Priam 2.0 mo\u017cna ustawi\u0107 zar\u00f3wno przodem, jak i ty\u0142em do kierunku<br \/>\njazdy. To sprawi, \u017ce w pierwszych chwilach \u017cycia, dziecko b\u0119dzie mog\u0142o mie\u0107<br \/>\nsta\u0142y kontakt z rodzicem, a kiedy troszk\u0119 podro\u015bnie, ustawimy siedzisko przodem<br \/>\ndo kierunku jazdy, co sprawi, \u017ce samo b\u0119dzie mog\u0142o podziwia\u0107 otaczaj\u0105cy je<br \/>\n\u015bwiat, co korzystnie wp\u0142ynie na rozw\u00f3j jego wyobra\u017ani.\u00a0Budka<br \/>\nXXLW<br \/>\nw\u00f3zku Cybex Priam 2.0 budka jest regulowana do tego stopnia, by zapewnia\u0142a jak<br \/>\nnajlepsz\u0105 ochron\u0119 dziecka przed niespodziewanymi warunkami atmosferycznymi, czy<br \/>\nte\u017c ochron\u0119 przed s\u0142o\u0144cem, a raczej niekorzystnym dzia\u0142aniem promieni<br \/>\ns\u0142onecznych. Budka z tego wzgl\u0119du wyposa\u017cona jest w filtr przeciws\u0142oneczny<br \/>\nUPF50+.                            <\/p>\n<p>Pe\u0142na<br \/>\namortyzacja k\u00f3\u0142Ko\u0142a<br \/>\nAll-Terrain zastosowane w Cybex Priam 2.0 to najlepsze ko\u0142a na ka\u017cdy napotkany<br \/>\nteren &#8211; nie zaskocz\u0105 Ci\u0119 nier\u00f3wno\u015bci, kamienie, piasek a nawet teren le\u015bny &#8211;<br \/>\nCybex Priam 2.0 b\u0119dzie Twoim wiernym towarzyszem, kt\u00f3ry podo\u0142a ka\u017cdej takiej<br \/>\nsytuacji. Amortyzacja w ka\u017cdym kole sprawi, \u017ce Twoje dziecko przede wszystkim<br \/>\nb\u0119dzie czu\u0142o si\u0119 mi\u0142o i przyjemnie.\u00a0Funkcja<br \/>\nsk\u0142adania jedn\u0105 r\u0119k\u0105Cybex<br \/>\nPriam 2.0 to w\u00f3zek, kt\u00f3ry nie utrudni Ci przeniesienia go po schodach, czy<br \/>\n\u0142atwego umieszczenia w baga\u017cniku samochodu. Cybex Priam 2.0 sk\u0142ada si\u0119 w bardzo<br \/>\n\u0142atwy spos\u00f3b, jedn\u0105 r\u0119k\u0105, do kompaktowych rozmiar\u00f3w oraz samoczynnie stoi.                            <\/p>\n<p>Du\u017cy<br \/>\nkosz na zakupyPojemny<br \/>\nkosz na zakupy sprawi, \u017ce odci\u0105\u017cysz swoje plecy. Nie b\u0119dzie Ci potrzebne<br \/>\nd\u017awiganie torebki czy plecaka podczas spaceru z dzieckiem. Wszystko to<br \/>\numie\u015bcisz w koszu pod w\u00f3zeczkiem. Po drodze chcesz wpa\u015b\u0107 na zakupy? Bez<br \/>\nproblemu! To r\u00f3wnie\u017c si\u0119 tam zmie\u015bci! Twoje dziecko \u0142atwo si\u0119 rozprasza?<br \/>\nZapewnij mu mo\u017cliwo\u015b\u0107 zabawy swoimi ulubionymi zabawkami! Wszystko to pomie\u015bci<br \/>\nkosz znajduj\u0105cy si\u0119 pod w\u00f3zkiem!\u00a0Siedzisko<br \/>\nna wysoko\u015bci sto\u0142uTo<br \/>\nciekawa opcja, kt\u00f3r\u0105 zapewnia Cybex Priam 2.0. Nasz w\u00f3zek spacerowy mo\u017ce pe\u0142ni\u0107<br \/>\nfunkcj\u0119 krzese\u0142ka do karmienia, dzi\u0119ki odpowiedniej wysoko\u015bci ustawienia<br \/>\nsiedziska.<\/p>\n<h2>Cybex Priam 2.0 Spring Blossom Light Spacerowy Cybex<\/h2>\n<p>quizy dla przedszkolak\u00f3w, kolorowanka konie, mitologia grecka quiz, maski karnawa\u0142owe do druku, cyferki do druku, tajemniczy ogr\u00f3d test z odpowiedziami, quiz pi\u0142karski, ciekawe zagadki<\/p>\n<p>yyyyy<\/p>\n<p>&nbsp;<\/p>\n","protected":false},"excerpt":{"rendered":"<p>Cybex Priam 2.0 Spring Blossom Light Spacerowy Cybex Priam 2.0 to w\u00f3zek, kt\u00f3ry spe\u0142ni wszystkie Twoje oczekiwania dotycz\u0105ce zar\u00f3wno niesamowitego wygl\u0105du jak i unikatowego designu, ale przede wszystkim bezpiecze\u0144stwa Twojego dziecka oraz komfortu u\u017cytkowania, zar\u00f3wno dla niego, jak i dla Ciebie. Poczuj si\u0119 wyj\u0105tkowo.\u00a0Pakiet regulacjiPrzyznacie drodzy rodzice, \u017ce komfort prowadzenia w\u00f3zka du\u017co zale\u017cy od mo\u017cliwo\u015bci [&hellip;]<\/p>\n","protected":false},"featured_media":119,"comment_status":"closed","ping_status":"open","template":"","meta":[],"product_cat":[34,71],"product_tag":[851,642,703,646,581],"class_list":["post-118","product","type-product","status-publish","has-post-thumbnail","hentry","product_cat-cybex","product_cat-wozki-spacerowe","product_tag-jak-narysowac-kota","product_tag-mia-imie","product_tag-prezent-dla-nastolatki","product_tag-prezent-na-pierwsze-urodziny","product_tag-zagadki-dla-8-latka"],"_links":{"self":[{"href":"http:\/\/klubmamgdynia.pl\/index.php\/wp-json\/wp\/v2\/product\/118","targetHints":{"allow":["GET"]}}],"collection":[{"href":"http:\/\/klubmamgdynia.pl\/index.php\/wp-json\/wp\/v2\/product"}],"about":[{"href":"http:\/\/klubmamgdynia.pl\/index.php\/wp-json\/wp\/v2\/types\/product"}],"replies":[{"embeddable":true,"href":"http:\/\/klubmamgdynia.pl\/index.php\/wp-json\/wp\/v2\/comments?post=118"}],"wp:featuredmedia":[{"embeddable":true,"href":"http:\/\/klubmamgdynia.pl\/index.php\/wp-json\/wp\/v2\/media\/119"}],"wp:attachment":[{"href":"http:\/\/klubmamgdynia.pl\/index.php\/wp-json\/wp\/v2\/media?parent=118"}],"wp:term":[{"taxonomy":"product_cat","embeddable":true,"href":"http:\/\/klubmamgdynia.pl\/index.php\/wp-json\/wp\/v2\/product_cat?post=118"},{"taxonomy":"product_tag","embeddable":true,"href":"http:\/\/klubmamgdynia.pl\/index.php\/wp-json\/wp\/v2\/product_tag?post=118"}],"curies":[{"name":"wp","href":"https:\/\/api.w.org\/{rel}","templated":true}]}}