{"id":11819,"date":"2017-07-23T08:37:18","date_gmt":"2017-07-23T06:37:18","guid":{"rendered":"http:\/\/klubmamgdynia.pl\/index.php\/produkt\/babai-drewniany-domek-dla-lalek-z-magnesami-szary\/"},"modified":"2026-04-05T21:09:45","modified_gmt":"2026-04-05T19:09:45","slug":"babai-drewniany-domek-dla-lalek-z-magnesami-szary","status":"publish","type":"product","link":"http:\/\/klubmamgdynia.pl\/index.php\/produkt\/babai-drewniany-domek-dla-lalek-z-magnesami-szary\/","title":{"rendered":"Babai Drewniany Domek Dla Lalek Z Magnesami Szary"},"content":{"rendered":"<p>BABAI DREWNIANY DOMEK DLA LALEK Z MAGNESAMMa\u0142y domek dla lalek.Drewniane elementy konstrukcyjne mocowane magnesami daj\u0105 nowe mo\u017cliwo\u015bci zabawy. Ca\u0142o\u015b\u0107 mo\u017cna sk\u0142ada\u0107 i rozk\u0142ada\u0107 a co za tym idzie, zabiera\u0107 ze sob\u0105 np. na wakacje. Do transportu i przechowywania element\u00f3w s\u0142u\u017cy p\u0142\u00f3cienny woreczek. marki dost\u0119pne s\u0105 tak\u017ce domki w innych rozmiarach.W\u0142a\u015bciwo\u015bci produktu:Nowoczesna bry\u0142a i minimalistyczna forma; stonowana naturalna kolorystyka; kreatywna zabawka;Rozwija: ma\u0142\u0105 motoryk\u0119, wyobra\u017ani\u0119, umiej\u0119tno\u015bci aktorskie, postrzeganie przestrzenne; element dekoracyjny w skandynawskim stylu;Wysokiej jako\u015bci lokalne surowce; g\u0142adkie elementy; produkt przyjazny \u015brodowisku; doskona\u0142y pomys\u0142 na ponadczasowy prezent dla dziecka.Parametry techniczne:Wiek: 3+materia\u0142: sklejka brzozowa ze \u015bwiadectwem Euro 1 z drewna z certyfikatem FSC, metalowe magnesy, nietoksyczna farba wodna;w opakowaniu: 9 \u015bcian konstrukcyjnych;wymiary M: 200 x 115 x 115 mm; waga bez opakowania: 0,5 kg; opakowanie: 230 x 160 x 80 mm; waga z opakowaniem: 0,650 kg;opakowanie: pude\u0142ko kartonowe, torba bawe\u0142niana, bibu\u0142ka, papierowa saszetka. ProducentBabai to wyj\u0105tkowa ukrai\u0144ska pracownia projektowa z Kijowa tworz\u0105ca ekologiczne i rozwijaj\u0105ce kreatywno\u015b\u0107 zabawki i akcesoria do domu. Drewniane produkty Babai wykonane s\u0105 z certyfikowanego FSC drewna pochodz\u0105cego z okolic najbardziej zielonego miasta w Europie jakim jest Kij\u00f3w.Sama marka za\u0142o\u017cona jest przez rodzic\u00f3w, kt\u00f3rzy inspiracj\u0119 czerpi\u0105 z w\u0142asnych przyg\u00f3d i zabaw z dzie\u0107mi, kt\u00f3rych \u015bwiat chc\u0105 ulepszy\u0107. Babai, na Ukrainie, to ma\u0142y stworek, kt\u00f3ry bardzo kocha dzieci. Czasami rodzice troch\u0119 nim je strasz\u0105, ale dzieci si\u0119 u\u015bmiechaj\u0105 i rozgl\u0105daj\u0105 woko\u0142o, \u017ceby dostrzec intryguj\u0105cego Babai.<\/p>\n<h2>Babai Drewniany Domek Dla Lalek Z Magnesami Szary <\/h2>\n<p>zagadki na my\u015blenie, kolorowanka myszka minnie, mandala kolorowanka, zagadki o bo\u017cym narodzeniu, co kupi\u0107 dziecku na roczek, wr\u00f3\u017cby andrzejkowe online dla dzieci, proste zagadki, ilona, jak dobra\u0107 narty dla dziecka, trudne zagadki na inteligencj\u0119, pytania logiczne, sporty po francusku, lew czarownica i stara szafa test, prezent dla ch\u0142opca na roczek, sky kolorowanka, gad\u017cety dla nastolatka, ach \u015bpij kochanie tekst, maska iron man, labirynt psi patrol<\/p>\n<p>yyyyy<\/p>\n<p>&nbsp;<\/p>\n","protected":false},"excerpt":{"rendered":"<p>BABAI DREWNIANY DOMEK DLA LALEK Z MAGNESAMMa\u0142y domek dla lalek.Drewniane elementy konstrukcyjne mocowane magnesami daj\u0105 nowe mo\u017cliwo\u015bci zabawy. Ca\u0142o\u015b\u0107 mo\u017cna sk\u0142ada\u0107 i rozk\u0142ada\u0107 a co za tym idzie, zabiera\u0107 ze sob\u0105 np. na wakacje. Do transportu i przechowywania element\u00f3w s\u0142u\u017cy p\u0142\u00f3cienny woreczek. marki dost\u0119pne s\u0105 tak\u017ce domki w innych rozmiarach.W\u0142a\u015bciwo\u015bci produktu:Nowoczesna bry\u0142a i minimalistyczna forma; [&hellip;]<\/p>\n","protected":false},"featured_media":11820,"comment_status":"closed","ping_status":"open","template":"","meta":[],"product_cat":[1635],"product_tag":[837,699,589,576,738,604],"class_list":["post-11819","product","type-product","status-publish","has-post-thumbnail","hentry","product_cat-domki-dla-lalek","product_tag-cicha-noc-po-angielsku","product_tag-kolorowanki-do-druku-dla-dziewczyn","product_tag-prezent-dla-rocznego-dziecka","product_tag-trudne-zagadki","product_tag-wroclaw-dla-dzieci","product_tag-zagadki-trudne"],"_links":{"self":[{"href":"http:\/\/klubmamgdynia.pl\/index.php\/wp-json\/wp\/v2\/product\/11819","targetHints":{"allow":["GET"]}}],"collection":[{"href":"http:\/\/klubmamgdynia.pl\/index.php\/wp-json\/wp\/v2\/product"}],"about":[{"href":"http:\/\/klubmamgdynia.pl\/index.php\/wp-json\/wp\/v2\/types\/product"}],"replies":[{"embeddable":true,"href":"http:\/\/klubmamgdynia.pl\/index.php\/wp-json\/wp\/v2\/comments?post=11819"}],"wp:featuredmedia":[{"embeddable":true,"href":"http:\/\/klubmamgdynia.pl\/index.php\/wp-json\/wp\/v2\/media\/11820"}],"wp:attachment":[{"href":"http:\/\/klubmamgdynia.pl\/index.php\/wp-json\/wp\/v2\/media?parent=11819"}],"wp:term":[{"taxonomy":"product_cat","embeddable":true,"href":"http:\/\/klubmamgdynia.pl\/index.php\/wp-json\/wp\/v2\/product_cat?post=11819"},{"taxonomy":"product_tag","embeddable":true,"href":"http:\/\/klubmamgdynia.pl\/index.php\/wp-json\/wp\/v2\/product_tag?post=11819"}],"curies":[{"name":"wp","href":"https:\/\/api.w.org\/{rel}","templated":true}]}}