{"id":11843,"date":"2016-07-27T01:21:58","date_gmt":"2016-07-26T23:21:58","guid":{"rendered":"http:\/\/klubmamgdynia.pl\/index.php\/produkt\/simba-figurka-strazak-sam-13-wzorow\/"},"modified":"2026-04-29T01:56:34","modified_gmt":"2026-04-28T23:56:34","slug":"simba-figurka-strazak-sam-13-wzorow","status":"publish","type":"product","link":"http:\/\/klubmamgdynia.pl\/index.php\/produkt\/simba-figurka-strazak-sam-13-wzorow\/","title":{"rendered":"Simba Figurka Stra\u017cak Sam 13 wzor\u00f3w"},"content":{"rendered":"<p>Kolekcja figurek z bajki &#8222;Stra\u017cak Sam&#8221; powsta\u0142a z my\u015bl\u0105 o dzieciach, kt\u00f3re ch\u0119tnie ogl\u0105daj\u0105 przygody dzielnego stra\u017caka i z rado\u015bci\u0105 odtwarzaj\u0105 sceny lub tworz\u0105 nowe przygody, wcielaj\u0105c si\u0119 w role ukochanych bohater\u00f3w.Stra\u017cak Sam Figurka niespodzianka + naklejka Seria 3 9251075. Ka\u017cdy zestaw &#8211; niespodzianka zawiera jedn\u0105 figurk\u0119 bohatera bajki &#8222;Stra\u017cak Sam&#8221;, naklejk\u0119 oraz plakat kolekcjonerski. W kolekcji do zebrania 13 figurek: Penny, Bella, Helen, Joe, Sam, Arnold, Hannah, Ben, Trevor, Bronwyn, Ellie, Lizzie, Lambikins + Norris. Zabawka jest niespodziank\u0105, nie wiemy co znajduje si\u0119 w \u015brodku. Zbierz ca\u0142\u0105 kolekcj\u0119!Zawarto\u015b\u0107 i cechy zestawu:1 figurka niespodzianka1 naklejka1 plakat kolekcjonerskizestaw inspirowany bajk\u0105 &#8222;Stra\u017cak Sam&#8221;zabawka jest niespodziank\u0105, nie wiemy co znajduje si\u0119 w \u015brodkuzabawa w odkrywanie i kolekcjonowanieprodukt wysy\u0142amy losowo<\/p>\n<h2>Simba Figurka Stra\u017cak Sam 13 wzor\u00f3w Simba<\/h2>\n<p>\u017cyczenia bo\u017ce narodzenie oryginalne, karty pracy dla dzieci z ukrainy pdf, imi\u0119 mia, dawne ko\u0142ysanki teksty, quiz pi\u0142karski, najlepsze \u017carty na prima aprilis, kolorowanka sky, kolorowanki dla dzieci do druku, piosenki dla dzieci tekst<\/p>\n<p>yyyyy<\/p>\n<p>&nbsp;<\/p>\n","protected":false},"excerpt":{"rendered":"<p>Kolekcja figurek z bajki &#8222;Stra\u017cak Sam&#8221; powsta\u0142a z my\u015bl\u0105 o dzieciach, kt\u00f3re ch\u0119tnie ogl\u0105daj\u0105 przygody dzielnego stra\u017caka i z rado\u015bci\u0105 odtwarzaj\u0105 sceny lub tworz\u0105 nowe przygody, wcielaj\u0105c si\u0119 w role ukochanych bohater\u00f3w.Stra\u017cak Sam Figurka niespodzianka + naklejka Seria 3 9251075. Ka\u017cdy zestaw &#8211; niespodzianka zawiera jedn\u0105 figurk\u0119 bohatera bajki &#8222;Stra\u017cak Sam&#8221;, naklejk\u0119 oraz plakat kolekcjonerski. [&hellip;]<\/p>\n","protected":false},"featured_media":11844,"comment_status":"closed","ping_status":"open","template":"","meta":[],"product_cat":[95,279],"product_tag":[832,638,606,737,714],"class_list":["post-11843","product","type-product","status-publish","has-post-thumbnail","hentry","product_cat-figurki-makiety-i-zestawy","product_cat-simba","product_tag-desery-dla-dzieci","product_tag-miastodzieci","product_tag-stala-pod-sniegiem","product_tag-test-z-lektury-felix-net-i-nika-oraz-gang-niewidzialnych-ludzi","product_tag-zagadki-logiczne"],"_links":{"self":[{"href":"http:\/\/klubmamgdynia.pl\/index.php\/wp-json\/wp\/v2\/product\/11843","targetHints":{"allow":["GET"]}}],"collection":[{"href":"http:\/\/klubmamgdynia.pl\/index.php\/wp-json\/wp\/v2\/product"}],"about":[{"href":"http:\/\/klubmamgdynia.pl\/index.php\/wp-json\/wp\/v2\/types\/product"}],"replies":[{"embeddable":true,"href":"http:\/\/klubmamgdynia.pl\/index.php\/wp-json\/wp\/v2\/comments?post=11843"}],"wp:featuredmedia":[{"embeddable":true,"href":"http:\/\/klubmamgdynia.pl\/index.php\/wp-json\/wp\/v2\/media\/11844"}],"wp:attachment":[{"href":"http:\/\/klubmamgdynia.pl\/index.php\/wp-json\/wp\/v2\/media?parent=11843"}],"wp:term":[{"taxonomy":"product_cat","embeddable":true,"href":"http:\/\/klubmamgdynia.pl\/index.php\/wp-json\/wp\/v2\/product_cat?post=11843"},{"taxonomy":"product_tag","embeddable":true,"href":"http:\/\/klubmamgdynia.pl\/index.php\/wp-json\/wp\/v2\/product_tag?post=11843"}],"curies":[{"name":"wp","href":"https:\/\/api.w.org\/{rel}","templated":true}]}}