{"id":11867,"date":"2015-07-02T06:37:57","date_gmt":"2015-07-02T04:37:57","guid":{"rendered":"http:\/\/klubmamgdynia.pl\/index.php\/produkt\/drewniany-zestaw-deserowy-zabawka\/"},"modified":"2026-05-17T22:17:29","modified_gmt":"2026-05-17T20:17:29","slug":"drewniany-zestaw-deserowy-zabawka","status":"publish","type":"product","link":"http:\/\/klubmamgdynia.pl\/index.php\/produkt\/drewniany-zestaw-deserowy-zabawka\/","title":{"rendered":"Drewniany zestaw deserowy &#8211; Zabawka"},"content":{"rendered":"<p>DREWNIANY ZESTAW DESEROWY14 ELEMENT\u00d3WWszystkie elementy wykonane z drewnaIdealny dodatek do zabawkowych kuchni, sklepik\u00f3w i kafejekZabawka pozwala na odgrywanie r\u00f3lZestaw rozwija wyobra\u017ani\u0119 i kreatywno\u015b\u010714 element\u00f3w w zestawieZestaw doskonale imituje prawdziwe produkty i serwisDla dzieci powy\u017cej 3 roku \u017cyciaCertyfikaty: CE, EN71Produkt marki: ECOTOYSWSPANIA\u0141A ZABAWADzi\u0119ki zestawowi dziecko mo\u017ce wcieli\u0107 si\u0119 w rol\u0119 doros\u0142ego i zaprosi\u0107 na kaw\u0119 i pyszne ciastka. Poza dobr\u0105 zabaw\u0105, Twoja pociecha rozwinie wyobra\u017ani\u0119, zdolno\u015bci manualne, a tak\u017ce dowie si\u0119 jak przygotowa\u0107 kaw\u0119, herbat\u0119 i pozna zasady panuj\u0105ce przy stole.PATERA, S\u0141ODYCZE, FILI\u017bANKIW komplecie znajduje si\u0119:patera ( wysoko\u015b\u0107 19 cm, \u015brednica 15,5 \/ 13,5 cm )dwie fili\u017canki ( wysoko\u015b\u0107 14 cm )dwa spodki do fili\u017canek ( 8 cm )dwie \u0142y\u017ceczki7 kolorowych ciastekWszystkie elementy zestawu zosta\u0142y wykonane z drewna, z du\u017c\u0105 dba\u0142o\u015bci\u0105 o detale oraz bezpiecze\u0144stwo dzieci.BEZPIECZNE PAKOWANIEZabawka spakowana jest w specjalnie wzmocniony karton, co sprawi \u017ce towar dotrze do Ciebie bez uszkodze\u0144 i ubytk\u00f3w. Ka\u017cdy z element\u00f3w jest dodatkowo zabezpieczony, tak aby podczas transportu nie powstawa\u0142y na nich zarysowania.SPECYFIKACJAKod produktu: PH01B002Producent: ECOTOYSZawarto\u015b\u0107: 14 element\u00f3wCertyfikaty: CE, EN71Dla dzieci od: 3 roku \u017cycia \u017cycia<\/p>\n<h2>Drewniany zestaw deserowy &#8211; Zabawka EcoToys<\/h2>\n<p>cytat z kubusia puchatka o mi\u0142o\u015bci, wycinanki dla dzieci do druku, bajki dla dzieci do czytania na dobranoc, alfons, dynie pozna\u0144, \u017carty na prima aprilis dla mamy, test miko\u0142ajek, kolorowanka pikachu, nauka polskiego dla dzieci z ukrainy, cytat o przyja\u017ani, mini zoo mazowieckie, prezenty roczek, dobre zagadki logiczne, trudne zagadki logiczne z odpowiedziami, kolorowanki na andrzejki do wydruku, zagadki na inteligencje, kolorowanka pies, szablony papierowe lalki do ubierania do wydruku, quiz o tajemniczym ogrodzie, prezent dla jedenastolatka<\/p>\n<p>yyyyy<\/p>\n<p>&nbsp;<\/p>\n","protected":false},"excerpt":{"rendered":"<p>DREWNIANY ZESTAW DESEROWY14 ELEMENT\u00d3WWszystkie elementy wykonane z drewnaIdealny dodatek do zabawkowych kuchni, sklepik\u00f3w i kafejekZabawka pozwala na odgrywanie r\u00f3lZestaw rozwija wyobra\u017ani\u0119 i kreatywno\u015b\u010714 element\u00f3w w zestawieZestaw doskonale imituje prawdziwe produkty i serwisDla dzieci powy\u017cej 3 roku \u017cyciaCertyfikaty: CE, EN71Produkt marki: ECOTOYSWSPANIA\u0141A ZABAWADzi\u0119ki zestawowi dziecko mo\u017ce wcieli\u0107 si\u0119 w rol\u0119 doros\u0142ego i zaprosi\u0107 na kaw\u0119 i [&hellip;]<\/p>\n","protected":false},"featured_media":11868,"comment_status":"closed","ping_status":"open","template":"","meta":[],"product_cat":[463,53],"product_tag":[662,777,706,640,633],"class_list":["post-11867","product","type-product","status-publish","has-post-thumbnail","hentry","product_cat-ecotoys","product_cat-kaciki-zabaw","product_tag-bajki-na-dobranoc","product_tag-co-na-roczek","product_tag-imie-kuba","product_tag-prezent-dla-rocznej-dziewczynki","product_tag-zagadki-z-odpowiedziami"],"_links":{"self":[{"href":"http:\/\/klubmamgdynia.pl\/index.php\/wp-json\/wp\/v2\/product\/11867","targetHints":{"allow":["GET"]}}],"collection":[{"href":"http:\/\/klubmamgdynia.pl\/index.php\/wp-json\/wp\/v2\/product"}],"about":[{"href":"http:\/\/klubmamgdynia.pl\/index.php\/wp-json\/wp\/v2\/types\/product"}],"replies":[{"embeddable":true,"href":"http:\/\/klubmamgdynia.pl\/index.php\/wp-json\/wp\/v2\/comments?post=11867"}],"wp:featuredmedia":[{"embeddable":true,"href":"http:\/\/klubmamgdynia.pl\/index.php\/wp-json\/wp\/v2\/media\/11868"}],"wp:attachment":[{"href":"http:\/\/klubmamgdynia.pl\/index.php\/wp-json\/wp\/v2\/media?parent=11867"}],"wp:term":[{"taxonomy":"product_cat","embeddable":true,"href":"http:\/\/klubmamgdynia.pl\/index.php\/wp-json\/wp\/v2\/product_cat?post=11867"},{"taxonomy":"product_tag","embeddable":true,"href":"http:\/\/klubmamgdynia.pl\/index.php\/wp-json\/wp\/v2\/product_tag?post=11867"}],"curies":[{"name":"wp","href":"https:\/\/api.w.org\/{rel}","templated":true}]}}