{"id":11875,"date":"2013-12-11T10:32:43","date_gmt":"2013-12-11T09:32:43","guid":{"rendered":"http:\/\/klubmamgdynia.pl\/index.php\/produkt\/steiff-koszulka-z-dlugim-rekawem-seashell-pink-dziewczynka-r-56\/"},"modified":"2026-04-06T06:43:09","modified_gmt":"2026-04-06T04:43:09","slug":"steiff-koszulka-z-dlugim-rekawem-seashell-pink-dziewczynka-r-56","status":"publish","type":"product","link":"http:\/\/klubmamgdynia.pl\/index.php\/produkt\/steiff-koszulka-z-dlugim-rekawem-seashell-pink-dziewczynka-r-56\/","title":{"rendered":"Steiff koszulka z d\u0142ugim r\u0119kawem seashell pink &#8211; Dziewczynka &#8211; r. 56"},"content":{"rendered":"<p>Szczeg\u00f3\u0142y produktu: Rozci\u0119te szwy z falbanami Pasiasta Materia\u0142 i piel\u0119gnacja: Materia\u0142: 95% bawe\u0142na, 5% elastan Mo\u017cna pra\u0107 w temperaturze do 40 \u00b0C Normalne suszenie Nie wybiela\u0107 Nie prasowa\u0107 na gor\u0105co<\/p>\n<h2>Steiff koszulka z d\u0142ugim r\u0119kawem seashell pink &#8211; Dziewczynka &#8211; r. 56 Steiff<\/h2>\n<p>peppa do czytania, znaczenie imienia paula, wulkan z sody, zagadki wielkanocne do druku, stare bajki, zagadki matematyczne logiczne, alan imi\u0119<\/p>\n<p>yyyyy<\/p>\n<p>&nbsp;<\/p>\n","protected":false},"excerpt":{"rendered":"<p>Szczeg\u00f3\u0142y produktu: Rozci\u0119te szwy z falbanami Pasiasta Materia\u0142 i piel\u0119gnacja: Materia\u0142: 95% bawe\u0142na, 5% elastan Mo\u017cna pra\u0107 w temperaturze do 40 \u00b0C Normalne suszenie Nie wybiela\u0107 Nie prasowa\u0107 na gor\u0105co Steiff koszulka z d\u0142ugim r\u0119kawem seashell pink &#8211; Dziewczynka &#8211; r. 56 Steiff peppa do czytania, znaczenie imienia paula, wulkan z sody, zagadki wielkanocne do [&hellip;]<\/p>\n","protected":false},"featured_media":11876,"comment_status":"closed","ping_status":"open","template":"","meta":[],"product_cat":[2082,1599],"product_tag":[801,864,867,806,615],"class_list":["post-11875","product","type-product","status-publish","has-post-thumbnail","hentry","product_cat-bluzki-i-koszulki-dzieciece","product_cat-steiff","product_tag-bajki-terapeutyczne-o-emocjach","product_tag-basen-warszawa","product_tag-kolorowanki-dla-dziewczynek","product_tag-prezent-dla-dziecka-na-roczek","product_tag-znane-misie-z-filmow-animowanych"],"_links":{"self":[{"href":"http:\/\/klubmamgdynia.pl\/index.php\/wp-json\/wp\/v2\/product\/11875","targetHints":{"allow":["GET"]}}],"collection":[{"href":"http:\/\/klubmamgdynia.pl\/index.php\/wp-json\/wp\/v2\/product"}],"about":[{"href":"http:\/\/klubmamgdynia.pl\/index.php\/wp-json\/wp\/v2\/types\/product"}],"replies":[{"embeddable":true,"href":"http:\/\/klubmamgdynia.pl\/index.php\/wp-json\/wp\/v2\/comments?post=11875"}],"wp:featuredmedia":[{"embeddable":true,"href":"http:\/\/klubmamgdynia.pl\/index.php\/wp-json\/wp\/v2\/media\/11876"}],"wp:attachment":[{"href":"http:\/\/klubmamgdynia.pl\/index.php\/wp-json\/wp\/v2\/media?parent=11875"}],"wp:term":[{"taxonomy":"product_cat","embeddable":true,"href":"http:\/\/klubmamgdynia.pl\/index.php\/wp-json\/wp\/v2\/product_cat?post=11875"},{"taxonomy":"product_tag","embeddable":true,"href":"http:\/\/klubmamgdynia.pl\/index.php\/wp-json\/wp\/v2\/product_tag?post=11875"}],"curies":[{"name":"wp","href":"https:\/\/api.w.org\/{rel}","templated":true}]}}