{"id":11887,"date":"2023-01-16T05:45:10","date_gmt":"2023-01-16T04:45:10","guid":{"rendered":"http:\/\/klubmamgdynia.pl\/?post_type=product&#038;p=11887"},"modified":"2026-05-02T17:22:46","modified_gmt":"2026-05-02T15:22:46","slug":"jane-angel-templar-mystery-digital","status":"publish","type":"product","link":"http:\/\/klubmamgdynia.pl\/index.php\/produkt\/jane-angel-templar-mystery-digital\/","title":{"rendered":"Jane Angel Templar Mystery (Digital)"},"content":{"rendered":"<p>Jane Angel to agentka FBI i specjalistka zajmuj\u0105ca si\u0119 dzie\u0142ami sztuki. Najnowsza sprawa, kt\u00f3r\u0105 musi rozwi\u0105za\u0107, dotyczy przemytu \u015bredniowiecznych monet&#8230; Ze zdobytych poszlak wynika, \u017ce kobieta musi odnale\u017a\u0107 \u015awi\u0119tego Graala ukrytego przez Templariuszy. W tym celu udaje si\u0119 do Los Angeles, Kolumbii, Anglii, Szkocji, a nawet na Malt\u0119.Jane Angel: Templar Mystery to gra przygodowa przygotowana z my\u015bl\u0105 o graczach okazjonalnych (casualach) charakteryzuj\u0105ca si\u0119 nieskomplikowan\u0105 mechanik\u0105 rozgrywki. Dzi\u0119ki licznym wskaz\u00f3wkom i podpowiedziom nawet niedo\u015bwiadczeni gracze poradz\u0105 sobie z licznymi \u0142amig\u0142\u00f3wkami.Autorzy gry Jane Angel: Templar Mystery przygotowali \u0142\u0105cznie siedem r\u00f3\u017cnorodnych mini-gier, w tym tradycyjne zagadki, tr\u00f3jwymiarowe puzzle uk\u0142adanki, plansze z ukrytymi obiektami, a tak\u017ce zadania polegaj\u0105ce na odnajdywaniu obiektu historycznego, kt\u00f3ry nie pasuje do reszty (np. samolot w \u015bredniowieczu).<\/p>\n<h2>Jane Angel Templar Mystery (Digital) Immanitas<\/h2>\n<p>medrcy swiata, skalne miasto, w uk\u0142adzie s\u0142onecznym, weso\u0142e pisanki tekst piosenki, wz\u00f3r dyplomu do pobrania, zosia samosia, maski na twarz dla dzieci do wydruku, prezent dla jedenastolatka, horror dla dzieci<\/p>\n<p>yyyyy<\/p>\n<p>&nbsp;<\/p>\n","protected":false},"excerpt":{"rendered":"<p>Jane Angel to agentka FBI i specjalistka zajmuj\u0105ca si\u0119 dzie\u0142ami sztuki. Najnowsza sprawa, kt\u00f3r\u0105 musi rozwi\u0105za\u0107, dotyczy przemytu \u015bredniowiecznych monet&#8230; Ze zdobytych poszlak wynika, \u017ce kobieta musi odnale\u017a\u0107 \u015awi\u0119tego Graala ukrytego przez Templariuszy. W tym celu udaje si\u0119 do Los Angeles, Kolumbii, Anglii, Szkocji, a nawet na Malt\u0119.Jane Angel: Templar Mystery to gra przygodowa przygotowana [&hellip;]<\/p>\n","protected":false},"featured_media":11888,"comment_status":"closed","ping_status":"open","template":"","meta":[],"product_cat":[352,2084],"product_tag":[680,734,649],"class_list":["post-11887","product","type-product","status-publish","has-post-thumbnail","hentry","product_cat-gry-do-pobrania-na-pc","product_cat-immanitas","product_tag-cytaty-z-malego-ksiecia","product_tag-milan-imie","product_tag-zagadki-dla-nastolatkow"],"_links":{"self":[{"href":"http:\/\/klubmamgdynia.pl\/index.php\/wp-json\/wp\/v2\/product\/11887","targetHints":{"allow":["GET"]}}],"collection":[{"href":"http:\/\/klubmamgdynia.pl\/index.php\/wp-json\/wp\/v2\/product"}],"about":[{"href":"http:\/\/klubmamgdynia.pl\/index.php\/wp-json\/wp\/v2\/types\/product"}],"replies":[{"embeddable":true,"href":"http:\/\/klubmamgdynia.pl\/index.php\/wp-json\/wp\/v2\/comments?post=11887"}],"wp:featuredmedia":[{"embeddable":true,"href":"http:\/\/klubmamgdynia.pl\/index.php\/wp-json\/wp\/v2\/media\/11888"}],"wp:attachment":[{"href":"http:\/\/klubmamgdynia.pl\/index.php\/wp-json\/wp\/v2\/media?parent=11887"}],"wp:term":[{"taxonomy":"product_cat","embeddable":true,"href":"http:\/\/klubmamgdynia.pl\/index.php\/wp-json\/wp\/v2\/product_cat?post=11887"},{"taxonomy":"product_tag","embeddable":true,"href":"http:\/\/klubmamgdynia.pl\/index.php\/wp-json\/wp\/v2\/product_tag?post=11887"}],"curies":[{"name":"wp","href":"https:\/\/api.w.org\/{rel}","templated":true}]}}