{"id":11891,"date":"2023-10-26T13:34:42","date_gmt":"2023-10-26T11:34:42","guid":{"rendered":"http:\/\/klubmamgdynia.pl\/?post_type=product&#038;p=11891"},"modified":"2026-04-03T22:25:25","modified_gmt":"2026-04-03T20:25:25","slug":"robins-island-adventure-digital","status":"publish","type":"product","link":"http:\/\/klubmamgdynia.pl\/index.php\/produkt\/robins-island-adventure-digital\/","title":{"rendered":"Robins Island Adventure (Digital)"},"content":{"rendered":"<p>W wyniku katastrofy statku, g\u0142\u00f3wna bohaterka, Robin, zostaje wyrzucona na brzeg tajemniczej wyspy, kt\u00f3rej pr\u00f3\u017cno szuka\u0107 na mapie&#8230; Zadanie tylko pozornie wydaje si\u0119 proste &#8211; trzeba zbudowa\u0107 statek i zrobi\u0107 wszystko, aby wydosta\u0107 si\u0119 z tego miejsca&#8230; Zanim jednak to nast\u0105pi, Robin postara si\u0119 przetrwa\u0107. Zbuduje schronienie, znajdzie po\u017cywienie, a tak\u017ce pomo\u017ce tubylcom.Robins Island Adventure to gra z gatunku HOPA, czyli Hidden Object Puzzle Adventure &#8211; nieskomplikowana przygod\u00f3wka powsta\u0142a z my\u015bl\u0105 o graczach okazjonalnych (casualach) wzbogacona o rozwi\u0105zania znane z produkcji match-3 (po\u0142\u0105cz trzy elementy). Rozgrywka skupia si\u0119 na przeprowadzaniu dialog\u00f3w, odnajdywaniu przedmiot\u00f3w i zmaganiu si\u0119 z licznymi \u0142amig\u0142\u00f3wkami oraz planszami z ukrytymi obiektami.Opisywany tytu\u0142 oddaje do dyspozycji graczy 123 poziomy, 18 konstrukcji budowlanych, 5 oryginalnych bonus\u00f3w i artefakt\u00f3w, a tak\u017ce zawiera 2 tryby rozgrywki: normalny oraz pr\u00f3b\u0119 czasow\u0105. Nie zabrak\u0142o ponadto wielu rozmaitych osi\u0105gni\u0119\u0107 do odblokowania.<\/p>\n<h2>Robins Island Adventure (Digital) Immanitas<\/h2>\n<p>opis rodzina, minecraft szablony do druku, ju\u017c blisko kol\u0119da tekst, quizy psi patrol, prezent na dzien dziecka 7 lat, kolorowanki do druku zwierz\u0119ta, kira, urodziny dziecka pomys\u0142y<\/p>\n<p>yyyyy<\/p>\n<p>&nbsp;<\/p>\n","protected":false},"excerpt":{"rendered":"<p>W wyniku katastrofy statku, g\u0142\u00f3wna bohaterka, Robin, zostaje wyrzucona na brzeg tajemniczej wyspy, kt\u00f3rej pr\u00f3\u017cno szuka\u0107 na mapie&#8230; Zadanie tylko pozornie wydaje si\u0119 proste &#8211; trzeba zbudowa\u0107 statek i zrobi\u0107 wszystko, aby wydosta\u0107 si\u0119 z tego miejsca&#8230; Zanim jednak to nast\u0105pi, Robin postara si\u0119 przetrwa\u0107. Zbuduje schronienie, znajdzie po\u017cywienie, a tak\u017ce pomo\u017ce tubylcom.Robins Island Adventure [&hellip;]<\/p>\n","protected":false},"featured_media":11892,"comment_status":"closed","ping_status":"open","template":"","meta":[],"product_cat":[352,2084],"product_tag":[578,853,768,674,640,788],"class_list":["post-11891","product","type-product","status-publish","has-post-thumbnail","hentry","product_cat-gry-do-pobrania-na-pc","product_cat-immanitas","product_tag-fajne-zarty-na-prima-aprilis","product_tag-kolorowanki-do-druku-dla-doroslych","product_tag-krotkie-zagadki-logiczne","product_tag-miasto-dzieci","product_tag-prezent-dla-rocznej-dziewczynki","product_tag-zagadki-krotkie"],"_links":{"self":[{"href":"http:\/\/klubmamgdynia.pl\/index.php\/wp-json\/wp\/v2\/product\/11891","targetHints":{"allow":["GET"]}}],"collection":[{"href":"http:\/\/klubmamgdynia.pl\/index.php\/wp-json\/wp\/v2\/product"}],"about":[{"href":"http:\/\/klubmamgdynia.pl\/index.php\/wp-json\/wp\/v2\/types\/product"}],"replies":[{"embeddable":true,"href":"http:\/\/klubmamgdynia.pl\/index.php\/wp-json\/wp\/v2\/comments?post=11891"}],"wp:featuredmedia":[{"embeddable":true,"href":"http:\/\/klubmamgdynia.pl\/index.php\/wp-json\/wp\/v2\/media\/11892"}],"wp:attachment":[{"href":"http:\/\/klubmamgdynia.pl\/index.php\/wp-json\/wp\/v2\/media?parent=11891"}],"wp:term":[{"taxonomy":"product_cat","embeddable":true,"href":"http:\/\/klubmamgdynia.pl\/index.php\/wp-json\/wp\/v2\/product_cat?post=11891"},{"taxonomy":"product_tag","embeddable":true,"href":"http:\/\/klubmamgdynia.pl\/index.php\/wp-json\/wp\/v2\/product_tag?post=11891"}],"curies":[{"name":"wp","href":"https:\/\/api.w.org\/{rel}","templated":true}]}}