{"id":11893,"date":"2021-12-07T07:04:49","date_gmt":"2021-12-07T06:04:49","guid":{"rendered":"http:\/\/klubmamgdynia.pl\/index.php\/produkt\/norimpex-kosmetyki-dla-lalek-motyl-1003967\/"},"modified":"2026-05-01T13:12:29","modified_gmt":"2026-05-01T11:12:29","slug":"norimpex-kosmetyki-dla-lalek-motyl-1003967","status":"publish","type":"product","link":"http:\/\/klubmamgdynia.pl\/index.php\/produkt\/norimpex-kosmetyki-dla-lalek-motyl-1003967\/","title":{"rendered":"Norimpex Kosmetyki dla lalek Motyl 1003967"},"content":{"rendered":"<p>Zestaw do makija\u017cu dla dzieci w oryginalnym pude\u0142ku z wysuwanym lusterkiem.Zobacz co skrywa barwny motyl: zestaw do malowania paznokci (separator, lakiery i brokat); b\u0142yszczyki do ust; cienie do powiek; r\u00f3\u017c; akcesoria; lusterko; oryginalne, otwierane pude\u0142ko w kszta\u0142cie motyla.Kosmetyki zawieraj\u0105 delikatne substancje, odpowiednie dla m\u0142odej sk\u00f3ry, ponadto \u0142atwo si\u0119 je zmywa.Wymiar motylka roz\u0142o\u017conego: 34.0 x 27.0 x 16.0 cmWymiar motylka z\u0142o\u017conego: 27.0 x 5.0 x 18.0 cmWymiary opakowania: 46.0 x 4.0 x 36.0 cmWiek: od 6 lat<\/p>\n<h2>Norimpex Kosmetyki dla lalek Motyl 1003967 Lena<\/h2>\n<p>magiczne drzewo czerwone krzes\u0142o test, test narnia lew czarownica i stara szafa, zagadki dla 7 latk\u00f3w, zabawy miko\u0142ajkowe dla dzieci, prezent dla 16 latka, gabriel, kolorowanki konie z je\u017ad\u017acem<\/p>\n<p>yyyyy<\/p>\n<p>&nbsp;<\/p>\n","protected":false},"excerpt":{"rendered":"<p>Zestaw do makija\u017cu dla dzieci w oryginalnym pude\u0142ku z wysuwanym lusterkiem.Zobacz co skrywa barwny motyl: zestaw do malowania paznokci (separator, lakiery i brokat); b\u0142yszczyki do ust; cienie do powiek; r\u00f3\u017c; akcesoria; lusterko; oryginalne, otwierane pude\u0142ko w kszta\u0142cie motyla.Kosmetyki zawieraj\u0105 delikatne substancje, odpowiednie dla m\u0142odej sk\u00f3ry, ponadto \u0142atwo si\u0119 je zmywa.Wymiar motylka roz\u0142o\u017conego: 34.0 x 27.0 [&hellip;]<\/p>\n","protected":false},"featured_media":11894,"comment_status":"closed","ping_status":"open","template":"","meta":[],"product_cat":[172,531],"product_tag":[662,854,677,857,812],"class_list":["post-11893","product","type-product","status-publish","has-post-thumbnail","hentry","product_cat-akcesoria-dla-lalek","product_cat-lena","product_tag-bajki-na-dobranoc","product_tag-cytaty-rodzina","product_tag-milosz-imie","product_tag-zagadki-dla-dzieci-7-8-lat","product_tag-zagadki-logiczne-na-inteligencje"],"_links":{"self":[{"href":"http:\/\/klubmamgdynia.pl\/index.php\/wp-json\/wp\/v2\/product\/11893","targetHints":{"allow":["GET"]}}],"collection":[{"href":"http:\/\/klubmamgdynia.pl\/index.php\/wp-json\/wp\/v2\/product"}],"about":[{"href":"http:\/\/klubmamgdynia.pl\/index.php\/wp-json\/wp\/v2\/types\/product"}],"replies":[{"embeddable":true,"href":"http:\/\/klubmamgdynia.pl\/index.php\/wp-json\/wp\/v2\/comments?post=11893"}],"wp:featuredmedia":[{"embeddable":true,"href":"http:\/\/klubmamgdynia.pl\/index.php\/wp-json\/wp\/v2\/media\/11894"}],"wp:attachment":[{"href":"http:\/\/klubmamgdynia.pl\/index.php\/wp-json\/wp\/v2\/media?parent=11893"}],"wp:term":[{"taxonomy":"product_cat","embeddable":true,"href":"http:\/\/klubmamgdynia.pl\/index.php\/wp-json\/wp\/v2\/product_cat?post=11893"},{"taxonomy":"product_tag","embeddable":true,"href":"http:\/\/klubmamgdynia.pl\/index.php\/wp-json\/wp\/v2\/product_tag?post=11893"}],"curies":[{"name":"wp","href":"https:\/\/api.w.org\/{rel}","templated":true}]}}