{"id":11919,"date":"2020-03-16T21:46:52","date_gmt":"2020-03-16T20:46:52","guid":{"rendered":"http:\/\/klubmamgdynia.pl\/index.php\/produkt\/simba-evi-na-rowerze-turystycznym\/"},"modified":"2026-04-27T18:24:51","modified_gmt":"2026-04-27T16:24:51","slug":"simba-evi-na-rowerze-turystycznym","status":"publish","type":"product","link":"http:\/\/klubmamgdynia.pl\/index.php\/produkt\/simba-evi-na-rowerze-turystycznym\/","title":{"rendered":"Simba EVI Na Rowerze Turystycznym"},"content":{"rendered":"<p>Zestaw sk\u0142ada si\u0119 z: laleczki przedstawiaj\u0105cej Evi, r\u00f3\u017cowego rowerka, pieska w w\u00f3zku, kasku.<\/p>\n<h2>Simba EVI Na Rowerze Turystycznym Simba<\/h2>\n<p>walentynka kolorowanka, najrzadsze imiona, zagadki matematyczne z odpowiedziami, imi\u0119 liwia, trudne \u0142amig\u0142\u00f3wki, tekst kolysanek, kr\u00f3tkie \u017cyczenia wielkanocne dla dzieci, zabawy dla 5 6 latk\u00f3w, bajka o \u017cabie, kolorowanka super zings, iwo imie, prezent dla rocznej dziewczynki, anastazja imi\u0119, quizy \u015bwi\u0105teczne bo\u017ce narodzenie, kolorowanka lego friends<\/p>\n<p>yyyyy<\/p>\n<p>&nbsp;<\/p>\n","protected":false},"excerpt":{"rendered":"<p>Zestaw sk\u0142ada si\u0119 z: laleczki przedstawiaj\u0105cej Evi, r\u00f3\u017cowego rowerka, pieska w w\u00f3zku, kasku. Simba EVI Na Rowerze Turystycznym Simba walentynka kolorowanka, najrzadsze imiona, zagadki matematyczne z odpowiedziami, imi\u0119 liwia, trudne \u0142amig\u0142\u00f3wki, tekst kolysanek, kr\u00f3tkie \u017cyczenia wielkanocne dla dzieci, zabawy dla 5 6 latk\u00f3w, bajka o \u017cabie, kolorowanka super zings, iwo imie, prezent dla rocznej dziewczynki, [&hellip;]<\/p>\n","protected":false},"featured_media":11920,"comment_status":"closed","ping_status":"open","template":"","meta":[],"product_cat":[65,279],"product_tag":[707,591,860],"class_list":["post-11919","product","type-product","status-publish","has-post-thumbnail","hentry","product_cat-lalki","product_cat-simba","product_tag-karty-pracy-dla-dzieci-z-ukrainy","product_tag-quiz-o-minecraft","product_tag-zagadki-logiczne-dla-doroslych"],"_links":{"self":[{"href":"http:\/\/klubmamgdynia.pl\/index.php\/wp-json\/wp\/v2\/product\/11919","targetHints":{"allow":["GET"]}}],"collection":[{"href":"http:\/\/klubmamgdynia.pl\/index.php\/wp-json\/wp\/v2\/product"}],"about":[{"href":"http:\/\/klubmamgdynia.pl\/index.php\/wp-json\/wp\/v2\/types\/product"}],"replies":[{"embeddable":true,"href":"http:\/\/klubmamgdynia.pl\/index.php\/wp-json\/wp\/v2\/comments?post=11919"}],"wp:featuredmedia":[{"embeddable":true,"href":"http:\/\/klubmamgdynia.pl\/index.php\/wp-json\/wp\/v2\/media\/11920"}],"wp:attachment":[{"href":"http:\/\/klubmamgdynia.pl\/index.php\/wp-json\/wp\/v2\/media?parent=11919"}],"wp:term":[{"taxonomy":"product_cat","embeddable":true,"href":"http:\/\/klubmamgdynia.pl\/index.php\/wp-json\/wp\/v2\/product_cat?post=11919"},{"taxonomy":"product_tag","embeddable":true,"href":"http:\/\/klubmamgdynia.pl\/index.php\/wp-json\/wp\/v2\/product_tag?post=11919"}],"curies":[{"name":"wp","href":"https:\/\/api.w.org\/{rel}","templated":true}]}}