{"id":11929,"date":"2023-01-08T06:18:15","date_gmt":"2023-01-08T05:18:15","guid":{"rendered":"http:\/\/klubmamgdynia.pl\/?post_type=product&#038;p=11929"},"modified":"2026-05-17T22:02:56","modified_gmt":"2026-05-17T20:02:56","slug":"djeco-zestaw-skladanek-zabawne-zwierzatka-dj09041","status":"publish","type":"product","link":"http:\/\/klubmamgdynia.pl\/index.php\/produkt\/djeco-zestaw-skladanek-zabawne-zwierzatka-dj09041\/","title":{"rendered":"DJECO ZESTAW SK\u0141ADANEK ZABAWNE ZWIERZ\u0104TKA DJ09041"},"content":{"rendered":"<p>Prosta drewniana uk\u0142adanka z trzema r\u00f3\u017cnymi kolorowymi kszta\u0142tami.Z kwadratem, tr\u00f3jk\u0105tem lub ko\u0142em. Doskona\u0142a do rozwijania umiej\u0119tno\u015bci motorycznych.Wiek +12 miesi\u0119cy Wymiary zabawki: 22,5 \u00d7 9,5 \u00d7 6,2 cm Wymiary opakowania: 23 \u00d7 10 \u00d7 3,3 cm<\/p>\n<h2>DJECO ZESTAW SK\u0141ADANEK ZABAWNE ZWIERZ\u0104TKA DJ09041 Djeco<\/h2>\n<p>r\u0119cznie robione jak zrobi\u0107 kartk\u0119 walentynkow\u0105, felix net i nika oraz gang niewidzialnych ludzi test z odpowiedziami, po \u0142\u0105ce biega lato tekst, antystresowe mandale do druku, gad\u017cety dla nastolatk\u00f3w 2021, kolorowanki miasto, quiz z bajek, walentynka kolorowanka, malowanki dla dzieci, kolorowe kredki tekst, ci\u0119\u017ckie zagadki, znaczenie imienia pola, warszawa atrakcje dla m\u0142odzie\u017cy, list do miko\u0142aja wz\u00f3r pdf, kolorowanki pokemon, zagadki dla 5 latka, quiz dla dzieci, cytaty o dzieci\u0144stwie, quiz opowie\u015bci z narnii, oryginalny prezent na roczek, kolorowanka dla dziewczynki<\/p>\n<p>yyyyy<\/p>\n<p>&nbsp;<\/p>\n","protected":false},"excerpt":{"rendered":"<p>Prosta drewniana uk\u0142adanka z trzema r\u00f3\u017cnymi kolorowymi kszta\u0142tami.Z kwadratem, tr\u00f3jk\u0105tem lub ko\u0142em. Doskona\u0142a do rozwijania umiej\u0119tno\u015bci motorycznych.Wiek +12 miesi\u0119cy Wymiary zabawki: 22,5 \u00d7 9,5 \u00d7 6,2 cm Wymiary opakowania: 23 \u00d7 10 \u00d7 3,3 cm DJECO ZESTAW SK\u0141ADANEK ZABAWNE ZWIERZ\u0104TKA DJ09041 Djeco r\u0119cznie robione jak zrobi\u0107 kartk\u0119 walentynkow\u0105, felix net i nika oraz gang niewidzialnych [&hellip;]<\/p>\n","protected":false},"featured_media":11930,"comment_status":"closed","ping_status":"open","template":"","meta":[],"product_cat":[434,99],"product_tag":[775,729,868,822,581,733],"class_list":["post-11929","product","type-product","status-publish","has-post-thumbnail","hentry","product_cat-djeco","product_cat-zabawki-ekologiczne","product_tag-kolorowanki-do-druku-pokemon","product_tag-madre-bajki-dla-dzieci-do-czytania","product_tag-quizy-dla-dzieci","product_tag-wierszyki-o-wakacjach-krotkie","product_tag-zagadki-dla-8-latka","product_tag-zarty-na-prima-aprilis"],"_links":{"self":[{"href":"http:\/\/klubmamgdynia.pl\/index.php\/wp-json\/wp\/v2\/product\/11929","targetHints":{"allow":["GET"]}}],"collection":[{"href":"http:\/\/klubmamgdynia.pl\/index.php\/wp-json\/wp\/v2\/product"}],"about":[{"href":"http:\/\/klubmamgdynia.pl\/index.php\/wp-json\/wp\/v2\/types\/product"}],"replies":[{"embeddable":true,"href":"http:\/\/klubmamgdynia.pl\/index.php\/wp-json\/wp\/v2\/comments?post=11929"}],"wp:featuredmedia":[{"embeddable":true,"href":"http:\/\/klubmamgdynia.pl\/index.php\/wp-json\/wp\/v2\/media\/11930"}],"wp:attachment":[{"href":"http:\/\/klubmamgdynia.pl\/index.php\/wp-json\/wp\/v2\/media?parent=11929"}],"wp:term":[{"taxonomy":"product_cat","embeddable":true,"href":"http:\/\/klubmamgdynia.pl\/index.php\/wp-json\/wp\/v2\/product_cat?post=11929"},{"taxonomy":"product_tag","embeddable":true,"href":"http:\/\/klubmamgdynia.pl\/index.php\/wp-json\/wp\/v2\/product_tag?post=11929"}],"curies":[{"name":"wp","href":"https:\/\/api.w.org\/{rel}","templated":true}]}}