{"id":11955,"date":"2021-07-24T04:48:25","date_gmt":"2021-07-24T02:48:25","guid":{"rendered":"http:\/\/klubmamgdynia.pl\/index.php\/produkt\/malplay-ciezarowka-z-samochodzikami-i-znakami-resoraki-17-el\/"},"modified":"2026-05-17T22:44:02","modified_gmt":"2026-05-17T20:44:02","slug":"malplay-ciezarowka-z-samochodzikami-i-znakami-resoraki-17-el","status":"publish","type":"product","link":"http:\/\/klubmamgdynia.pl\/index.php\/produkt\/malplay-ciezarowka-z-samochodzikami-i-znakami-resoraki-17-el\/","title":{"rendered":"Malplay Ci\u0119\u017car\u00f3wka Z Samochodzikami I Znakami Resoraki 17 El."},"content":{"rendered":"<p>Rewelacyjny zestaw dla kolekcjoner\u00f3w tak zwanych resorak\u00f3w. Samoch\u00f3d-tir z p\u00f3\u0142eczkami na autka i z autkami &#8211; oto nasza propozycja dla fan\u00f3w ma\u0142ych samochodzik\u00f3w. Zadowoli ka\u017cdego fana samochodzik\u00f3w.Du\u017cy tir zosta\u0142 wyposa\u017cony w 6 k\u00f3\u0142, dzi\u0119ki czemu mo\u017cna nim je\u017adzi\u0107. Wewn\u0105trz samochodu znajduj\u0105 si\u0119 przegr\u00f3dki, kt\u00f3re pozwalaj\u0105 na pouk\u0142adanie autek z kolekcji. Wspania\u0142y pomys\u0142 na prezent do kolekcji innych samochodzik\u00f3w. Na dachu pojazdu znajduje si\u0119 uchwyt, kt\u00f3ry pozwala na przenoszenie samochodu. Mo\u017cesz zabra\u0107 go ze sob\u0105 gdzie tylko zechcesz!Rewelacyjny spos\u00f3b na pouk\u0142adanie kolekcji, tak, aby nie zgubi\u0142 si\u0119 \u017caden cenny samochodzik. Dziecko ju\u017c od najm\u0142odszych lat powinno uczy\u0107 si\u0119 utrzymywania porz\u0105dku, ta zabawka z pewno\u015bci\u0105 mu w tym pomo\u017ce.Sk\u0142ad zestawu:tir z p\u00f3\u0142kami5 plastikowych samochodzik\u00f3w1 plastikowy helikopterznaki drogowe<\/p>\n<h2>Malplay Ci\u0119\u017car\u00f3wka Z Samochodzikami I Znakami Resoraki 17 El. Malplay<\/h2>\n<p>test opowie\u015bci z narnii lew czarownica i stara szafa do druku, film rodzinny o \u015bwi\u0119tach, walentynka kolorowanka, zagadki dla dzieci 6 lat, krzy\u017c\u00f3wki dla dzieci do druku, karty pracy po ukrai\u0144sku, zagadki na myslenie, wierszyki o wakacjach kr\u00f3tkie, eksperymenty dla dzieci wulkan, przyja\u017a\u0144 cytaty, lato lato lato czeka tekst, prezenty dla nastolatk\u00f3w 2021<\/p>\n<p>yyyyy<\/p>\n<p>&nbsp;<\/p>\n","protected":false},"excerpt":{"rendered":"<p>Rewelacyjny zestaw dla kolekcjoner\u00f3w tak zwanych resorak\u00f3w. Samoch\u00f3d-tir z p\u00f3\u0142eczkami na autka i z autkami &#8211; oto nasza propozycja dla fan\u00f3w ma\u0142ych samochodzik\u00f3w. Zadowoli ka\u017cdego fana samochodzik\u00f3w.Du\u017cy tir zosta\u0142 wyposa\u017cony w 6 k\u00f3\u0142, dzi\u0119ki czemu mo\u017cna nim je\u017adzi\u0107. Wewn\u0105trz samochodu znajduj\u0105 si\u0119 przegr\u00f3dki, kt\u00f3re pozwalaj\u0105 na pouk\u0142adanie autek z kolekcji. Wspania\u0142y pomys\u0142 na prezent do [&hellip;]<\/p>\n","protected":false},"featured_media":11956,"comment_status":"closed","ping_status":"open","template":"","meta":[],"product_cat":[83,84],"product_tag":[836,777,711,649],"class_list":["post-11955","product","type-product","status-publish","has-post-thumbnail","hentry","product_cat-auta-i-inne-pojazdy-do-zabawy","product_cat-malplay","product_tag-co-kupic-dziecku-na-roczek","product_tag-co-na-roczek","product_tag-prezenty-dla-nastolatkow","product_tag-zagadki-dla-nastolatkow"],"_links":{"self":[{"href":"http:\/\/klubmamgdynia.pl\/index.php\/wp-json\/wp\/v2\/product\/11955","targetHints":{"allow":["GET"]}}],"collection":[{"href":"http:\/\/klubmamgdynia.pl\/index.php\/wp-json\/wp\/v2\/product"}],"about":[{"href":"http:\/\/klubmamgdynia.pl\/index.php\/wp-json\/wp\/v2\/types\/product"}],"replies":[{"embeddable":true,"href":"http:\/\/klubmamgdynia.pl\/index.php\/wp-json\/wp\/v2\/comments?post=11955"}],"wp:featuredmedia":[{"embeddable":true,"href":"http:\/\/klubmamgdynia.pl\/index.php\/wp-json\/wp\/v2\/media\/11956"}],"wp:attachment":[{"href":"http:\/\/klubmamgdynia.pl\/index.php\/wp-json\/wp\/v2\/media?parent=11955"}],"wp:term":[{"taxonomy":"product_cat","embeddable":true,"href":"http:\/\/klubmamgdynia.pl\/index.php\/wp-json\/wp\/v2\/product_cat?post=11955"},{"taxonomy":"product_tag","embeddable":true,"href":"http:\/\/klubmamgdynia.pl\/index.php\/wp-json\/wp\/v2\/product_tag?post=11955"}],"curies":[{"name":"wp","href":"https:\/\/api.w.org\/{rel}","templated":true}]}}